Weather Information | Photos of Local Events | Personal Weather Stations Links | Lancaster Links | Site Map

NOAA Report Archive
(Reports Generated by WeatherLink)
2017: Jan | Feb | Mar | Apr | May | Jun | Jul | Aug | Sep | Oct | Nov | Dec 
2016: Jan | Feb | Mar | Apr | May | Jun | Jul | Aug | Sep | Oct | Nov | Dec 
2015: Jan | Feb | Mar | Apr | May | Jun | Jul | Aug | Sep | Oct | Nov | Dec 
2014: Jan | Feb | Mar | Apr | May | Jun | Jul | Aug | Sep | Oct | Nov | Dec 
2013: Jan | Feb | Mar | Apr | May | Jun | Jul | Aug | Sep | Oct | Nov | Dec 
2012: Jan | Feb | Mar | Apr | May | Jun | Jul | Aug | Sep | Oct | Nov | Dec 
2011: Jan | Feb | Mar | Apr | May | Jun | Jul | Aug | Sep | Oct | Nov | Dec 
2010: Jan | Feb | Mar | Apr | May | Jun | Jul | Aug | Sep | Oct | Nov | Dec 
2009: Jan | Feb | Mar | Apr | May | Jun | Jul | Aug | Sep | Oct | Nov | Dec 
2008: Jan | Feb | Mar | Apr | May | Jun | Jul | Aug | Sep | Oct | Nov | Dec 
2007: Jan | Feb | Mar | Apr | May | Jun | Jul | Aug | Sep | Oct | Nov | Dec 
2006: Jan | Feb | Mar | Apr | May | Jun | Jul | Aug | Sep | Oct | Nov | Dec 
2005: Jan | Feb | Mar | Apr | May | Jun | Jul | Aug | Sep | Oct | Nov | Dec 
2004: Jan | Feb | Mar | Apr | May | Jun | Jul | Aug | Sep | Oct | Nov | Dec 
2003: Jan | Feb | Mar | Apr | May | Jun | Jul | Aug | Sep | Oct | Nov | Dec 

Report for 2016 08
MONTHLY CLIMATOLOGICAL SUMMARY for AUG. 2016 NAME: Station1 CITY: Lancaster STATE: Ohio ELEV: 958 ft LAT: 39 45' 15" N LONG: 82 34' 05" W TEMPERATURE (F), RAIN (in), WIND SPEED (mph) HEAT COOL AVG MEAN DEG DEG WIND DOM DAY TEMP HIGH TIME LOW TIME DAYS DAYS RAIN SPEED HIGH TIME DIR ------------------------------------------------------------------------------------ 1 76.5 86.3 2:17p 65.8 6:31a 0.0 11.5 0.00 0.1 7.0 6:34p NNW 2 77.9 92.7 4:42p 65.3 6:27a 0.0 12.9 0.00 0.1 8.0 2:23p N 3 79.1 93.4 5:42p 66.3 6:44a 0.0 14.1 0.00 0.1 10.0 12:40p NNE 4 77.4 87.2 3:07p 70.3 4:59a 0.0 12.4 0.00 0.0 7.0 1:38p SSW 5 80.7 92.5 4:09p 68.4 6:47a 0.0 15.6 0.00 0.6 14.0 10:48p SSW 6 79.5 88.2 2:54p 68.8 11:58p 0.0 14.5 0.00 0.6 13.0 2:57p NNW 7 74.7 89.7 4:30p 59.2 6:19a 1.1 10.7 0.00 0.1 10.0 1:50p NNE 8 76.4 89.5 4:44p 63.1 6:22a 0.2 11.5 0.00 0.3 13.0 2:10p NNE 9 78.0 90.3 2:42p 70.1 4:21a 0.0 13.0 0.03 0.2 14.0 10:09p SSW 10 80.2 90.5 5:33p 73.2 1:18a 0.0 15.2 0.04 0.1 8.0 3:05p WSW 11 82.7 94.0 4:52p 74.2 5:53a 0.0 17.7 0.01 0.7 18.0 6:05p SSW 12 84.7 93.8 4:03p 77.2 7:04a 0.0 19.7 0.00 1.0 21.0 5:19p SSW 13 80.9 91.0 2:08p 72.5 6:55a 0.0 15.9 0.57 2.5 33.0 2:08p SSW 14 74.8 77.9 10:41a 71.6 2:34p 0.0 9.7 1.05 0.2 13.0 12:17p SW 15 76.0 86.7 5:37p 71.1 9:24a 0.0 11.0 0.74 0.1 11.0 8:41p NNE 16 75.3 87.4 1:49p 69.4 6:23a 0.0 10.3 0.51 1.5 21.0 12:16p SSW 17 74.0 80.7 4:56p 71.8 8:50a 0.0 9.0 0.09 0.3 12.0 11:10a SSW 18 76.5 87.4 4:09p 68.6 5:13a 0.0 11.5 0.00 0.2 12.0 3:52p SW 19 75.7 87.4 5:18p 65.8 7:03a 0.0 10.7 0.00 0.3 13.0 3:58p SSW 20 74.3 84.1 3:07p 66.9 6:30a 0.0 9.3 0.44 0.4 19.0 1:42p SSW 21 72.9 81.1 4:43p 62.7 11:46p 0.1 8.0 0.03 0.7 14.0 5:22p WSW 22 67.7 81.6 4:16p 54.7 7:07a 2.7 5.4 0.00 0.2 8.0 2:39p N 23 68.2 82.8 4:37p 53.8 7:00a 3.3 6.5 0.00 0.0 8.0 12:00p SSW 24 72.3 85.5 1:29p 59.0 4:45a 1.7 8.9 0.00 0.4 13.0 12:46p SSW 25 81.0 91.2 4:58p 72.3 5:59a 0.0 15.9 0.50 1.2 17.0 3:53p SW 26 80.8 93.4 4:53p 70.8 6:56a 0.0 15.7 0.00 0.1 10.0 11:31a N 27 77.7 92.7 3:15p 69.3 7:16a 0.0 12.6 0.00 0.3 21.0 5:24p SSW 28 78.9 92.9 5:03p 67.6 5:30a 0.0 13.9 0.00 0.1 8.0 8:11p NE 29 78.2 90.7 4:47p 68.4 11:56p 0.0 13.2 0.00 0.3 13.0 12:18p NNE 30 74.9 91.6 4:13p 60.5 7:06a 0.6 10.5 0.00 0.0 6.0 12:48p NE 31 74.0 89.0 1:25p 65.5 4:06a 0.0 8.9 0.15 0.3 19.0 3:56p N ------------------------------------------------------------------------------------- 76.8 94.0 11 53.8 23 9.7 375.7 4.16 0.4 33.0 13 SSW Max >= 90.0: 14 Max <= 32.0: 0 Min <= 32.0: 0 Min <= 0.0: 0 Max Rain: 1.05 ON 08/14/16 Days of Rain: 11 (>.01 in) 7 (>.1 in) 1 (>1 in) Heat Base: 65.0 Cool Base: 65.0 Method: Integration
 
USA Weather Finder