2024: Jan | Feb | Mar | Apr | May | Jun | Jul | Aug | Sep | Oct | Nov | Dec
2023: Jan | Feb | Mar | Apr | May | Jun | Jul | Aug | Sep | Oct | Nov | Dec
2022: Jan | Feb | Mar | Apr | May | Jun | Jul | Aug | Sep | Oct | Nov | Dec
2021: Jan | Feb | Mar | Apr | May | Jun | Jul | Aug | Sep | Oct | Nov | Dec
2020: Jan | Feb | Mar | Apr | May | Jun | Jul | Aug | Sep | Oct | Nov | Dec
2019: Jan | Feb | Mar | Apr | May | Jun | Jul | Aug | Sep | Oct | Nov | Dec
2018: Jan | Feb | Mar | Apr | May | Jun | Jul | Aug | Sep | Oct | Nov | Dec
2017: Jan | Feb | Mar | Apr | May | Jun | Jul | Aug | Sep | Oct | Nov | Dec
2016: Jan | Feb | Mar | Apr | May | Jun | Jul | Aug | Sep | Oct | Nov | Dec
2015: Jan | Feb | Mar | Apr | May | Jun | Jul | Aug | Sep | Oct | Nov | Dec
2014: Jan | Feb | Mar | Apr | May | Jun | Jul | Aug | Sep | Oct | Nov | Dec
2013: Jan | Feb | Mar | Apr | May | Jun | Jul | Aug | Sep | Oct | Nov | Dec
2012: Jan | Feb | Mar | Apr | May | Jun | Jul | Aug | Sep | Oct | Nov | Dec
2011: Jan | Feb | Mar | Apr | May | Jun | Jul | Aug | Sep | Oct | Nov | Dec
2010: Jan | Feb | Mar | Apr | May | Jun | Jul | Aug | Sep | Oct | Nov | Dec
2009: Jan | Feb | Mar | Apr | May | Jun | Jul | Aug | Sep | Oct | Nov | Dec
2008: Jan | Feb | Mar | Apr | May | Jun | Jul | Aug | Sep | Oct | Nov | Dec
2007: Jan | Feb | Mar | Apr | May | Jun | Jul | Aug | Sep | Oct | Nov | Dec
2006: Jan | Feb | Mar | Apr | May | Jun | Jul | Aug | Sep | Oct | Nov | Dec
2005: Jan | Feb | Mar | Apr | May | Jun | Jul | Aug | Sep | Oct | Nov | Dec
2004: Jan | Feb | Mar | Apr | May | Jun | Jul | Aug | Sep | Oct | Nov | Dec
2003: Jan | Feb | Mar | Apr | May | Jun | Jul | Aug | Sep | Oct | Nov | Dec
Report for 2016 09
MONTHLY CLIMATOLOGICAL SUMMARY for SEP. 2016
NAME: Station1 CITY: Lancaster STATE: Ohio
ELEV: 958 ft LAT: 39° 45' 15" N LONG: 82° 34' 05" W
TEMPERATURE (°F), RAIN (in), WIND SPEED (mph)
HEAT COOL AVG
MEAN DEG DEG WIND DOM
DAY TEMP HIGH TIME LOW TIME DAYS DAYS RAIN SPEED HIGH TIME DIR
------------------------------------------------------------------------------------
1 70.3 80.5 2:50p 63.1 11:52p 0.2 5.5 0.00 1.2 14.0 2:51p N
2 66.9 79.6 4:32p 55.4 7:11a 2.7 4.7 0.00 0.8 17.0 12:13p NNE
3 67.5 82.6 4:40p 54.2 6:34a 3.2 5.7 0.00 0.2 11.0 1:40p NNE
4 68.4 85.9 3:48p 53.3 6:54a 3.7 7.1 0.00 0.0 7.0 5:18p NE
5 71.3 91.2 3:44p 55.1 7:07a 2.8 9.1 0.00 0.0 8.0 2:23p NNE
6 76.0 93.2 4:22p 60.7 5:56a 1.1 12.1 0.00 0.3 14.0 2:10p WSW
7 80.8 93.2 3:58p 69.9 7:16a 0.0 15.8 0.00 0.7 16.0 4:32p SW
8 81.7 91.0 4:01p 74.7 7:18a 0.0 16.7 0.01 1.8 26.0 4:09p SSW
9 75.0 83.4 5:50p 71.6 11:21p 0.0 10.0 0.41 0.1 8.0 4:14p SW
10 76.4 89.9 4:10p 66.4 8:39p 0.0 11.4 0.69 1.7 30.0 2:40p SSW
11 65.8 78.8 3:43p 55.3 7:34a 2.9 3.7 0.00 0.2 8.0 1:07a NNW
12 65.6 84.0 4:37p 51.6 6:58a 4.9 5.5 0.00 0.0 7.0 2:35p NE
13 68.6 87.4 4:33p 52.3 7:21a 4.1 7.6 0.00 0.3 13.0 1:17p WSW
14 68.5 85.5 1:43p 54.8 6:32a 3.1 6.6 0.00 0.4 12.0 3:12p NNE
15 67.0 80.5 2:08p 56.7 7:26a 2.4 4.4 0.00 0.3 11.0 5:53p NNE
16 71.2 87.4 5:34p 56.6 7:18a 2.5 8.7 0.00 0.1 11.0 2:40p SSW
17 75.1 83.0 12:44p 69.4 9:55p 0.0 10.1 0.08 2.0 21.0 1:02p SSW
18 73.6 83.4 2:34p 69.3 2:24a 0.0 8.6 0.00 0.2 12.0 6:17p SSW
19 72.9 87.8 4:27p 62.0 11:57p 0.3 8.1 0.00 0.2 11.0 11:44a NNE
20 70.8 88.2 1:22p 55.7 7:14a 2.7 8.5 0.00 0.0 8.0 12:43p ENE
21 71.1 90.3 2:45p 55.3 7:12a 2.7 8.8 0.00 0.2 13.0 2:57p N
22 71.8 91.2 4:45p 57.2 6:09a 2.3 9.0 0.00 0.1 11.0 12:08p SSW
23 74.9 92.9 3:47p 59.9 7:14a 1.1 11.0 0.00 0.1 9.0 4:12p NNW
24 70.7 80.5 5:12p 61.8 12:00m 0.2 5.8 0.00 0.3 10.0 11:09a NNE
25 67.0 85.1 3:56p 52.3 7:28a 3.8 5.8 0.00 0.0 6.0 1:01p NNE
26 60.7 74.0 10:03a 51.1 10:54p 4.9 0.6 0.07 0.4 18.0 10:05a WSW
27 60.9 76.0 3:43p 48.0 7:46a 6.9 2.8 0.00 1.5 22.0 1:05p SSW
28 55.2 65.6 10:48a 48.2 5:05a 9.8 0.0 0.98 0.1 14.0 11:44a N
29 60.2 69.8 12:33p 55.6 12:01a 5.1 0.3 0.41 0.2 12.0 3:44p NNE
30 62.0 65.6 4:49p 59.9 11:57p 3.0 0.0 0.84 0.1 13.0 7:00a ENE
-------------------------------------------------------------------------------------
69.6 93.2 6 48.0 27 76.4 214.0 3.49 0.5 30.0 10 SSW
Max >= 90.0: 7
Max <= 32.0: 0
Min <= 32.0: 0
Min <= 0.0: 0
Max Rain: 0.98 ON 09/28/16
Days of Rain: 7 (>.01 in) 5 (>.1 in) 0 (>1 in)
Heat Base: 65.0 Cool Base: 65.0 Method: Integration
|