Weather Information | Photos of Local Events | Personal Weather Stations Links | Lancaster Links | Site Map

NOAA Report Archive
(Reports Generated by WeatherLink)
2017: Jan | Feb | Mar | Apr | May | Jun | Jul | Aug | Sep | Oct | Nov | Dec 
2016: Jan | Feb | Mar | Apr | May | Jun | Jul | Aug | Sep | Oct | Nov | Dec 
2015: Jan | Feb | Mar | Apr | May | Jun | Jul | Aug | Sep | Oct | Nov | Dec 
2014: Jan | Feb | Mar | Apr | May | Jun | Jul | Aug | Sep | Oct | Nov | Dec 
2013: Jan | Feb | Mar | Apr | May | Jun | Jul | Aug | Sep | Oct | Nov | Dec 
2012: Jan | Feb | Mar | Apr | May | Jun | Jul | Aug | Sep | Oct | Nov | Dec 
2011: Jan | Feb | Mar | Apr | May | Jun | Jul | Aug | Sep | Oct | Nov | Dec 
2010: Jan | Feb | Mar | Apr | May | Jun | Jul | Aug | Sep | Oct | Nov | Dec 
2009: Jan | Feb | Mar | Apr | May | Jun | Jul | Aug | Sep | Oct | Nov | Dec 
2008: Jan | Feb | Mar | Apr | May | Jun | Jul | Aug | Sep | Oct | Nov | Dec 
2007: Jan | Feb | Mar | Apr | May | Jun | Jul | Aug | Sep | Oct | Nov | Dec 
2006: Jan | Feb | Mar | Apr | May | Jun | Jul | Aug | Sep | Oct | Nov | Dec 
2005: Jan | Feb | Mar | Apr | May | Jun | Jul | Aug | Sep | Oct | Nov | Dec 
2004: Jan | Feb | Mar | Apr | May | Jun | Jul | Aug | Sep | Oct | Nov | Dec 
2003: Jan | Feb | Mar | Apr | May | Jun | Jul | Aug | Sep | Oct | Nov | Dec 

Report for 2016 10
MONTHLY CLIMATOLOGICAL SUMMARY for OCT. 2016 NAME: Station1 CITY: Lancaster STATE: Ohio ELEV: 958 ft LAT: 39 45' 15" N LONG: 82 34' 05" W TEMPERATURE (F), RAIN (in), WIND SPEED (mph) HEAT COOL AVG MEAN DEG DEG WIND DOM DAY TEMP HIGH TIME LOW TIME DAYS DAYS RAIN SPEED HIGH TIME DIR ------------------------------------------------------------------------------------ 1 58.2 67.9 2:38p 52.0 6:09a 6.9 0.1 0.02 0.3 12.0 3:07p SSW 2 60.5 71.6 4:33p 53.1 2:45a 5.3 0.8 0.04 0.2 12.0 4:27a SSW 3 60.7 75.8 4:17p 49.1 7:46a 6.8 2.6 0.00 0.1 7.0 3:17p WSW 4 62.8 78.6 3:23p 50.2 7:37a 5.9 3.7 0.00 0.0 6.0 2:16p ENE 5 65.8 79.9 4:30p 55.6 7:37a 3.1 3.9 0.00 0.1 10.0 10:07a S 6 66.0 80.3 4:12p 55.4 7:39a 3.2 4.3 0.00 0.0 7.0 1:31p ENE 7 65.1 76.8 3:56p 49.4 7:38a 4.1 4.2 0.00 0.1 12.0 2:01p S 8 60.9 69.8 3:29p 51.7 9:09p 4.5 0.5 0.00 2.6 20.0 3:47p NNW 9 53.1 66.1 3:41p 37.6 8:46p 12.0 0.1 0.00 0.7 13.0 3:18p NNW 10 50.8 67.9 4:49p 36.9 6:53a 14.4 0.2 0.00 0.1 7.0 10:56a NNE 11 51.2 65.8 3:55p 38.3 6:32a 13.8 0.0 0.00 0.0 7.0 12:25p SSW 12 60.3 77.6 3:35p 44.2 6:20a 7.9 3.2 0.00 0.6 16.0 4:07p SSW 13 57.5 67.4 12:37a 42.3 11:22p 7.7 0.2 0.08 1.2 16.0 1:20a NNW 14 48.9 65.5 3:13p 37.5 7:10a 16.0 0.0 0.00 0.0 8.0 2:58p NE 15 56.7 74.7 4:01p 41.1 12:54a 10.3 2.0 0.00 0.3 18.0 1:43p SSW 16 67.5 80.1 2:45p 54.4 4:32a 2.8 5.3 0.00 1.2 18.0 11:54a SSW 17 71.0 82.6 3:28p 62.1 8:09a 0.2 6.2 0.00 1.6 21.0 2:29p SSW 18 72.4 83.8 3:19p 59.9 6:24a 0.8 8.2 0.00 3.0 27.0 12:30p SSW 19 70.2 78.8 5:15p 63.4 12:00m 0.0 5.2 0.22 0.3 20.0 11:57p NNE 20 62.6 69.1 1:23p 57.5 11:52p 2.9 0.5 0.95 0.2 13.0 11:42p NNE 21 51.0 57.5 12:01a 47.7 11:50p 13.9 0.0 0.80 4.1 22.0 12:00p N 22 45.7 53.5 4:45p 37.8 10:49p 19.3 0.0 0.00 1.6 19.0 12:48p N 23 57.0 70.9 4:53p 40.5 12:01a 9.0 0.9 0.00 2.8 25.0 2:58p SSW 24 52.8 62.7 12:01a 36.9 12:00m 12.2 0.0 0.00 2.0 18.0 12:17a N 25 45.7 58.0 2:32p 33.8 7:33a 19.2 0.0 0.00 0.2 8.0 11:15a NNE 26 47.7 55.6 4:48p 40.2 6:01a 17.3 0.0 0.00 0.2 10.0 11:32a ENE 27 53.8 62.4 11:40a 47.3 11:58p 11.2 0.0 0.05 1.6 18.0 9:33a NNW 28 50.4 61.8 4:58p 42.6 8:34a 14.6 0.0 0.00 0.2 11.0 12:58p SSW 29 63.2 79.4 4:13p 43.8 5:13a 6.7 4.9 0.00 2.8 24.0 10:12a SSW 30 63.4 73.9 2:36p 50.8 11:54p 3.5 1.8 0.17 2.3 20.0 10:40a N 31 51.7 59.0 3:54p 44.1 6:55a 13.3 0.0 0.00 0.0 7.0 10:23a ENE ------------------------------------------------------------------------------------- 58.2 83.8 18 33.8 25 268.8 58.8 2.33 1.0 27.0 18 SSW Max >= 90.0: 0 Max <= 32.0: 0 Min <= 32.0: 0 Min <= 0.0: 0 Max Rain: 0.95 ON 10/20/16 Days of Rain: 8 (>.01 in) 4 (>.1 in) 0 (>1 in) Heat Base: 65.0 Cool Base: 65.0 Method: Integration
 
USA Weather Finder