2024: Jan | Feb | Mar | Apr | May | Jun | Jul | Aug | Sep | Oct | Nov | Dec
2023: Jan | Feb | Mar | Apr | May | Jun | Jul | Aug | Sep | Oct | Nov | Dec
2022: Jan | Feb | Mar | Apr | May | Jun | Jul | Aug | Sep | Oct | Nov | Dec
2021: Jan | Feb | Mar | Apr | May | Jun | Jul | Aug | Sep | Oct | Nov | Dec
2020: Jan | Feb | Mar | Apr | May | Jun | Jul | Aug | Sep | Oct | Nov | Dec
2019: Jan | Feb | Mar | Apr | May | Jun | Jul | Aug | Sep | Oct | Nov | Dec
2018: Jan | Feb | Mar | Apr | May | Jun | Jul | Aug | Sep | Oct | Nov | Dec
2017: Jan | Feb | Mar | Apr | May | Jun | Jul | Aug | Sep | Oct | Nov | Dec
2016: Jan | Feb | Mar | Apr | May | Jun | Jul | Aug | Sep | Oct | Nov | Dec
2015: Jan | Feb | Mar | Apr | May | Jun | Jul | Aug | Sep | Oct | Nov | Dec
2014: Jan | Feb | Mar | Apr | May | Jun | Jul | Aug | Sep | Oct | Nov | Dec
2013: Jan | Feb | Mar | Apr | May | Jun | Jul | Aug | Sep | Oct | Nov | Dec
2012: Jan | Feb | Mar | Apr | May | Jun | Jul | Aug | Sep | Oct | Nov | Dec
2011: Jan | Feb | Mar | Apr | May | Jun | Jul | Aug | Sep | Oct | Nov | Dec
2010: Jan | Feb | Mar | Apr | May | Jun | Jul | Aug | Sep | Oct | Nov | Dec
2009: Jan | Feb | Mar | Apr | May | Jun | Jul | Aug | Sep | Oct | Nov | Dec
2008: Jan | Feb | Mar | Apr | May | Jun | Jul | Aug | Sep | Oct | Nov | Dec
2007: Jan | Feb | Mar | Apr | May | Jun | Jul | Aug | Sep | Oct | Nov | Dec
2006: Jan | Feb | Mar | Apr | May | Jun | Jul | Aug | Sep | Oct | Nov | Dec
2005: Jan | Feb | Mar | Apr | May | Jun | Jul | Aug | Sep | Oct | Nov | Dec
2004: Jan | Feb | Mar | Apr | May | Jun | Jul | Aug | Sep | Oct | Nov | Dec
2003: Jan | Feb | Mar | Apr | May | Jun | Jul | Aug | Sep | Oct | Nov | Dec
Report for 2016 11
MONTHLY CLIMATOLOGICAL SUMMARY for NOV. 2016
NAME: Station1 CITY: Lancaster STATE: Ohio
ELEV: 958 ft LAT: 39° 45' 15" N LONG: 82° 34' 05" W
TEMPERATURE (°F), RAIN (in), WIND SPEED (mph)
HEAT COOL AVG
MEAN DEG DEG WIND DOM
DAY TEMP HIGH TIME LOW TIME DAYS DAYS RAIN SPEED HIGH TIME DIR
------------------------------------------------------------------------------------
1 62.1 80.7 3:39p 49.6 5:34a 6.5 3.6 0.00 0.8 21.0 4:24p SSW
2 66.0 81.1 2:39p 52.9 8:00a 4.1 5.1 0.00 0.9 17.0 2:34p SSW
3 63.0 70.3 1:39a 50.5 11:54p 3.0 1.0 0.06 1.6 18.0 5:07p N
4 48.9 60.5 3:17p 39.3 11:58p 16.1 0.0 0.00 0.1 8.0 3:25p N
5 46.3 64.3 4:39p 34.6 7:30a 18.7 0.0 0.00 0.2 8.0 12:37p NNW
6 50.1 69.4 2:20p 37.0 7:06a 15.3 0.5 0.00 0.0 6.0 1:15p NNE
7 51.9 72.7 3:35p 37.8 5:05a 14.2 1.2 0.00 0.1 8.0 1:16p SSW
8 50.9 65.3 12:57p 38.5 5:14a 14.1 0.0 0.10 0.7 14.0 4:39p SW
9 44.7 49.6 12:01a 36.2 12:00m 20.3 0.0 0.00 2.1 18.0 11:22a N
10 46.4 60.1 2:54p 31.9 7:21a 18.6 0.0 0.00 2.5 22.0 10:38p SSW
11 47.4 58.4 12:22p 37.6 11:56p 17.6 0.0 0.00 3.4 20.0 3:12p N
12 37.6 51.3 2:40p 26.6 7:04a 27.3 0.0 0.00 0.1 7.0 10:21a NNE
13 38.7 59.5 3:46p 25.4 6:32a 26.3 0.0 0.00 0.3 12.0 11:24a SW
14 39.8 58.3 4:21p 25.6 7:41a 25.2 0.0 0.00 0.3 11.0 1:24p SSW
15 44.0 62.4 2:56p 29.5 7:01a 20.9 0.0 0.00 0.4 13.0 3:19p SSW
16 46.7 61.3 2:54p 37.3 11:57p 18.2 0.0 0.00 0.3 11.0 12:14p WSW
17 50.3 69.4 3:10p 35.2 6:21a 15.1 0.4 0.00 0.2 12.0 1:12p S
18 59.0 76.8 3:34p 40.6 6:58a 8.7 2.7 0.00 1.5 21.0 11:29a SSW
19 41.8 65.0 2:29a 33.2 1:53p 23.2 0.0 0.24 4.2 28.0 6:26p W
20 33.4 35.5 2:56p 31.8 11:05p 31.5 0.0 0.00 3.2 24.0 4:41a NW
21 31.7 40.3 3:28p 25.3 11:57p 33.2 0.0 0.00 1.6 19.0 11:46a NNW
22 31.2 43.9 3:58p 20.8 6:16a 33.8 0.0 0.00 0.0 6.0 1:41p WSW
23 37.1 45.8 3:42p 26.1 2:38a 27.9 0.0 0.00 0.1 10.0 8:31p ENE
24 47.1 52.2 11:19a 42.1 1:03a 17.8 0.0 0.04 1.0 16.0 2:57a SSW
25 40.4 43.3 12:01a 36.9 11:36p 24.5 0.0 0.00 0.4 13.0 8:38p W
26 40.0 44.2 12:02p 36.8 12:57a 25.0 0.0 0.00 1.2 13.0 10:48a WSW
27 38.0 50.8 3:13p 27.6 6:11a 27.0 0.0 0.00 0.3 13.0 11:31a SSW
28 47.3 58.1 1:15p 33.2 1:04a 17.7 0.0 0.11 0.7 18.0 12:14p S
29 54.7 63.2 3:35p 48.0 6:12a 10.3 0.0 0.05 1.6 20.0 2:17p SSW
30 53.5 60.9 3:12p 40.2 11:38p 11.5 0.0 0.26 1.5 25.0 7:09p SSW
-------------------------------------------------------------------------------------
46.3 81.1 2 20.8 22 573.6 14.5 0.86 1.0 28.0 19 SSW
Max >= 90.0: 0
Max <= 32.0: 0
Min <= 32.0: 10
Min <= 0.0: 0
Max Rain: 0.26 ON 11/30/16
Days of Rain: 7 (>.01 in) 3 (>.1 in) 0 (>1 in)
Heat Base: 65.0 Cool Base: 65.0 Method: Integration
|