2024: Jan | Feb | Mar | Apr | May | Jun | Jul | Aug | Sep | Oct | Nov | Dec
2023: Jan | Feb | Mar | Apr | May | Jun | Jul | Aug | Sep | Oct | Nov | Dec
2022: Jan | Feb | Mar | Apr | May | Jun | Jul | Aug | Sep | Oct | Nov | Dec
2021: Jan | Feb | Mar | Apr | May | Jun | Jul | Aug | Sep | Oct | Nov | Dec
2020: Jan | Feb | Mar | Apr | May | Jun | Jul | Aug | Sep | Oct | Nov | Dec
2019: Jan | Feb | Mar | Apr | May | Jun | Jul | Aug | Sep | Oct | Nov | Dec
2018: Jan | Feb | Mar | Apr | May | Jun | Jul | Aug | Sep | Oct | Nov | Dec
2017: Jan | Feb | Mar | Apr | May | Jun | Jul | Aug | Sep | Oct | Nov | Dec
2016: Jan | Feb | Mar | Apr | May | Jun | Jul | Aug | Sep | Oct | Nov | Dec
2015: Jan | Feb | Mar | Apr | May | Jun | Jul | Aug | Sep | Oct | Nov | Dec
2014: Jan | Feb | Mar | Apr | May | Jun | Jul | Aug | Sep | Oct | Nov | Dec
2013: Jan | Feb | Mar | Apr | May | Jun | Jul | Aug | Sep | Oct | Nov | Dec
2012: Jan | Feb | Mar | Apr | May | Jun | Jul | Aug | Sep | Oct | Nov | Dec
2011: Jan | Feb | Mar | Apr | May | Jun | Jul | Aug | Sep | Oct | Nov | Dec
2010: Jan | Feb | Mar | Apr | May | Jun | Jul | Aug | Sep | Oct | Nov | Dec
2009: Jan | Feb | Mar | Apr | May | Jun | Jul | Aug | Sep | Oct | Nov | Dec
2008: Jan | Feb | Mar | Apr | May | Jun | Jul | Aug | Sep | Oct | Nov | Dec
2007: Jan | Feb | Mar | Apr | May | Jun | Jul | Aug | Sep | Oct | Nov | Dec
2006: Jan | Feb | Mar | Apr | May | Jun | Jul | Aug | Sep | Oct | Nov | Dec
2005: Jan | Feb | Mar | Apr | May | Jun | Jul | Aug | Sep | Oct | Nov | Dec
2004: Jan | Feb | Mar | Apr | May | Jun | Jul | Aug | Sep | Oct | Nov | Dec
2003: Jan | Feb | Mar | Apr | May | Jun | Jul | Aug | Sep | Oct | Nov | Dec
Report for 2016 12
MONTHLY CLIMATOLOGICAL SUMMARY for DEC. 2016
NAME: Station1 CITY: Lancaster STATE: Ohio
ELEV: 958 ft LAT: 39° 45' 15" N LONG: 82° 34' 05" W
TEMPERATURE (°F), RAIN (in), WIND SPEED (mph)
HEAT COOL AVG
MEAN DEG DEG WIND DOM
DAY TEMP HIGH TIME LOW TIME DAYS DAYS RAIN SPEED HIGH TIME DIR
------------------------------------------------------------------------------------
1 39.4 41.6 1:17a 36.8 11:39p 25.6 0.0 0.00 2.5 22.0 1:11p W
2 37.7 39.1 3:02p 36.0 9:27a 27.2 0.0 0.00 1.4 16.0 12:53p W
3 37.7 40.6 6:54p 31.8 4:44a 27.3 0.0 0.00 0.1 6.0 12:34a WNW
4 37.7 42.1 3:12p 34.6 5:41a 27.3 0.0 0.17 0.8 18.0 11:40p E
5 37.7 44.1 2:30p 33.4 8:45p 22.0 0.0 0.00 0.4 13.0 12:07a NNE
6 39.4 44.8 4:21p 34.4 12:01a 25.6 0.0 0.43 1.3 20.0 8:08p E
7 34.7 38.9 2:36p 29.4 7:17a 30.3 0.0 0.00 1.3 14.0 1:34a WSW
8 26.1 33.5 12:01a 21.8 11:59p 28.5 0.0 0.00 4.0 25.0 10:19a W
9 23.6 28.7 1:26p 20.3 4:29a 41.3 0.0 0.01 3.1 18.0 4:15a SW
10 25.0 28.8 6:27p 21.1 1:41a 40.0 0.0 0.00 0.9 13.0 11:51a SW
11 30.9 37.9 3:57p 24.7 5:18a 34.1 0.0 0.22 0.3 8.0 1:18p SE
12 36.6 42.2 11:21a 30.0 11:51p 28.3 0.0 0.13 2.3 19.0 10:33a W
13 30.9 33.7 11:16a 27.3 3:53a 34.1 0.0 0.28 0.0 6.0 12:36a NNE
14 19.2 28.7 12:01a 9.0 8:10a 45.7 0.0 0.00 1.2 18.0 11:24p W
15 8.4 14.9 12:01a 1.5 11:57p 56.5 0.0 0.00 2.4 24.0 1:47a W
16 14.6 24.7 11:55p 1.1 12:16a 50.3 0.0 0.00 0.5 7.0 3:14p E
17 44.3 61.8 5:39p 24.7 12:01a 20.7 0.0 1.58 2.4 30.0 3:50p SSW
18 28.6 46.4 12:01a 20.3 11:56p 36.4 0.0 0.55 1.9 19.0 9:36a NW
19 20.4 25.6 2:38p 15.6 11:36p 44.4 0.0 0.00 0.1 5.0 10:18a N
20 25.7 38.5 2:27p 12.4 5:53a 39.2 0.0 0.00 1.3 17.0 3:08p SSW
21 32.7 40.9 11:40p 25.6 7:47a 32.3 0.0 0.00 0.9 14.0 11:23p SW
22 36.0 40.8 12:01a 29.1 11:56p 29.0 0.0 0.00 2.1 21.0 1:41a WSW
23 32.6 39.5 11:39p 23.9 5:03a 32.3 0.0 0.04 0.5 10.0 6:26p E
24 41.4 44.3 1:52p 37.6 11:42p 23.5 0.0 0.17 1.3 16.0 9:58a N
25 42.2 47.1 4:08p 37.2 3:44a 22.8 0.0 0.00 0.5 8.0 1:15p ENE
26 58.4 69.3 2:52p 46.0 2:11a 7.5 0.9 0.24 4.9 36.0 9:12p SSW
27 40.1 51.7 12:01a 32.7 11:55p 24.9 0.0 0.03 3.5 22.0 6:37a W
28 36.0 44.8 2:43p 26.3 8:18a 29.0 0.0 0.01 0.8 12.0 9:37p SSW
29 38.2 43.8 2:09p 32.4 7:21p 26.8 0.0 0.02 4.6 33.0 7:06p W
30 31.9 37.0 3:25p 28.8 11:12p 33.1 0.0 0.01 3.5 21.0 2:43p W
31 36.1 45.8 1:08p 26.9 2:31a 28.8 0.0 0.02 4.9 33.0 1:19p SSW
-------------------------------------------------------------------------------------
33.0 69.3 26 1.1 16 974.8 0.9 3.91 1.8 36.0 26 W
Max >= 90.0: 0
Max <= 32.0: 6
Min <= 32.0: 21
Min <= 0.0: 0
Max Rain: 1.58 ON 12/17/16
Days of Rain: 13 (>.01 in) 9 (>.1 in) 1 (>1 in)
Heat Base: 65.0 Cool Base: 65.0 Method: Integration
|