Weather Information | Photos of Local Events | Personal Weather Stations Links | Lancaster Links | Site Map

NOAA Report Archive
(Reports Generated by WeatherLink)
2017: Jan | Feb | Mar | Apr | May | Jun | Jul | Aug | Sep | Oct | Nov | Dec 
2016: Jan | Feb | Mar | Apr | May | Jun | Jul | Aug | Sep | Oct | Nov | Dec 
2015: Jan | Feb | Mar | Apr | May | Jun | Jul | Aug | Sep | Oct | Nov | Dec 
2014: Jan | Feb | Mar | Apr | May | Jun | Jul | Aug | Sep | Oct | Nov | Dec 
2013: Jan | Feb | Mar | Apr | May | Jun | Jul | Aug | Sep | Oct | Nov | Dec 
2012: Jan | Feb | Mar | Apr | May | Jun | Jul | Aug | Sep | Oct | Nov | Dec 
2011: Jan | Feb | Mar | Apr | May | Jun | Jul | Aug | Sep | Oct | Nov | Dec 
2010: Jan | Feb | Mar | Apr | May | Jun | Jul | Aug | Sep | Oct | Nov | Dec 
2009: Jan | Feb | Mar | Apr | May | Jun | Jul | Aug | Sep | Oct | Nov | Dec 
2008: Jan | Feb | Mar | Apr | May | Jun | Jul | Aug | Sep | Oct | Nov | Dec 
2007: Jan | Feb | Mar | Apr | May | Jun | Jul | Aug | Sep | Oct | Nov | Dec 
2006: Jan | Feb | Mar | Apr | May | Jun | Jul | Aug | Sep | Oct | Nov | Dec 
2005: Jan | Feb | Mar | Apr | May | Jun | Jul | Aug | Sep | Oct | Nov | Dec 
2004: Jan | Feb | Mar | Apr | May | Jun | Jul | Aug | Sep | Oct | Nov | Dec 
2003: Jan | Feb | Mar | Apr | May | Jun | Jul | Aug | Sep | Oct | Nov | Dec 

Report for 2017 01
MONTHLY CLIMATOLOGICAL SUMMARY for JAN. 2017 NAME: Station1 CITY: Lancaster STATE: Ohio ELEV: 958 ft LAT: 39 45' 15" N LONG: 82 34' 05" W TEMPERATURE (F), RAIN (in), WIND SPEED (mph) HEAT COOL AVG MEAN DEG DEG WIND DOM DAY TEMP HIGH TIME LOW TIME DAYS DAYS RAIN SPEED HIGH TIME DIR ------------------------------------------------------------------------------------ 1 38.7 47.6 2:36p 28.2 7:55a 26.3 0.0 0.00 0.4 16.0 12:17a ENE 2 46.2 52.2 11:32p 40.5 3:10a 18.7 0.0 0.02 0.1 6.0 12:21a E 3 51.1 55.1 12:59p 44.8 11:28p 13.9 0.0 0.92 0.9 17.0 11:47p W 4 30.5 44.8 12:01a 19.5 11:49p 34.4 0.0 0.03 4.9 25.0 4:48a W 5 19.7 24.1 12:50p 14.4 11:58p 45.1 0.0 0.04 1.3 16.0 1:05a W 6 9.9 14.9 1:23p 3.4 12:00m 55.0 0.0 0.00 0.5 12.0 2:36p W 7 8.7 15.2 1:34p 2.8 12:38a 56.3 0.0 0.00 1.3 16.0 2:43p W 8 12.1 18.0 3:48p 7.0 8:02a 52.8 0.0 0.00 1.1 12.0 9:08a W 9 21.4 30.6 3:40p 7.2 1:30a 43.3 0.0 0.00 1.5 18.0 1:25p SSW 10 40.8 51.1 10:33p 30.6 12:01a 24.2 0.0 0.04 6.8 38.0 10:34p S 11 46.4 57.0 11:46p 31.5 8:15a 18.6 0.0 0.32 2.6 25.0 2:03p S 12 56.8 66.1 12:23p 36.0 11:43p 8.3 0.1 0.65 7.8 36.0 2:05p SSW 13 33.7 37.9 12:35p 29.3 7:51a 31.1 0.0 0.00 1.2 12.0 9:27a N 14 32.4 34.1 4:58p 30.1 12:18a 32.6 0.0 0.17 0.2 8.0 12:06a ENE 15 32.9 34.4 1:49p 31.3 6:52a 32.1 0.0 0.00 0.1 6.0 1:06a NW 16 40.2 48.0 3:59p 32.2 2:28a 24.8 0.0 0.04 0.0 5.0 2:36a NNE 17 53.6 65.6 1:13p 45.8 12:52a 11.4 0.0 0.12 3.9 27.0 12:47p W 18 40.0 46.1 12:01a 37.3 7:04a 24.9 0.0 0.05 2.3 16.0 12:02a W 19 40.4 44.5 3:07p 38.5 5:24a 24.6 0.0 0.00 0.5 8.0 4:19a ENE 20 49.0 59.6 2:30p 39.3 12:01a 15.9 0.0 0.53 2.0 22.0 11:08a SSW 21 52.2 61.8 3:05p 41.2 2:41a 12.8 0.0 0.00 0.3 11.0 12:08p SSW 22 55.3 65.8 2:12p 46.4 6:47a 9.7 0.0 0.00 0.5 12.0 1:19p ENE 23 48.2 54.4 12:51a 40.3 11:46p 16.8 0.0 0.19 1.1 16.0 1:11p ENE 24 41.1 42.9 1:18p 39.6 6:35a 23.9 0.0 0.04 1.2 16.0 5:00p WNW 25 44.2 52.2 8:28p 35.3 7:53a 20.8 0.0 0.27 1.3 22.0 9:54p SSW 26 36.0 40.9 12:01a 31.0 11:53p 29.0 0.0 0.04 5.2 27.0 9:09a W 27 30.6 32.7 11:05a 29.4 9:06a 34.4 0.0 0.03 4.1 22.0 1:20a SW 28 30.6 35.0 2:26p 27.5 5:01a 34.4 0.0 0.00 4.6 24.0 4:53a W 29 30.2 32.5 3:01p 27.2 11:01p 34.8 0.0 0.00 1.5 14.0 9:19p W 30 27.2 31.2 2:02p 24.1 7:56a 37.7 0.0 0.01 2.3 20.0 2:38p W 31 38.5 41.8 2:31p 29.8 12:01a 26.5 0.0 0.00 4.8 31.0 7:26a WSW ------------------------------------------------------------------------------------- 36.7 66.1 12 2.8 7 875.1 0.1 3.51 2.1 38.0 10 W Max >= 90.0: 0 Max <= 32.0: 6 Min <= 32.0: 18 Min <= 0.0: 0 Max Rain: 0.92 ON 01/03/17 Days of Rain: 17 (>.01 in) 8 (>.1 in) 0 (>1 in) Heat Base: 65.0 Cool Base: 65.0 Method: Integration
 
USA Weather Finder