Weather Information | Photos of Local Events | Personal Weather Stations Links | Lancaster Links | Site Map

NOAA Report Archive
(Reports Generated by WeatherLink)
2017: Jan | Feb | Mar | Apr | May | Jun | Jul | Aug | Sep | Oct | Nov | Dec 
2016: Jan | Feb | Mar | Apr | May | Jun | Jul | Aug | Sep | Oct | Nov | Dec 
2015: Jan | Feb | Mar | Apr | May | Jun | Jul | Aug | Sep | Oct | Nov | Dec 
2014: Jan | Feb | Mar | Apr | May | Jun | Jul | Aug | Sep | Oct | Nov | Dec 
2013: Jan | Feb | Mar | Apr | May | Jun | Jul | Aug | Sep | Oct | Nov | Dec 
2012: Jan | Feb | Mar | Apr | May | Jun | Jul | Aug | Sep | Oct | Nov | Dec 
2011: Jan | Feb | Mar | Apr | May | Jun | Jul | Aug | Sep | Oct | Nov | Dec 
2010: Jan | Feb | Mar | Apr | May | Jun | Jul | Aug | Sep | Oct | Nov | Dec 
2009: Jan | Feb | Mar | Apr | May | Jun | Jul | Aug | Sep | Oct | Nov | Dec 
2008: Jan | Feb | Mar | Apr | May | Jun | Jul | Aug | Sep | Oct | Nov | Dec 
2007: Jan | Feb | Mar | Apr | May | Jun | Jul | Aug | Sep | Oct | Nov | Dec 
2006: Jan | Feb | Mar | Apr | May | Jun | Jul | Aug | Sep | Oct | Nov | Dec 
2005: Jan | Feb | Mar | Apr | May | Jun | Jul | Aug | Sep | Oct | Nov | Dec 
2004: Jan | Feb | Mar | Apr | May | Jun | Jul | Aug | Sep | Oct | Nov | Dec 
2003: Jan | Feb | Mar | Apr | May | Jun | Jul | Aug | Sep | Oct | Nov | Dec 

Report for 2017 02
MONTHLY CLIMATOLOGICAL SUMMARY for FEB. 2017 NAME: Station1 CITY: Lancaster STATE: Ohio ELEV: 958 ft LAT: 39 45' 15" N LONG: 82 34' 05" W TEMPERATURE (F), RAIN (in), WIND SPEED (mph) HEAT COOL AVG MEAN DEG DEG WIND DOM DAY TEMP HIGH TIME LOW TIME DAYS DAYS RAIN SPEED HIGH TIME DIR ------------------------------------------------------------------------------------ 1 37.6 39.6 3:32p 34.1 11:15p 27.4 0.0 0.00 1.7 14.0 9:11a WSW 2 30.6 34.9 3:42p 24.1 11:23p 34.3 0.0 0.00 1.8 17.0 6:50a WNW 3 23.7 28.4 4:04p 18.9 11:54p 41.3 0.0 0.00 1.2 18.0 4:06p W 4 24.1 34.6 4:08p 13.1 6:18a 40.9 0.0 0.00 0.8 15.0 12:17p SSW 5 39.5 50.2 2:35p 28.5 12:01a 25.5 0.0 0.00 3.2 26.0 10:29a SW 6 43.5 60.9 3:21p 25.8 7:16a 21.5 0.0 0.04 0.8 18.0 12:42p SSW 7 57.3 62.3 1:40p 53.9 5:04a 7.7 0.0 0.97 5.8 34.0 2:15p SSW 8 41.7 56.0 12:01a 28.8 11:57p 23.3 0.0 0.03 3.1 22.0 12:53a N 9 23.0 29.0 1:30a 15.6 11:51p 41.9 0.0 0.02 3.8 24.0 11:43a WNW 10 25.2 34.3 9:15p 15.1 12:40a 39.7 0.0 0.00 1.0 21.0 3:23p S 11 54.4 63.7 2:36p 34.0 12:22a 10.6 0.0 0.04 3.2 24.0 2:35a SW 12 49.8 59.3 7:40a 35.3 11:59p 15.2 0.0 0.16 4.3 28.0 7:21p WNW 13 35.5 45.7 4:42p 28.4 7:38a 29.5 0.0 0.00 1.7 20.0 12:40a NW 14 41.3 52.0 3:03p 29.3 12:13a 23.6 0.0 0.00 3.7 28.0 1:14p SW 15 35.2 43.1 1:07a 29.0 11:40p 29.7 0.0 0.00 3.6 22.0 12:16p NW 16 32.3 39.9 4:04p 27.2 7:13a 32.7 0.0 0.00 1.9 17.0 11:25a NW 17 47.3 64.7 4:13p 30.6 7:06a 17.7 0.0 0.00 2.3 18.0 2:47p SSW 18 56.3 65.3 3:20p 48.8 7:22a 8.7 0.0 0.00 4.4 24.0 4:19p SSW 19 47.5 54.2 4:43p 39.6 11:59p 17.4 0.0 0.00 1.6 14.0 12:06a WSW 20 46.7 64.3 4:10p 33.7 5:31a 18.3 0.0 0.00 0.2 7.0 3:27p ENE 21 54.8 67.3 1:09p 42.5 5:03a 10.5 0.3 0.01 0.3 13.0 11:44a SW 22 55.7 59.6 3:59p 51.6 5:29a 9.3 0.0 0.07 0.8 14.0 2:47p SSW 23 62.4 72.3 2:26p 54.7 3:56a 3.8 1.2 0.00 1.6 19.0 12:09p SSW 24 66.3 76.5 4:00p 57.3 11:52p 2.3 3.6 0.17 3.2 32.0 12:22p S 25 39.5 57.3 12:01a 28.8 8:47p 25.5 0.0 0.32 3.9 31.0 12:21p W 26 35.2 44.6 3:20p 27.5 6:28a 29.8 0.0 0.00 1.8 20.0 2:44p SSW 27 40.8 44.1 4:50p 37.8 12:43a 24.1 0.0 0.05 0.4 11.0 9:04a S 28 47.1 56.7 12:00m 37.5 4:16a 17.9 0.0 0.27 2.3 20.0 1:52p S ------------------------------------------------------------------------------------- 42.7 76.5 24 13.1 4 630.1 5.1 2.15 2.3 34.0 7 SSW Max >= 90.0: 0 Max <= 32.0: 2 Min <= 32.0: 15 Min <= 0.0: 0 Max Rain: 0.97 ON 02/07/17 Days of Rain: 11 (>.01 in) 5 (>.1 in) 0 (>1 in) Heat Base: 65.0 Cool Base: 65.0 Method: Integration
 
USA Weather Finder