Weather Information | Photos of Local Events | Personal Weather Stations Links | Lancaster Links | Site Map

NOAA Report Archive
(Reports Generated by WeatherLink)
2017: Jan | Feb | Mar | Apr | May | Jun | Jul | Aug | Sep | Oct | Nov | Dec 
2016: Jan | Feb | Mar | Apr | May | Jun | Jul | Aug | Sep | Oct | Nov | Dec 
2015: Jan | Feb | Mar | Apr | May | Jun | Jul | Aug | Sep | Oct | Nov | Dec 
2014: Jan | Feb | Mar | Apr | May | Jun | Jul | Aug | Sep | Oct | Nov | Dec 
2013: Jan | Feb | Mar | Apr | May | Jun | Jul | Aug | Sep | Oct | Nov | Dec 
2012: Jan | Feb | Mar | Apr | May | Jun | Jul | Aug | Sep | Oct | Nov | Dec 
2011: Jan | Feb | Mar | Apr | May | Jun | Jul | Aug | Sep | Oct | Nov | Dec 
2010: Jan | Feb | Mar | Apr | May | Jun | Jul | Aug | Sep | Oct | Nov | Dec 
2009: Jan | Feb | Mar | Apr | May | Jun | Jul | Aug | Sep | Oct | Nov | Dec 
2008: Jan | Feb | Mar | Apr | May | Jun | Jul | Aug | Sep | Oct | Nov | Dec 
2007: Jan | Feb | Mar | Apr | May | Jun | Jul | Aug | Sep | Oct | Nov | Dec 
2006: Jan | Feb | Mar | Apr | May | Jun | Jul | Aug | Sep | Oct | Nov | Dec 
2005: Jan | Feb | Mar | Apr | May | Jun | Jul | Aug | Sep | Oct | Nov | Dec 
2004: Jan | Feb | Mar | Apr | May | Jun | Jul | Aug | Sep | Oct | Nov | Dec 
2003: Jan | Feb | Mar | Apr | May | Jun | Jul | Aug | Sep | Oct | Nov | Dec 

Report for 2017 03
MONTHLY CLIMATOLOGICAL SUMMARY for MAR. 2017 NAME: Station1 CITY: Lancaster STATE: Ohio ELEV: 958 ft LAT: 39 45' 15" N LONG: 82 34' 05" W TEMPERATURE (F), RAIN (in), WIND SPEED (mph) HEAT COOL AVG MEAN DEG DEG WIND DOM DAY TEMP HIGH TIME LOW TIME DAYS DAYS RAIN SPEED HIGH TIME DIR ------------------------------------------------------------------------------------ 1 53.2 63.7 3:51p 37.9 11:47p 11.8 0.0 1.84 5.7 34.0 9:59p SSW 2 35.0 42.2 3:07p 30.0 12:00m 30.0 0.0 0.00 4.3 32.0 1:02a WNW 3 28.9 34.1 2:18p 24.5 6:55a 36.1 0.0 0.02 2.3 28.0 12:55p WNW 4 28.0 37.0 2:38p 18.9 6:58a 36.9 0.0 0.00 0.2 11.0 2:35p NNE 5 42.1 61.5 4:22p 24.7 7:02a 22.9 0.0 0.00 1.0 10.0 8:50a E 6 51.3 54.5 3:59a 45.8 2:18a 13.7 0.0 0.26 2.4 22.0 3:54a S 7 53.0 57.6 7:24a 42.3 11:26p 12.0 0.0 0.52 4.0 28.0 7:23p SSW 8 49.3 58.9 3:37p 40.3 2:10a 15.7 0.0 0.00 5.9 38.0 1:05p SW 9 50.3 64.5 3:48p 35.9 7:00a 14.7 0.0 0.01 1.1 18.0 10:58p N 10 33.1 40.2 1:11p 22.9 11:56p 31.8 0.0 0.41 4.4 22.0 1:36p NNW 11 25.1 34.0 3:37p 17.5 6:45a 39.8 0.0 0.00 2.7 19.0 5:11a NNW 12 28.3 36.5 3:44p 21.6 7:53a 35.1 0.0 0.00 0.9 12.0 2:15p NNW 13 32.1 47.7 3:44p 23.8 7:48a 32.9 0.0 0.11 1.7 17.0 6:56p N 14 23.3 28.4 12:01a 16.1 11:51p 41.5 0.0 0.03 7.2 25.0 2:26p N 15 22.5 32.5 4:09p 13.8 3:49a 42.5 0.0 0.00 3.9 24.0 11:23a WNW 16 31.3 42.6 5:18p 20.5 7:35a 33.6 0.0 0.00 2.1 18.0 1:41p W 17 29.4 34.1 11:51p 22.4 5:01a 35.5 0.0 0.08 0.6 16.0 10:59a ESE 18 40.0 47.6 12:36p 34.0 12:01a 25.0 0.0 0.06 1.9 19.0 12:51p WNW 19 39.4 44.5 1:05p 36.6 6:20a 25.6 0.0 0.00 1.3 12.0 1:10p NNW 20 38.7 45.5 4:07p 30.6 7:46a 26.3 0.0 0.28 1.1 17.0 7:42p SSW 21 48.8 58.6 2:53p 41.8 12:00m 16.2 0.0 0.00 1.4 19.0 10:49p N 22 33.8 42.2 4:49p 26.4 7:38a 31.2 0.0 0.00 3.8 24.0 1:17a N 23 38.3 56.6 5:04p 22.5 7:18a 26.7 0.0 0.00 0.8 12.0 5:32p E 24 61.0 75.4 4:57p 43.1 1:15a 6.6 2.6 0.00 4.1 32.0 5:35p SSW 25 66.8 75.4 3:39p 59.2 11:20p 1.3 3.1 0.00 1.6 20.0 10:56a SSW 26 59.5 64.3 6:22p 55.6 10:55p 5.5 0.0 0.35 0.9 18.0 2:01p S 27 58.4 67.1 3:52p 47.6 7:38a 6.8 0.2 0.02 0.6 12.0 12:03p WSW 28 55.7 60.1 4:04p 46.2 11:55p 9.3 0.0 0.13 2.4 14.0 3:00p N 29 50.0 64.8 5:21p 38.9 3:32a 15.0 0.0 0.00 1.0 12.0 11:56p NNE 30 59.2 77.9 5:07p 46.5 3:24a 8.4 2.6 0.11 1.4 21.0 4:12p ENE 31 54.6 59.9 12:01a 44.3 11:57p 10.4 0.0 1.13 2.0 22.0 5:03p W ------------------------------------------------------------------------------------- 42.6 77.9 30 13.8 15 700.8 8.5 5.36 2.4 38.0 8 N Max >= 90.0: 0 Max <= 32.0: 1 Min <= 32.0: 15 Min <= 0.0: 0 Max Rain: 1.84 ON 03/01/17 Days of Rain: 15 (>.01 in) 10 (>.1 in) 2 (>1 in) Heat Base: 65.0 Cool Base: 65.0 Method: Integration
 
USA Weather Finder