2024: Jan | Feb | Mar | Apr | May | Jun | Jul | Aug | Sep | Oct | Nov | Dec
2023: Jan | Feb | Mar | Apr | May | Jun | Jul | Aug | Sep | Oct | Nov | Dec
2022: Jan | Feb | Mar | Apr | May | Jun | Jul | Aug | Sep | Oct | Nov | Dec
2021: Jan | Feb | Mar | Apr | May | Jun | Jul | Aug | Sep | Oct | Nov | Dec
2020: Jan | Feb | Mar | Apr | May | Jun | Jul | Aug | Sep | Oct | Nov | Dec
2019: Jan | Feb | Mar | Apr | May | Jun | Jul | Aug | Sep | Oct | Nov | Dec
2018: Jan | Feb | Mar | Apr | May | Jun | Jul | Aug | Sep | Oct | Nov | Dec
2017: Jan | Feb | Mar | Apr | May | Jun | Jul | Aug | Sep | Oct | Nov | Dec
2016: Jan | Feb | Mar | Apr | May | Jun | Jul | Aug | Sep | Oct | Nov | Dec
2015: Jan | Feb | Mar | Apr | May | Jun | Jul | Aug | Sep | Oct | Nov | Dec
2014: Jan | Feb | Mar | Apr | May | Jun | Jul | Aug | Sep | Oct | Nov | Dec
2013: Jan | Feb | Mar | Apr | May | Jun | Jul | Aug | Sep | Oct | Nov | Dec
2012: Jan | Feb | Mar | Apr | May | Jun | Jul | Aug | Sep | Oct | Nov | Dec
2011: Jan | Feb | Mar | Apr | May | Jun | Jul | Aug | Sep | Oct | Nov | Dec
2010: Jan | Feb | Mar | Apr | May | Jun | Jul | Aug | Sep | Oct | Nov | Dec
2009: Jan | Feb | Mar | Apr | May | Jun | Jul | Aug | Sep | Oct | Nov | Dec
2008: Jan | Feb | Mar | Apr | May | Jun | Jul | Aug | Sep | Oct | Nov | Dec
2007: Jan | Feb | Mar | Apr | May | Jun | Jul | Aug | Sep | Oct | Nov | Dec
2006: Jan | Feb | Mar | Apr | May | Jun | Jul | Aug | Sep | Oct | Nov | Dec
2005: Jan | Feb | Mar | Apr | May | Jun | Jul | Aug | Sep | Oct | Nov | Dec
2004: Jan | Feb | Mar | Apr | May | Jun | Jul | Aug | Sep | Oct | Nov | Dec
2003: Jan | Feb | Mar | Apr | May | Jun | Jul | Aug | Sep | Oct | Nov | Dec
Report for 2017 04
MONTHLY CLIMATOLOGICAL SUMMARY for APR. 2017
NAME: Station1 CITY: Lancaster STATE: Ohio
ELEV: 958 ft LAT: 39° 45' 15" N LONG: 82° 34' 05" W
TEMPERATURE (°F), RAIN (in), WIND SPEED (mph)
HEAT COOL AVG
MEAN DEG DEG WIND DOM
DAY TEMP HIGH TIME LOW TIME DAYS DAYS RAIN SPEED HIGH TIME DIR
------------------------------------------------------------------------------------
1 42.0 45.7 2:17p 39.3 8:19a 23.0 0.0 0.01 1.8 14.0 2:10a NNW
2 47.4 62.9 5:06p 31.6 7:19a 17.6 0.0 0.00 0.3 9.0 3:01p E
3 57.1 66.1 11:55a 46.4 3:12a 7.9 0.0 0.04 1.1 21.0 4:15p S
4 57.8 62.6 5:51p 49.1 11:52p 7.1 0.0 0.22 4.6 27.0 10:54a SW
5 56.2 74.7 5:51p 39.5 4:32a 10.8 2.0 0.67 2.7 33.0 8:42p ESE
6 46.8 58.0 1:42a 35.6 11:24p 18.2 0.0 0.13 5.1 28.0 9:21a WNW
7 39.7 50.7 5:48p 34.4 6:18a 25.3 0.0 0.03 4.0 22.0 12:35a NW
8 46.8 62.9 4:34p 31.8 7:15a 18.2 0.0 0.00 0.4 12.0 12:07p W
9 57.7 77.4 5:09p 36.2 2:30a 10.6 3.3 0.00 0.5 17.0 4:24p S
10 68.2 81.4 4:45p 57.0 5:25a 2.4 5.6 0.00 2.9 31.0 10:50a SSW
11 60.6 67.1 4:38a 54.4 1:24a 4.6 0.2 0.48 1.4 19.0 8:42a SSW
12 55.7 68.4 4:32p 45.1 7:39a 9.5 0.2 0.00 0.8 11.0 12:09p NNW
13 55.6 69.4 3:23p 43.3 6:26a 9.8 0.4 0.00 0.3 10.0 11:37a ENE
14 59.2 76.7 6:00p 49.1 1:30a 7.5 1.7 0.00 0.1 6.0 11:08a NNE
15 67.3 81.8 5:41p 51.4 3:44a 4.0 6.2 0.00 2.0 24.0 3:29p SSW
16 70.1 77.4 3:44p 60.7 10:31p 0.4 5.5 0.83 4.7 29.0 10:03a SSW
17 62.5 71.3 2:11p 53.8 11:58p 3.8 1.2 0.04 0.9 12.0 2:37p N
18 61.9 76.5 4:59p 45.4 6:41a 6.7 3.5 0.00 0.2 12.0 10:59p ENE
19 68.8 78.3 5:33p 62.1 7:02a 0.5 4.3 0.00 1.1 19.0 12:35a SSW
20 69.4 83.4 4:50p 58.3 6:07a 1.5 5.9 0.24 2.5 28.0 2:56p SSW
21 61.1 68.1 12:32a 51.0 11:52p 4.1 0.3 0.00 1.9 20.0 2:20a NNW
22 49.0 55.7 5:19p 43.9 5:27a 16.0 0.0 0.05 1.7 13.0 1:18a NNE
23 53.3 67.6 3:50p 38.6 3:44a 11.8 0.2 0.00 0.6 16.0 9:41a ENE
24 56.4 68.9 12:35p 44.5 6:18a 8.8 0.2 0.00 0.5 12.0 9:37a ENE
25 62.5 74.9 4:01p 52.5 2:05a 5.0 2.5 0.00 0.1 8.0 11:20a ENE
26 68.0 83.8 4:43p 50.8 6:06a 3.7 6.8 0.00 0.3 17.0 3:24p SSW
27 66.4 78.1 3:54p 54.7 11:58p 2.2 3.6 0.00 2.0 27.0 1:22p SSW
28 59.4 75.1 5:42p 43.5 6:50a 8.0 2.4 0.49 0.4 19.0 10:40p ENE
29 64.0 77.6 5:30p 56.0 12:01a 3.5 2.4 0.98 0.2 12.0 10:42a NNE
30 71.2 84.0 1:55p 59.3 12:36a 1.8 8.0 0.12 1.2 27.0 2:09p SSW
-------------------------------------------------------------------------------------
58.7 84.0 30 31.6 2 254.3 66.4 4.33 1.5 33.0 5 SSW
Max >= 90.0: 0
Max <= 32.0: 0
Min <= 32.0: 2
Min <= 0.0: 0
Max Rain: 0.98 ON 04/29/17
Days of Rain: 13 (>.01 in) 9 (>.1 in) 0 (>1 in)
Heat Base: 65.0 Cool Base: 65.0 Method: Integration
|