2024: Jan | Feb | Mar | Apr | May | Jun | Jul | Aug | Sep | Oct | Nov | Dec
2023: Jan | Feb | Mar | Apr | May | Jun | Jul | Aug | Sep | Oct | Nov | Dec
2022: Jan | Feb | Mar | Apr | May | Jun | Jul | Aug | Sep | Oct | Nov | Dec
2021: Jan | Feb | Mar | Apr | May | Jun | Jul | Aug | Sep | Oct | Nov | Dec
2020: Jan | Feb | Mar | Apr | May | Jun | Jul | Aug | Sep | Oct | Nov | Dec
2019: Jan | Feb | Mar | Apr | May | Jun | Jul | Aug | Sep | Oct | Nov | Dec
2018: Jan | Feb | Mar | Apr | May | Jun | Jul | Aug | Sep | Oct | Nov | Dec
2017: Jan | Feb | Mar | Apr | May | Jun | Jul | Aug | Sep | Oct | Nov | Dec
2016: Jan | Feb | Mar | Apr | May | Jun | Jul | Aug | Sep | Oct | Nov | Dec
2015: Jan | Feb | Mar | Apr | May | Jun | Jul | Aug | Sep | Oct | Nov | Dec
2014: Jan | Feb | Mar | Apr | May | Jun | Jul | Aug | Sep | Oct | Nov | Dec
2013: Jan | Feb | Mar | Apr | May | Jun | Jul | Aug | Sep | Oct | Nov | Dec
2012: Jan | Feb | Mar | Apr | May | Jun | Jul | Aug | Sep | Oct | Nov | Dec
2011: Jan | Feb | Mar | Apr | May | Jun | Jul | Aug | Sep | Oct | Nov | Dec
2010: Jan | Feb | Mar | Apr | May | Jun | Jul | Aug | Sep | Oct | Nov | Dec
2009: Jan | Feb | Mar | Apr | May | Jun | Jul | Aug | Sep | Oct | Nov | Dec
2008: Jan | Feb | Mar | Apr | May | Jun | Jul | Aug | Sep | Oct | Nov | Dec
2007: Jan | Feb | Mar | Apr | May | Jun | Jul | Aug | Sep | Oct | Nov | Dec
2006: Jan | Feb | Mar | Apr | May | Jun | Jul | Aug | Sep | Oct | Nov | Dec
2005: Jan | Feb | Mar | Apr | May | Jun | Jul | Aug | Sep | Oct | Nov | Dec
2004: Jan | Feb | Mar | Apr | May | Jun | Jul | Aug | Sep | Oct | Nov | Dec
2003: Jan | Feb | Mar | Apr | May | Jun | Jul | Aug | Sep | Oct | Nov | Dec
Report for 2017 05
MONTHLY CLIMATOLOGICAL SUMMARY for MAY. 2017
NAME: Station1 CITY: Lancaster STATE: Ohio
ELEV: 958 ft LAT: 39° 45' 15" N LONG: 82° 34' 05" W
TEMPERATURE (°F), RAIN (in), WIND SPEED (mph)
HEAT COOL AVG
MEAN DEG DEG WIND DOM
DAY TEMP HIGH TIME LOW TIME DAYS DAYS RAIN SPEED HIGH TIME DIR
------------------------------------------------------------------------------------
1 66.1 75.3 12:01a 52.8 11:22p 2.4 3.5 0.63 3.1 34.0 7:09p SSW
2 54.4 64.3 2:51p 46.2 6:51a 10.6 0.0 0.04 5.3 36.0 2:14p SW
3 51.0 59.3 4:29p 42.3 6:46a 14.0 0.0 0.01 0.5 12.0 10:10a NNW
4 54.9 62.7 4:48p 48.8 2:28a 10.1 0.0 0.51 0.2 11.0 4:30a ENE
5 52.7 58.0 11:49a 44.1 11:59p 12.3 0.0 0.64 2.2 18.0 9:38p N
6 49.5 58.7 1:03p 43.6 12:53a 15.5 0.0 0.12 2.1 17.0 11:48a NNW
7 49.8 60.7 4:01p 38.8 6:41a 15.2 0.0 0.00 1.5 18.0 1:33p NW
8 48.0 61.8 5:09p 32.1 6:41a 17.0 0.0 0.00 1.0 18.0 2:38p WSW
9 49.3 58.1 2:02p 36.9 6:12a 15.7 0.0 0.02 0.2 10.0 9:00a SSW
10 62.3 75.4 5:14p 51.4 6:50a 5.2 2.5 0.00 0.0 7.0 3:23p NE
11 62.7 66.0 5:10p 56.9 12:00m 2.3 0.0 0.12 1.6 20.0 3:07a N
12 56.8 62.9 1:58p 51.6 11:57p 8.2 0.0 0.00 0.3 12.0 6:18p NNE
13 59.2 74.2 5:25p 43.3 6:50a 7.9 2.0 0.00 0.4 10.0 10:51a NNW
14 68.6 83.0 4:39p 52.3 1:06a 2.8 6.4 0.00 1.5 25.0 4:58p WSW
15 63.2 78.6 4:59p 50.4 5:53a 5.0 3.1 0.00 0.1 7.0 11:12a NE
16 71.0 87.6 4:38p 52.0 4:49a 4.0 10.0 0.00 0.9 17.0 3:47p SSW
17 75.0 87.2 2:43p 60.7 6:25a 0.4 10.4 0.00 1.5 29.0 2:44p SSW
18 76.1 82.4 12:00p 68.3 6:37a 0.0 11.1 0.07 1.4 20.0 11:44a SSW
19 73.1 84.9 3:04p 60.5 11:51p 0.3 8.4 1.11 0.4 18.0 6:20p SSW
20 64.8 75.6 5:43p 56.6 7:21a 3.3 3.1 0.01 0.1 8.0 12:27a NE
21 69.2 73.2 6:50p 65.8 3:48a 0.0 4.2 0.25 0.6 19.0 12:23p SSW
22 62.0 70.3 3:33p 51.3 12:00m 3.9 0.9 0.00 0.6 16.0 3:13a WSW
23 62.4 75.4 3:27p 48.9 4:50a 5.5 2.9 0.00 0.0 7.0 12:28p NE
24 63.0 67.3 3:56p 58.7 4:29a 2.3 0.3 0.01 0.0 6.0 12:01a ENE
25 61.6 69.1 4:03p 57.2 11:00a 4.0 0.6 0.26 0.7 15.0 1:09p SSW
26 65.9 76.7 4:32p 56.6 6:37a 2.6 3.6 0.00 1.1 18.0 12:57p WSW
27 70.5 83.4 5:02p 61.2 2:38a 1.2 6.7 0.29 0.1 11.0 12:44a NNW
28 71.9 80.1 4:16p 65.6 2:34a 0.0 6.9 0.00 1.6 18.0 3:52p SSW
29 71.4 81.4 4:15p 61.3 6:15a 0.5 6.9 0.03 1.0 21.0 4:10p SW
30 69.4 81.6 3:19p 56.9 6:27a 1.7 6.1 0.00 0.8 25.0 7:07p WSW
31 66.4 81.1 3:46p 50.8 5:56a 4.0 5.3 0.00 1.2 22.0 2:40p SW
-------------------------------------------------------------------------------------
62.7 87.6 16 32.1 8 177.9 104.9 4.12 1.0 36.0 2 SSW
Max >= 90.0: 0
Max <= 32.0: 0
Min <= 32.0: 0
Min <= 0.0: 0
Max Rain: 1.11 ON 05/19/17
Days of Rain: 13 (>.01 in) 9 (>.1 in) 1 (>1 in)
Heat Base: 65.0 Cool Base: 65.0 Method: Integration
|