2024: Jan | Feb | Mar | Apr | May | Jun | Jul | Aug | Sep | Oct | Nov | Dec
2023: Jan | Feb | Mar | Apr | May | Jun | Jul | Aug | Sep | Oct | Nov | Dec
2022: Jan | Feb | Mar | Apr | May | Jun | Jul | Aug | Sep | Oct | Nov | Dec
2021: Jan | Feb | Mar | Apr | May | Jun | Jul | Aug | Sep | Oct | Nov | Dec
2020: Jan | Feb | Mar | Apr | May | Jun | Jul | Aug | Sep | Oct | Nov | Dec
2019: Jan | Feb | Mar | Apr | May | Jun | Jul | Aug | Sep | Oct | Nov | Dec
2018: Jan | Feb | Mar | Apr | May | Jun | Jul | Aug | Sep | Oct | Nov | Dec
2017: Jan | Feb | Mar | Apr | May | Jun | Jul | Aug | Sep | Oct | Nov | Dec
2016: Jan | Feb | Mar | Apr | May | Jun | Jul | Aug | Sep | Oct | Nov | Dec
2015: Jan | Feb | Mar | Apr | May | Jun | Jul | Aug | Sep | Oct | Nov | Dec
2014: Jan | Feb | Mar | Apr | May | Jun | Jul | Aug | Sep | Oct | Nov | Dec
2013: Jan | Feb | Mar | Apr | May | Jun | Jul | Aug | Sep | Oct | Nov | Dec
2012: Jan | Feb | Mar | Apr | May | Jun | Jul | Aug | Sep | Oct | Nov | Dec
2011: Jan | Feb | Mar | Apr | May | Jun | Jul | Aug | Sep | Oct | Nov | Dec
2010: Jan | Feb | Mar | Apr | May | Jun | Jul | Aug | Sep | Oct | Nov | Dec
2009: Jan | Feb | Mar | Apr | May | Jun | Jul | Aug | Sep | Oct | Nov | Dec
2008: Jan | Feb | Mar | Apr | May | Jun | Jul | Aug | Sep | Oct | Nov | Dec
2007: Jan | Feb | Mar | Apr | May | Jun | Jul | Aug | Sep | Oct | Nov | Dec
2006: Jan | Feb | Mar | Apr | May | Jun | Jul | Aug | Sep | Oct | Nov | Dec
2005: Jan | Feb | Mar | Apr | May | Jun | Jul | Aug | Sep | Oct | Nov | Dec
2004: Jan | Feb | Mar | Apr | May | Jun | Jul | Aug | Sep | Oct | Nov | Dec
2003: Jan | Feb | Mar | Apr | May | Jun | Jul | Aug | Sep | Oct | Nov | Dec
Report for 2017 08
MONTHLY CLIMATOLOGICAL SUMMARY for AUG. 2017
NAME: Station1 CITY: Lancaster STATE: Ohio
ELEV: 958 ft LAT: 39° 45' 15" N LONG: 82° 34' 05" W
TEMPERATURE (°F), RAIN (in), WIND SPEED (mph)
HEAT COOL AVG
MEAN DEG DEG WIND DOM
DAY TEMP HIGH TIME LOW TIME DAYS DAYS RAIN SPEED HIGH TIME DIR
------------------------------------------------------------------------------------
1 73.2 88.0 3:55p 59.6 6:35a 0.9 9.1 0.00 0.0 7.0 3:36p WSW
2 71.0 80.9 2:12p 63.2 6:48a 0.2 6.2 0.55 0.3 36.0 3:27p S
3 73.9 84.7 3:14p 62.3 5:30a 0.4 9.3 0.00 0.5 14.0 1:51p SSW
4 71.1 79.0 3:00p 60.5 10:51p 0.3 6.4 0.13 1.9 27.0 1:01p SSW
5 66.7 77.2 4:34p 55.6 7:02a 2.5 4.1 0.00 0.8 15.0 2:33p SW
6 65.8 71.5 2:14p 59.3 2:14a 1.6 2.4 0.00 0.0 7.0 1:34p SSW
7 65.1 72.7 5:23p 61.6 6:23a 1.3 1.4 0.21 0.0 7.0 2:33p NNE
8 67.9 80.9 3:05p 56.3 6:02a 2.7 5.6 0.00 0.4 13.0 11:17a NNE
9 67.5 83.4 5:14p 52.2 6:15a 3.9 6.4 0.00 0.0 7.0 2:05p NE
10 67.8 79.8 2:40p 56.7 2:03a 2.4 5.2 1.24 0.1 17.0 11:40p SSW
11 71.6 84.5 1:29p 65.6 6:31a 0.0 6.6 0.54 0.2 12.0 12:59p SSW
12 70.5 81.2 2:26p 60.2 11:57p 0.3 5.8 0.02 0.5 16.0 4:43p NNW
13 68.7 83.6 4:29p 55.3 6:47a 2.7 6.4 0.00 0.1 7.0 3:40p NE
14 70.7 82.8 4:09p 60.7 2:59a 1.1 6.8 0.00 0.0 7.0 5:31p S
15 75.8 88.8 4:49p 64.2 7:03a 0.0 10.8 0.00 0.2 11.0 3:42p WSW
16 76.9 92.1 5:17p 66.4 7:01a 0.0 11.8 0.00 0.0 8.0 3:27p SW
17 76.5 90.5 2:58p 69.1 5:32a 0.0 11.5 0.54 1.2 25.0 5:17p SSW
18 77.4 85.1 4:22p 71.1 11:59p 0.0 12.3 0.01 1.0 18.0 3:49p SW
19 73.0 85.9 3:16p 64.0 4:38a 0.1 8.1 0.10 0.8 19.0 4:10p SSW
20 73.7 87.0 4:37p 61.5 7:03a 0.7 9.4 0.01 0.0 8.0 1:36p SSW
21 78.1 89.5 1:21p 67.3 5:41a 0.0 13.1 0.00 0.3 13.0 4:44p SSW
22 76.9 85.9 12:49p 70.9 11:59p 0.0 11.8 0.07 1.1 19.0 10:11a SSW
23 69.2 79.8 2:51p 58.1 7:14a 1.2 5.4 0.00 0.5 10.0 1:08a NNW
24 64.7 78.1 4:00p 52.9 6:55a 3.8 3.4 0.00 0.8 15.0 4:01p NNW
25 64.3 77.4 2:42p 52.9 7:13a 4.2 3.5 0.00 0.2 10.0 12:23p NNE
26 63.0 77.9 4:20p 49.2 7:10a 5.9 3.9 0.00 0.3 11.0 12:47p NNE
27 64.9 81.8 4:04p 50.1 4:56a 5.2 5.1 0.00 0.1 7.0 12:27p NE
28 66.5 74.2 11:52a 62.1 2:33a 0.8 2.3 0.04 0.1 14.0 11:24a S
29 69.1 80.9 4:45p 60.1 6:19a 1.0 5.1 0.01 0.0 6.0 11:16a SSW
30 68.1 81.2 3:51p 57.6 5:20a 1.7 4.9 0.00 0.2 10.0 12:53p NNW
31 68.0 81.6 4:58p 58.1 6:50a 2.1 5.1 0.00 0.6 14.0 10:46p NNE
-------------------------------------------------------------------------------------
70.2 92.1 16 49.2 26 47.0 209.2 3.47 0.4 36.0 2 SSW
Max >= 90.0: 2
Max <= 32.0: 0
Min <= 32.0: 0
Min <= 0.0: 0
Max Rain: 1.24 ON 08/10/17
Days of Rain: 10 (>.01 in) 6 (>.1 in) 1 (>1 in)
Heat Base: 65.0 Cool Base: 65.0 Method: Integration
|