2024: Jan | Feb | Mar | Apr | May | Jun | Jul | Aug | Sep | Oct | Nov | Dec
2023: Jan | Feb | Mar | Apr | May | Jun | Jul | Aug | Sep | Oct | Nov | Dec
2022: Jan | Feb | Mar | Apr | May | Jun | Jul | Aug | Sep | Oct | Nov | Dec
2021: Jan | Feb | Mar | Apr | May | Jun | Jul | Aug | Sep | Oct | Nov | Dec
2020: Jan | Feb | Mar | Apr | May | Jun | Jul | Aug | Sep | Oct | Nov | Dec
2019: Jan | Feb | Mar | Apr | May | Jun | Jul | Aug | Sep | Oct | Nov | Dec
2018: Jan | Feb | Mar | Apr | May | Jun | Jul | Aug | Sep | Oct | Nov | Dec
2017: Jan | Feb | Mar | Apr | May | Jun | Jul | Aug | Sep | Oct | Nov | Dec
2016: Jan | Feb | Mar | Apr | May | Jun | Jul | Aug | Sep | Oct | Nov | Dec
2015: Jan | Feb | Mar | Apr | May | Jun | Jul | Aug | Sep | Oct | Nov | Dec
2014: Jan | Feb | Mar | Apr | May | Jun | Jul | Aug | Sep | Oct | Nov | Dec
2013: Jan | Feb | Mar | Apr | May | Jun | Jul | Aug | Sep | Oct | Nov | Dec
2012: Jan | Feb | Mar | Apr | May | Jun | Jul | Aug | Sep | Oct | Nov | Dec
2011: Jan | Feb | Mar | Apr | May | Jun | Jul | Aug | Sep | Oct | Nov | Dec
2010: Jan | Feb | Mar | Apr | May | Jun | Jul | Aug | Sep | Oct | Nov | Dec
2009: Jan | Feb | Mar | Apr | May | Jun | Jul | Aug | Sep | Oct | Nov | Dec
2008: Jan | Feb | Mar | Apr | May | Jun | Jul | Aug | Sep | Oct | Nov | Dec
2007: Jan | Feb | Mar | Apr | May | Jun | Jul | Aug | Sep | Oct | Nov | Dec
2006: Jan | Feb | Mar | Apr | May | Jun | Jul | Aug | Sep | Oct | Nov | Dec
2005: Jan | Feb | Mar | Apr | May | Jun | Jul | Aug | Sep | Oct | Nov | Dec
2004: Jan | Feb | Mar | Apr | May | Jun | Jul | Aug | Sep | Oct | Nov | Dec
2003: Jan | Feb | Mar | Apr | May | Jun | Jul | Aug | Sep | Oct | Nov | Dec
Report for 2017 09
MONTHLY CLIMATOLOGICAL SUMMARY for SEP. 2017
NAME: Station1 CITY: Lancaster STATE: Ohio
ELEV: 958 ft LAT: 39° 45' 15" N LONG: 82° 34' 05" W
TEMPERATURE (°F), RAIN (in), WIND SPEED (mph)
HEAT COOL AVG
MEAN DEG DEG WIND DOM
DAY TEMP HIGH TIME LOW TIME DAYS DAYS RAIN SPEED HIGH TIME DIR
------------------------------------------------------------------------------------
1 56.5 60.4 12:01a 52.5 11:55p 8.5 0.0 0.32 0.9 22.0 11:12a NE
2 56.5 61.6 5:28p 51.7 6:11a 8.5 0.0 0.75 0.2 12.0 12:07a NE
3 65.7 79.4 5:25p 58.0 11:58p 3.1 3.8 0.02 0.8 13.0 6:46a SW
4 69.8 84.7 4:27p 53.5 7:00a 3.4 8.2 0.00 1.9 21.0 4:32p SSW
5 67.5 75.3 12:39a 53.9 11:59p 1.0 3.5 0.36 0.7 18.0 3:07a SW
6 57.3 68.9 1:24p 46.0 7:30a 8.2 0.6 0.00 0.2 11.0 1:02p SW
7 57.3 67.4 1:50p 47.4 6:19a 7.9 0.2 0.00 0.8 18.0 2:51p SW
8 60.1 70.9 12:30p 50.8 11:59p 5.9 1.0 0.00 0.4 11.0 12:22p SW
9 58.2 73.9 3:53p 45.2 7:28a 8.3 1.6 0.00 0.2 12.0 12:49p NNE
10 57.2 72.3 2:42p 44.5 5:29a 9.1 1.3 0.00 0.1 10.0 1:27p NNE
11 58.8 71.3 2:53p 46.7 7:11a 7.4 1.2 0.00 0.1 7.0 12:39p NE
12 62.2 76.5 3:35p 54.2 6:53a 4.5 1.7 0.40 0.1 10.0 11:52a NNE
13 64.5 72.1 11:59a 59.6 11:43p 2.1 1.7 0.32 0.4 17.0 4:52p SSW
14 62.6 69.4 2:59p 58.1 11:55p 3.0 0.6 0.10 0.0 6.0 8:34a SSE
15 64.7 79.4 3:34p 53.2 7:13a 4.1 3.8 0.01 0.0 6.0 12:30p SE
16 67.4 82.4 1:47p 56.9 3:07a 2.8 5.2 0.00 0.0 5.0 1:30p NNE
17 69.0 84.1 2:09p 57.3 7:14a 2.4 6.4 0.00 0.0 7.0 2:51p NNE
18 69.9 84.7 2:58p 56.3 6:48a 2.4 7.3 0.00 0.1 8.0 2:06p SSW
19 70.9 80.7 3:15p 65.3 11:48p 0.0 5.9 0.00 0.1 10.0 2:29p SSW
20 72.6 84.5 1:51p 64.7 2:40a 0.0 7.6 0.00 0.0 7.0 12:57p SSW
21 73.7 89.9 3:19p 61.2 7:31a 0.5 9.2 0.00 0.0 6.0 12:11p NNW
22 74.1 89.5 3:03p 61.8 7:35a 0.3 9.5 0.00 0.0 5.0 1:56p SW
23 73.0 90.5 3:08p 60.2 7:41a 1.0 9.0 0.00 0.1 8.0 12:52p NE
24 72.0 88.6 3:33p 57.3 7:52a 1.9 8.9 0.00 0.0 8.0 4:03p ENE
25 73.0 90.3 3:36p 61.0 7:36a 0.7 8.7 0.00 0.0 7.0 2:04p SW
26 74.5 92.1 2:48p 59.3 7:39a 1.1 10.6 0.00 0.1 10.0 2:52p NW
27 74.7 92.5 2:48p 59.6 7:30a 1.0 10.7 0.00 0.7 14.0 9:00p NNW
28 64.5 75.4 3:41p 52.5 11:58p 3.1 2.7 0.00 0.8 12.0 12:50p NNW
29 59.3 77.7 4:11p 42.5 7:32a 8.4 2.8 0.00 0.5 18.0 2:05p NNW
30 55.0 69.8 3:32p 43.9 6:45a 10.5 0.6 0.00 0.3 11.0 12:31p NNE
-------------------------------------------------------------------------------------
65.4 92.5 27 42.5 29 121.1 134.3 2.28 0.3 22.0 1 SSW
Max >= 90.0: 4
Max <= 32.0: 0
Min <= 32.0: 0
Min <= 0.0: 0
Max Rain: 0.75 ON 09/02/17
Days of Rain: 7 (>.01 in) 5 (>.1 in) 0 (>1 in)
Heat Base: 65.0 Cool Base: 65.0 Method: Integration
|