Weather Information | Photos of Local Events | Personal Weather Stations Links | Lancaster Links | Site Map

NOAA Report Archive
(Reports Generated by WeatherLink)
2018: Jan | Feb | Mar | Apr | May | Jun | Jul | Aug | Sep | Oct | Nov | Dec 
2017: Jan | Feb | Mar | Apr | May | Jun | Jul | Aug | Sep | Oct | Nov | Dec 
2016: Jan | Feb | Mar | Apr | May | Jun | Jul | Aug | Sep | Oct | Nov | Dec 
2015: Jan | Feb | Mar | Apr | May | Jun | Jul | Aug | Sep | Oct | Nov | Dec 
2014: Jan | Feb | Mar | Apr | May | Jun | Jul | Aug | Sep | Oct | Nov | Dec 
2013: Jan | Feb | Mar | Apr | May | Jun | Jul | Aug | Sep | Oct | Nov | Dec 
2012: Jan | Feb | Mar | Apr | May | Jun | Jul | Aug | Sep | Oct | Nov | Dec 
2011: Jan | Feb | Mar | Apr | May | Jun | Jul | Aug | Sep | Oct | Nov | Dec 
2010: Jan | Feb | Mar | Apr | May | Jun | Jul | Aug | Sep | Oct | Nov | Dec 
2009: Jan | Feb | Mar | Apr | May | Jun | Jul | Aug | Sep | Oct | Nov | Dec 
2008: Jan | Feb | Mar | Apr | May | Jun | Jul | Aug | Sep | Oct | Nov | Dec 
2007: Jan | Feb | Mar | Apr | May | Jun | Jul | Aug | Sep | Oct | Nov | Dec 
2006: Jan | Feb | Mar | Apr | May | Jun | Jul | Aug | Sep | Oct | Nov | Dec 
2005: Jan | Feb | Mar | Apr | May | Jun | Jul | Aug | Sep | Oct | Nov | Dec 
2004: Jan | Feb | Mar | Apr | May | Jun | Jul | Aug | Sep | Oct | Nov | Dec 
2003: Jan | Feb | Mar | Apr | May | Jun | Jul | Aug | Sep | Oct | Nov | Dec 

Report for 2017 10
MONTHLY CLIMATOLOGICAL SUMMARY for OCT. 2017 NAME: Station1 CITY: Lancaster STATE: Ohio ELEV: 958 ft LAT: 39 45' 15" N LONG: 82 34' 05" W TEMPERATURE (F), RAIN (in), WIND SPEED (mph) HEAT COOL AVG MEAN DEG DEG WIND DOM DAY TEMP HIGH TIME LOW TIME DAYS DAYS RAIN SPEED HIGH TIME DIR ------------------------------------------------------------------------------------ 1 54.1 70.3 3:57p 39.2 7:31a 11.8 0.9 0.00 0.0 10.0 3:27p ENE 2 57.8 78.5 4:25p 41.5 7:38a 10.4 3.2 0.00 0.1 10.0 2:08p SSW 3 61.7 81.8 3:56p 43.3 7:01a 8.0 4.8 0.00 0.1 9.0 2:41p SSW 4 67.4 85.7 3:55p 51.7 6:38a 4.2 6.6 0.00 0.4 13.0 12:41p SSW 5 64.1 67.8 3:13p 58.3 11:42p 1.6 0.7 0.29 0.2 11.0 9:27a SSW 6 65.6 77.6 2:39p 56.9 2:45a 2.3 2.9 0.01 0.1 10.0 2:03p SSW 7 72.1 84.7 3:28p 60.7 7:19a 1.2 8.3 0.00 1.6 22.0 5:00p S 8 66.9 77.0 12:01a 62.1 7:59a 0.3 2.3 1.76 0.7 22.0 1:05a SSW 9 69.8 73.0 4:48p 62.7 11:59p 0.1 4.9 0.15 0.3 11.0 5:46a SW 10 66.0 74.7 3:19p 56.5 7:07a 2.4 3.3 0.01 0.0 6.0 12:53p NNE 11 68.8 80.9 1:48p 61.2 11:49p 0.5 4.3 0.29 1.2 20.0 2:23p SW 12 60.0 64.0 5:02p 53.5 12:00m 5.0 0.0 0.00 0.1 11.0 12:34a WSW 13 62.3 76.8 3:43p 51.6 1:59a 5.5 2.8 0.01 0.2 10.0 1:54p SSW 14 64.0 80.3 4:34p 50.1 6:24a 5.3 4.3 0.00 0.1 14.0 5:15p S 15 65.0 76.5 3:00p 53.2 11:44p 2.6 2.6 0.32 2.8 29.0 11:47a SSW 16 50.9 60.7 3:51p 39.6 11:53p 14.1 0.0 0.00 1.3 14.0 12:19p NNW 17 49.2 67.1 3:56p 34.4 7:39a 15.9 0.1 0.00 0.6 16.0 3:07p SSW 18 51.9 70.8 4:47p 36.9 7:25a 14.0 0.9 0.00 0.2 11.0 1:31p SSW 19 55.9 74.2 3:57p 38.9 5:36a 10.8 1.7 0.00 0.9 17.0 2:10p SSW 20 58.3 59.0 12:17a 56.5 1:18a 0.4 0.0 0.00 0.1 7.0 12:09a SW 21 57.6 75.3 3:01p 42.3 7:55a 9.1 2.1 0.00 0.0 8.0 3:32p SSW 22 60.9 76.8 2:58p 48.9 7:33a 6.9 2.8 0.00 0.2 12.0 12:38p S 23 59.8 64.5 10:07a 55.0 11:57p 5.2 0.0 0.35 1.0 22.0 11:43p S 24 49.7 55.7 2:49p 43.8 11:35p 15.2 0.0 0.22 3.0 26.0 4:28p SSW 25 43.3 46.7 2:54p 37.3 12:00m 21.6 0.0 0.03 1.3 17.0 3:49a SSW 26 42.8 57.0 3:30p 30.1 8:03a 22.2 0.0 0.00 0.2 12.0 12:44p SSW 27 55.4 71.1 3:22p 41.8 12:01a 10.5 0.9 0.00 1.5 22.0 3:21p S 28 39.8 48.8 12:01a 36.0 11:37a 25.1 0.0 0.43 0.3 11.0 3:10a NW 29 39.1 42.8 4:52p 34.7 3:50a 25.9 0.0 0.00 0.6 12.0 9:14p NW 30 39.6 44.2 5:56p 33.1 6:33a 25.4 0.0 0.01 3.0 22.0 6:07p SSW 31 38.9 46.2 2:16p 31.8 11:29p 26.0 0.0 0.00 1.2 18.0 10:52a SW ------------------------------------------------------------------------------------- 56.7 85.7 4 30.1 26 309.5 60.4 3.88 0.8 29.0 15 SSW Max >= 90.0: 0 Max <= 32.0: 0 Min <= 32.0: 2 Min <= 0.0: 0 Max Rain: 1.76 ON 10/08/17 Days of Rain: 9 (>.01 in) 8 (>.1 in) 1 (>1 in) Heat Base: 65.0 Cool Base: 65.0 Method: Integration
 
USA Weather Finder