2024: Jan | Feb | Mar | Apr | May | Jun | Jul | Aug | Sep | Oct | Nov | Dec
2023: Jan | Feb | Mar | Apr | May | Jun | Jul | Aug | Sep | Oct | Nov | Dec
2022: Jan | Feb | Mar | Apr | May | Jun | Jul | Aug | Sep | Oct | Nov | Dec
2021: Jan | Feb | Mar | Apr | May | Jun | Jul | Aug | Sep | Oct | Nov | Dec
2020: Jan | Feb | Mar | Apr | May | Jun | Jul | Aug | Sep | Oct | Nov | Dec
2019: Jan | Feb | Mar | Apr | May | Jun | Jul | Aug | Sep | Oct | Nov | Dec
2018: Jan | Feb | Mar | Apr | May | Jun | Jul | Aug | Sep | Oct | Nov | Dec
2017: Jan | Feb | Mar | Apr | May | Jun | Jul | Aug | Sep | Oct | Nov | Dec
2016: Jan | Feb | Mar | Apr | May | Jun | Jul | Aug | Sep | Oct | Nov | Dec
2015: Jan | Feb | Mar | Apr | May | Jun | Jul | Aug | Sep | Oct | Nov | Dec
2014: Jan | Feb | Mar | Apr | May | Jun | Jul | Aug | Sep | Oct | Nov | Dec
2013: Jan | Feb | Mar | Apr | May | Jun | Jul | Aug | Sep | Oct | Nov | Dec
2012: Jan | Feb | Mar | Apr | May | Jun | Jul | Aug | Sep | Oct | Nov | Dec
2011: Jan | Feb | Mar | Apr | May | Jun | Jul | Aug | Sep | Oct | Nov | Dec
2010: Jan | Feb | Mar | Apr | May | Jun | Jul | Aug | Sep | Oct | Nov | Dec
2009: Jan | Feb | Mar | Apr | May | Jun | Jul | Aug | Sep | Oct | Nov | Dec
2008: Jan | Feb | Mar | Apr | May | Jun | Jul | Aug | Sep | Oct | Nov | Dec
2007: Jan | Feb | Mar | Apr | May | Jun | Jul | Aug | Sep | Oct | Nov | Dec
2006: Jan | Feb | Mar | Apr | May | Jun | Jul | Aug | Sep | Oct | Nov | Dec
2005: Jan | Feb | Mar | Apr | May | Jun | Jul | Aug | Sep | Oct | Nov | Dec
2004: Jan | Feb | Mar | Apr | May | Jun | Jul | Aug | Sep | Oct | Nov | Dec
2003: Jan | Feb | Mar | Apr | May | Jun | Jul | Aug | Sep | Oct | Nov | Dec
Report for 2017 11
MONTHLY CLIMATOLOGICAL SUMMARY for NOV. 2017
NAME: Station1 CITY: Lancaster STATE: Ohio
ELEV: 958 ft LAT: 39° 45' 15" N LONG: 82° 34' 05" W
TEMPERATURE (°F), RAIN (in), WIND SPEED (mph)
HEAT COOL AVG
MEAN DEG DEG WIND DOM
DAY TEMP HIGH TIME LOW TIME DAYS DAYS RAIN SPEED HIGH TIME DIR
------------------------------------------------------------------------------------
1 40.3 49.8 11:59p 32.1 12:01a 24.6 0.0 0.23 0.0 3.0 1:21p SSW
2 60.8 70.3 2:09p 49.8 12:01a 5.1 0.9 0.03 1.2 24.0 1:24p S
3 55.7 65.2 12:14a 42.2 11:40p 9.3 0.0 0.33 1.7 16.0 2:20a NNE
4 50.4 64.5 4:17p 39.9 6:00a 14.5 0.0 0.00 0.1 11.0 3:26p NE
5 64.0 74.2 3:29p 58.7 12:01a 2.9 1.9 2.58 1.8 22.0 1:38p SSW
6 50.9 59.9 2:14a 40.2 11:56p 14.1 0.0 0.52 2.0 18.0 5:49a N
7 41.7 46.1 3:40p 37.9 11:12p 23.3 0.0 0.09 0.9 16.0 2:51p NNE
8 40.9 52.9 3:22p 32.9 11:59p 24.0 0.0 0.00 0.4 12.0 11:13a NNE
9 42.0 54.8 3:09p 29.7 7:19a 23.0 0.0 0.00 1.6 20.0 10:23p WSW
10 29.2 36.8 12:01a 24.4 11:15p 35.8 0.0 0.00 2.6 19.0 8:42a NNW
11 28.8 37.9 2:51p 21.1 6:48a 36.1 0.0 0.00 0.1 10.0 1:18a ENE
12 40.5 51.0 2:17p 29.4 12:01a 24.5 0.0 0.10 0.0 5.0 12:52p NNE
13 40.4 44.6 12:50p 38.2 4:50a 24.6 0.0 0.00 1.2 12.0 4:39a NNW
14 39.0 49.4 3:22p 29.0 7:37a 26.0 0.0 0.00 0.1 8.0 12:03p ENE
15 40.3 49.1 2:32p 29.8 4:09a 24.7 0.0 0.11 1.6 19.0 8:37p SSW
16 40.0 47.7 12:01a 36.0 7:51a 25.0 0.0 0.00 2.2 24.0 5:34a WSW
17 41.4 49.2 3:31p 37.0 6:21a 23.5 0.0 0.00 0.3 10.0 11:51p E
18 52.4 65.3 4:27p 37.8 12:00m 12.6 0.0 0.55 3.7 34.0 8:03p S
19 37.0 40.9 12:12p 30.4 9:53p 28.0 0.0 0.07 3.1 25.0 1:29p W
20 35.4 47.0 3:01p 26.3 6:38a 29.6 0.0 0.00 1.3 17.0 3:25p SSW
21 46.7 58.1 1:51p 35.8 12:01a 18.2 0.0 0.00 3.7 29.0 11:41a SSW
22 34.0 43.8 12:01a 25.3 11:46p 31.0 0.0 0.06 1.2 18.0 12:37a NW
23 31.2 42.3 1:55p 21.6 6:02a 33.8 0.0 0.00 0.1 10.0 12:20p SSW
24 41.3 56.9 2:39p 26.4 5:46a 23.7 0.0 0.00 0.9 18.0 11:10p S
25 49.8 58.4 2:37p 37.8 11:56p 15.2 0.0 0.00 3.0 24.0 4:46a SSW
26 37.7 46.2 2:36p 29.7 7:28a 27.2 0.0 0.00 0.6 16.0 2:59p NW
27 45.2 60.2 3:22p 34.6 6:12a 19.8 0.0 0.00 0.4 12.0 2:40p SSW
28 51.8 65.0 2:38p 39.6 7:11a 13.1 0.0 0.00 2.2 22.0 12:26p SSW
29 49.0 59.5 2:30p 37.2 8:11p 16.0 0.0 0.00 0.8 17.0 12:18a SW
30 45.8 57.3 11:26a 38.8 11:57p 19.2 0.0 0.15 0.7 16.0 12:04p SW
-------------------------------------------------------------------------------------
43.5 74.2 5 21.1 11 648.4 2.8 4.82 1.3 34.0 18 SSW
Max >= 90.0: 0
Max <= 32.0: 0
Min <= 32.0: 12
Min <= 0.0: 0
Max Rain: 2.58 ON 11/05/17
Days of Rain: 12 (>.01 in) 7 (>.1 in) 1 (>1 in)
Heat Base: 65.0 Cool Base: 65.0 Method: Integration
|