Weather Information | Photos of Local Events | Personal Weather Stations Links | Lancaster Links | Site Map

NOAA Report Archive
(Reports Generated by WeatherLink)
2018: Jan | Feb | Mar | Apr | May | Jun | Jul | Aug | Sep | Oct | Nov | Dec 
2017: Jan | Feb | Mar | Apr | May | Jun | Jul | Aug | Sep | Oct | Nov | Dec 
2016: Jan | Feb | Mar | Apr | May | Jun | Jul | Aug | Sep | Oct | Nov | Dec 
2015: Jan | Feb | Mar | Apr | May | Jun | Jul | Aug | Sep | Oct | Nov | Dec 
2014: Jan | Feb | Mar | Apr | May | Jun | Jul | Aug | Sep | Oct | Nov | Dec 
2013: Jan | Feb | Mar | Apr | May | Jun | Jul | Aug | Sep | Oct | Nov | Dec 
2012: Jan | Feb | Mar | Apr | May | Jun | Jul | Aug | Sep | Oct | Nov | Dec 
2011: Jan | Feb | Mar | Apr | May | Jun | Jul | Aug | Sep | Oct | Nov | Dec 
2010: Jan | Feb | Mar | Apr | May | Jun | Jul | Aug | Sep | Oct | Nov | Dec 
2009: Jan | Feb | Mar | Apr | May | Jun | Jul | Aug | Sep | Oct | Nov | Dec 
2008: Jan | Feb | Mar | Apr | May | Jun | Jul | Aug | Sep | Oct | Nov | Dec 
2007: Jan | Feb | Mar | Apr | May | Jun | Jul | Aug | Sep | Oct | Nov | Dec 
2006: Jan | Feb | Mar | Apr | May | Jun | Jul | Aug | Sep | Oct | Nov | Dec 
2005: Jan | Feb | Mar | Apr | May | Jun | Jul | Aug | Sep | Oct | Nov | Dec 
2004: Jan | Feb | Mar | Apr | May | Jun | Jul | Aug | Sep | Oct | Nov | Dec 
2003: Jan | Feb | Mar | Apr | May | Jun | Jul | Aug | Sep | Oct | Nov | Dec 

Report for 2017 12
MONTHLY CLIMATOLOGICAL SUMMARY for DEC. 2017 NAME: Station1 CITY: Lancaster STATE: Ohio ELEV: 958 ft LAT: 39 45' 15" N LONG: 82 34' 05" W TEMPERATURE (F), RAIN (in), WIND SPEED (mph) HEAT COOL AVG MEAN DEG DEG WIND DOM DAY TEMP HIGH TIME LOW TIME DAYS DAYS RAIN SPEED HIGH TIME DIR ------------------------------------------------------------------------------------ 1 38.6 52.9 2:49p 29.5 7:47a 26.4 0.0 0.00 0.0 6.0 12:12p NNW 2 38.0 53.2 3:01p 26.9 7:04a 27.0 0.0 0.00 0.1 8.0 4:16p SSW 3 40.2 58.1 3:11p 29.1 7:27a 24.8 0.0 0.00 0.2 8.0 1:29p SW 4 46.4 59.2 2:33p 32.1 1:38a 18.6 0.0 0.01 0.7 17.0 12:48p S 5 45.6 55.3 4:59a 30.6 11:56p 19.4 0.0 0.33 2.4 25.0 5:47p SSW 6 35.5 46.1 2:27p 28.8 5:34a 29.5 0.0 0.00 3.8 28.0 1:08p SSW 7 30.4 36.3 1:33p 22.7 11:59p 34.6 0.0 0.00 2.3 24.0 12:45p W 8 24.2 31.0 2:27p 19.2 3:51a 40.5 0.0 0.00 0.8 14.0 3:00p SSW 9 25.9 34.1 12:51p 17.7 7:44a 38.9 0.0 0.01 1.5 21.0 3:10p SSW 10 29.6 34.3 11:56p 26.3 7:33a 35.2 0.0 0.00 2.8 22.0 10:49a SSW 11 34.5 40.3 12:00m 30.7 8:38a 30.4 0.0 0.00 0.8 17.0 12:11a S 12 27.8 41.2 12:22a 18.0 11:00p 37.2 0.0 0.08 4.3 27.0 1:39a NW 13 23.8 39.8 10:48p 14.8 6:39a 41.2 0.0 0.03 1.4 29.0 11:10p S 14 26.1 35.8 12:01a 20.5 11:21p 38.7 0.0 0.00 2.3 31.0 12:21a NNW 15 25.9 30.3 2:44p 20.2 1:01a 39.0 0.0 0.00 2.0 22.0 3:44p SW 16 38.0 48.0 3:21p 29.8 12:01a 27.0 0.0 0.00 3.0 29.0 1:25p SSW 17 38.4 43.2 3:41p 31.9 12:08a 26.6 0.0 0.00 0.2 11.0 10:58p SSW 18 43.2 46.5 2:58p 40.1 2:12a 21.8 0.0 0.01 2.3 18.0 1:22p SSW 19 46.0 50.7 12:37p 42.1 10:39p 19.0 0.0 0.00 4.0 28.0 9:28a SSW 20 38.3 46.8 3:01p 30.3 11:10p 26.7 0.0 0.00 0.3 8.0 9:42a NNW 21 38.4 49.8 3:17p 27.3 7:28a 26.6 0.0 0.00 0.2 8.0 1:47p E 22 51.6 55.1 2:53p 42.2 12:01a 13.4 0.0 0.13 1.2 17.0 6:37a SSW 23 40.6 53.9 12:49a 33.1 7:23p 24.4 0.0 0.75 2.6 18.0 11:55a NNW 24 33.0 36.0 2:44p 24.2 12:00m 31.9 0.0 0.06 0.8 30.0 11:32p WSW 25 21.7 26.0 2:18p 18.6 11:40p 43.2 0.0 0.00 4.7 33.0 12:26a WSW 26 17.8 23.0 2:00p 14.0 11:59p 47.2 0.0 0.00 1.3 14.0 12:12a W 27 10.3 17.8 3:04p 4.3 7:45a 54.7 0.0 0.00 1.1 13.0 1:47p NNW 28 10.8 16.7 3:13p 5.0 2:55a 54.1 0.0 0.00 0.3 8.0 2:57p E 29 19.3 23.2 4:05p 13.8 3:22a 45.6 0.0 0.10 1.0 17.0 11:33a WSW 30 15.4 21.9 12:48a 3.9 11:14p 49.6 0.0 0.03 1.3 17.0 2:10p W 31 8.3 18.0 2:54p 1.3 11:57p 56.7 0.0 0.01 0.1 6.0 2:38p NNW ------------------------------------------------------------------------------------- 31.1 59.2 4 1.3 31 1049.9 0.0 1.55 1.6 33.0 25 SSW Max >= 90.0: 0 Max <= 32.0: 9 Min <= 32.0: 26 Min <= 0.0: 0 Max Rain: 0.75 ON 12/23/17 Days of Rain: 8 (>.01 in) 3 (>.1 in) 0 (>1 in) Heat Base: 65.0 Cool Base: 65.0 Method: Integration
 
USA Weather Finder