Weather Information | Photos of Local Events | Personal Weather Stations Links | Lancaster Links | Site Map

NOAA Report Archive
(Reports Generated by WeatherLink)
2019: Jan | Feb | Mar | Apr | May | Jun | Jul | Aug | Sep | Oct | Nov | Dec 
2018: Jan | Feb | Mar | Apr | May | Jun | Jul | Aug | Sep | Oct | Nov | Dec 
2017: Jan | Feb | Mar | Apr | May | Jun | Jul | Aug | Sep | Oct | Nov | Dec 
2016: Jan | Feb | Mar | Apr | May | Jun | Jul | Aug | Sep | Oct | Nov | Dec 
2015: Jan | Feb | Mar | Apr | May | Jun | Jul | Aug | Sep | Oct | Nov | Dec 
2014: Jan | Feb | Mar | Apr | May | Jun | Jul | Aug | Sep | Oct | Nov | Dec 
2013: Jan | Feb | Mar | Apr | May | Jun | Jul | Aug | Sep | Oct | Nov | Dec 
2012: Jan | Feb | Mar | Apr | May | Jun | Jul | Aug | Sep | Oct | Nov | Dec 
2011: Jan | Feb | Mar | Apr | May | Jun | Jul | Aug | Sep | Oct | Nov | Dec 
2010: Jan | Feb | Mar | Apr | May | Jun | Jul | Aug | Sep | Oct | Nov | Dec 
2009: Jan | Feb | Mar | Apr | May | Jun | Jul | Aug | Sep | Oct | Nov | Dec 
2008: Jan | Feb | Mar | Apr | May | Jun | Jul | Aug | Sep | Oct | Nov | Dec 
2007: Jan | Feb | Mar | Apr | May | Jun | Jul | Aug | Sep | Oct | Nov | Dec 
2006: Jan | Feb | Mar | Apr | May | Jun | Jul | Aug | Sep | Oct | Nov | Dec 
2005: Jan | Feb | Mar | Apr | May | Jun | Jul | Aug | Sep | Oct | Nov | Dec 
2004: Jan | Feb | Mar | Apr | May | Jun | Jul | Aug | Sep | Oct | Nov | Dec 
2003: Jan | Feb | Mar | Apr | May | Jun | Jul | Aug | Sep | Oct | Nov | Dec 

Report for 2018 01
MONTHLY CLIMATOLOGICAL SUMMARY for JAN. 2018 NAME: Station1 CITY: Lancaster STATE: Ohio ELEV: 958 ft LAT: 39 45' 15" N LONG: 82 34' 05" W TEMPERATURE (F), RAIN (in), WIND SPEED (mph) HEAT COOL AVG MEAN DEG DEG WIND DOM DAY TEMP HIGH TIME LOW TIME DAYS DAYS RAIN SPEED HIGH TIME DIR ------------------------------------------------------------------------------------ 1 4.5 10.9 2:24p -3.1 3:30a 60.3 0.0 0.00 1.2 17.0 12:56p WSW 2 4.1 16.1 3:46p -1.6 11:50p 60.8 0.0 0.00 1.1 16.0 1:49p SSW 3 11.0 27.0 2:14p -6.8 5:42a 53.9 0.0 0.00 0.7 13.0 11:00a SSW 4 13.5 17.3 12:01a 10.2 11:53p 51.5 0.0 0.00 2.7 21.0 1:09p NW 5 8.2 12.8 1:05p 1.7 6:07a 56.8 0.0 0.00 1.0 14.0 12:16p W 6 4.9 16.4 2:01p -5.9 5:04a 59.9 0.0 0.00 0.5 11.0 1:39p W 7 14.0 29.7 11:58p -4.3 4:25a 50.9 0.0 0.00 0.5 13.0 4:08p S 8 33.9 35.6 8:24p 29.7 12:01a 31.1 0.0 0.25 2.6 22.0 2:30p SSW 9 34.4 40.6 3:06p 29.5 9:22p 30.6 0.0 0.00 0.5 13.0 12:19a WSW 10 42.2 55.9 3:18p 28.1 1:19a 22.8 0.0 0.00 0.1 8.0 2:09p S 11 55.4 60.4 11:48a 47.1 12:04a 9.6 0.0 0.40 1.3 19.0 4:59p S 12 42.3 58.7 8:53a 20.6 11:57p 22.7 0.0 0.65 4.7 29.0 6:30p N 13 14.9 20.6 12:01a 8.6 11:59p 50.0 0.0 0.01 5.0 22.0 12:54a NNW 14 9.2 19.4 2:28p -2.8 8:05a 55.8 0.0 0.00 0.1 7.0 2:26p NNE 15 19.7 27.5 8:04p 7.7 12:16a 45.2 0.0 0.14 0.3 11.0 12:33p S 16 12.7 27.0 12:06a 5.6 11:56p 52.1 0.0 0.04 1.1 13.0 11:20a W 17 9.1 14.0 3:17p 5.2 12:25a 55.7 0.0 0.00 0.7 12.0 1:27p SSW 18 19.0 28.1 3:29p 10.4 12:32a 46.0 0.0 0.00 3.9 24.0 2:05p SSW 19 30.5 41.8 3:25p 21.1 3:22a 34.4 0.0 0.00 3.8 20.0 9:24p SSW 20 41.9 48.6 3:18p 36.3 12:09a 23.0 0.0 0.00 4.0 22.0 9:36a SSW 21 47.2 53.3 2:15p 39.5 4:49a 17.6 0.0 0.01 1.1 17.0 1:12p SSW 22 53.0 62.4 12:46p 46.7 6:48a 12.0 0.0 0.36 1.7 31.0 11:32p S 23 41.2 51.0 12:42a 34.1 11:58p 23.7 0.0 0.03 3.9 27.0 4:06p SW 24 31.2 34.1 12:01a 29.1 10:57p 33.8 0.0 0.03 0.8 16.0 3:29a W 25 32.5 40.2 4:34p 28.2 8:09a 32.4 0.0 0.00 0.7 11.0 12:57p SSW 26 42.5 58.0 3:52p 30.4 6:24a 22.4 0.0 0.00 1.5 19.0 11:11a S 27 47.5 50.8 12:35p 44.9 5:32a 17.5 0.0 0.48 1.6 17.0 12:23a S 28 39.1 50.8 4:03p 30.4 11:57p 25.9 0.0 0.00 0.2 6.0 1:27p NNE 29 32.0 43.6 12:58p 23.8 12:00m 33.0 0.0 0.01 2.5 26.0 10:03p NNW 30 21.8 26.0 6:38p 16.4 8:11a 43.2 0.0 0.00 3.3 20.0 7:53a NNW 31 34.4 47.6 3:58p 21.3 12:01a 30.5 0.0 0.00 2.4 27.0 1:20p S ------------------------------------------------------------------------------------- 27.3 62.4 22 -6.8 3 1165.1 0.0 2.41 1.8 31.0 22 SSW Max >= 90.0: 0 Max <= 32.0: 14 Min <= 32.0: 25 Min <= 0.0: 6 Max Rain: 0.65 ON 01/12/18 Days of Rain: 9 (>.01 in) 6 (>.1 in) 0 (>1 in) Heat Base: 65.0 Cool Base: 65.0 Method: Integration
 
USA Weather Finder