2024: Jan | Feb | Mar | Apr | May | Jun | Jul | Aug | Sep | Oct | Nov | Dec
2023: Jan | Feb | Mar | Apr | May | Jun | Jul | Aug | Sep | Oct | Nov | Dec
2022: Jan | Feb | Mar | Apr | May | Jun | Jul | Aug | Sep | Oct | Nov | Dec
2021: Jan | Feb | Mar | Apr | May | Jun | Jul | Aug | Sep | Oct | Nov | Dec
2020: Jan | Feb | Mar | Apr | May | Jun | Jul | Aug | Sep | Oct | Nov | Dec
2019: Jan | Feb | Mar | Apr | May | Jun | Jul | Aug | Sep | Oct | Nov | Dec
2018: Jan | Feb | Mar | Apr | May | Jun | Jul | Aug | Sep | Oct | Nov | Dec
2017: Jan | Feb | Mar | Apr | May | Jun | Jul | Aug | Sep | Oct | Nov | Dec
2016: Jan | Feb | Mar | Apr | May | Jun | Jul | Aug | Sep | Oct | Nov | Dec
2015: Jan | Feb | Mar | Apr | May | Jun | Jul | Aug | Sep | Oct | Nov | Dec
2014: Jan | Feb | Mar | Apr | May | Jun | Jul | Aug | Sep | Oct | Nov | Dec
2013: Jan | Feb | Mar | Apr | May | Jun | Jul | Aug | Sep | Oct | Nov | Dec
2012: Jan | Feb | Mar | Apr | May | Jun | Jul | Aug | Sep | Oct | Nov | Dec
2011: Jan | Feb | Mar | Apr | May | Jun | Jul | Aug | Sep | Oct | Nov | Dec
2010: Jan | Feb | Mar | Apr | May | Jun | Jul | Aug | Sep | Oct | Nov | Dec
2009: Jan | Feb | Mar | Apr | May | Jun | Jul | Aug | Sep | Oct | Nov | Dec
2008: Jan | Feb | Mar | Apr | May | Jun | Jul | Aug | Sep | Oct | Nov | Dec
2007: Jan | Feb | Mar | Apr | May | Jun | Jul | Aug | Sep | Oct | Nov | Dec
2006: Jan | Feb | Mar | Apr | May | Jun | Jul | Aug | Sep | Oct | Nov | Dec
2005: Jan | Feb | Mar | Apr | May | Jun | Jul | Aug | Sep | Oct | Nov | Dec
2004: Jan | Feb | Mar | Apr | May | Jun | Jul | Aug | Sep | Oct | Nov | Dec
2003: Jan | Feb | Mar | Apr | May | Jun | Jul | Aug | Sep | Oct | Nov | Dec
Report for 2018 02
MONTHLY CLIMATOLOGICAL SUMMARY for FEB. 2018
NAME: Station1 CITY: Lancaster STATE: Ohio
ELEV: 958 ft LAT: 39° 45' 15" N LONG: 82° 34' 05" W
TEMPERATURE (°F), RAIN (in), WIND SPEED (mph)
HEAT COOL AVG
MEAN DEG DEG WIND DOM
DAY TEMP HIGH TIME LOW TIME DAYS DAYS RAIN SPEED HIGH TIME DIR
------------------------------------------------------------------------------------
1 39.8 47.1 1:34p 17.3 11:58p 25.1 0.0 0.06 3.4 21.0 3:46p SSW
2 15.3 20.2 3:23p 10.4 7:34a 49.7 0.0 0.00 2.0 24.0 2:48a NW
3 24.4 35.8 12:00m 13.3 2:41a 40.5 0.0 0.00 1.4 17.0 10:30p S
4 33.4 39.1 1:22a 20.2 11:58p 31.6 0.0 0.22 2.4 28.0 1:46a S
5 18.7 25.6 3:19p 7.0 8:07a 46.2 0.0 0.00 1.1 18.0 12:22a NNW
6 27.0 31.0 1:24p 22.5 12:03a 38.0 0.0 0.00 0.2 8.0 10:28a NW
7 25.4 30.0 2:00p 18.6 11:08p 39.6 0.0 0.38 1.4 12.0 1:48p NNW
8 23.4 29.1 4:10p 18.9 9:24a 41.6 0.0 0.00 1.0 18.0 1:30p SW
9 32.3 40.5 4:33p 24.5 3:56a 32.7 0.0 0.00 1.2 17.0 1:05p S
10 38.3 45.7 12:24p 32.7 9:59p 26.6 0.0 0.10 0.4 8.0 7:16p N
11 36.3 52.0 12:24p 29.3 12:00m 28.7 0.0 0.19 1.2 19.0 4:06p W
12 30.3 37.8 2:24p 24.8 11:59p 34.6 0.0 0.00 1.4 13.0 2:47a NNW
13 31.0 39.3 3:31p 20.6 7:39a 33.9 0.0 0.00 0.5 12.0 4:22p NE
14 46.0 58.4 9:41p 31.5 3:30a 19.0 0.0 0.05 1.8 25.0 7:15p SSW
15 61.2 66.8 4:38p 56.5 11:46p 4.0 0.2 0.79 4.3 32.0 5:14p SSW
16 43.3 56.6 1:08a 32.5 11:02p 21.6 0.0 0.73 2.9 21.0 8:17a NNW
17 32.0 34.6 11:55p 29.0 6:18a 32.9 0.0 0.11 0.3 12.0 11:57p SW
18 37.2 43.5 3:33p 33.8 2:26a 27.7 0.0 0.01 1.1 18.0 12:07a E
19 55.1 68.8 6:01p 35.2 12:33a 10.6 0.7 0.13 2.4 25.0 1:29p S
20 68.7 79.2 3:04p 60.9 5:02a 1.1 4.7 0.00 3.7 27.0 2:35p S
21 55.1 68.6 1:51a 38.8 11:18p 10.7 0.8 0.15 3.0 21.0 4:59a N
22 40.7 44.9 3:43p 36.5 4:13a 24.3 0.0 0.81 1.8 14.0 1:17p ENE
23 53.6 65.0 2:26p 42.1 12:01a 11.4 0.0 0.37 1.7 24.0 1:49p SSW
24 49.0 54.7 12:01a 46.4 9:15a 16.0 0.0 0.70 1.4 11.0 7:48a E
25 50.5 59.0 5:16a 40.2 11:53p 14.5 0.0 0.22 3.5 31.0 1:48a SSW
26 42.8 54.7 3:13p 32.8 7:40a 22.2 0.0 0.00 0.7 12.0 11:17a NW
27 44.5 61.8 4:49p 29.4 5:50a 20.4 0.0 0.00 1.0 16.0 1:49p S
28 51.7 63.2 12:19p 40.5 12:14a 13.3 0.0 0.00 2.0 20.0 11:18a SSW
-------------------------------------------------------------------------------------
39.5 79.2 20 7.0 5 718.5 6.4 5.02 1.8 32.0 15 SSW
Max >= 90.0: 0
Max <= 32.0: 5
Min <= 32.0: 15
Min <= 0.0: 0
Max Rain: 0.81 ON 02/22/18
Days of Rain: 15 (>.01 in) 12 (>.1 in) 0 (>1 in)
Heat Base: 65.0 Cool Base: 65.0 Method: Integration
|