Weather Information | Photos of Local Events | Personal Weather Stations Links | Lancaster Links | Site Map

NOAA Report Archive
(Reports Generated by WeatherLink)
2019: Jan | Feb | Mar | Apr | May | Jun | Jul | Aug | Sep | Oct | Nov | Dec 
2018: Jan | Feb | Mar | Apr | May | Jun | Jul | Aug | Sep | Oct | Nov | Dec 
2017: Jan | Feb | Mar | Apr | May | Jun | Jul | Aug | Sep | Oct | Nov | Dec 
2016: Jan | Feb | Mar | Apr | May | Jun | Jul | Aug | Sep | Oct | Nov | Dec 
2015: Jan | Feb | Mar | Apr | May | Jun | Jul | Aug | Sep | Oct | Nov | Dec 
2014: Jan | Feb | Mar | Apr | May | Jun | Jul | Aug | Sep | Oct | Nov | Dec 
2013: Jan | Feb | Mar | Apr | May | Jun | Jul | Aug | Sep | Oct | Nov | Dec 
2012: Jan | Feb | Mar | Apr | May | Jun | Jul | Aug | Sep | Oct | Nov | Dec 
2011: Jan | Feb | Mar | Apr | May | Jun | Jul | Aug | Sep | Oct | Nov | Dec 
2010: Jan | Feb | Mar | Apr | May | Jun | Jul | Aug | Sep | Oct | Nov | Dec 
2009: Jan | Feb | Mar | Apr | May | Jun | Jul | Aug | Sep | Oct | Nov | Dec 
2008: Jan | Feb | Mar | Apr | May | Jun | Jul | Aug | Sep | Oct | Nov | Dec 
2007: Jan | Feb | Mar | Apr | May | Jun | Jul | Aug | Sep | Oct | Nov | Dec 
2006: Jan | Feb | Mar | Apr | May | Jun | Jul | Aug | Sep | Oct | Nov | Dec 
2005: Jan | Feb | Mar | Apr | May | Jun | Jul | Aug | Sep | Oct | Nov | Dec 
2004: Jan | Feb | Mar | Apr | May | Jun | Jul | Aug | Sep | Oct | Nov | Dec 
2003: Jan | Feb | Mar | Apr | May | Jun | Jul | Aug | Sep | Oct | Nov | Dec 

Report for 2018 05
MONTHLY CLIMATOLOGICAL SUMMARY for MAY. 2018 NAME: Station1 CITY: Lancaster STATE: Ohio ELEV: 958 ft LAT: 39 45' 15" N LONG: 82 34' 05" W TEMPERATURE (F), RAIN (in), WIND SPEED (mph) HEAT COOL AVG MEAN DEG DEG WIND DOM DAY TEMP HIGH TIME LOW TIME DAYS DAYS RAIN SPEED HIGH TIME DIR ------------------------------------------------------------------------------------ 1 62.6 82.2 4:57p 38.2 5:36a 8.6 6.2 0.00 1.3 20.0 1:30p SSW 2 71.5 84.9 4:51p 50.5 6:39a 2.5 9.0 0.00 2.8 26.0 12:21p SSW 3 76.1 84.1 12:22p 71.3 11:59p 0.0 11.1 0.00 3.4 28.0 9:33a SSW 4 70.9 80.3 4:41p 57.0 11:57p 0.7 6.6 0.06 3.1 31.0 3:56p SSW 5 58.9 67.9 12:37p 48.3 6:21a 6.5 0.4 0.10 0.0 6.0 10:12a ENE 6 63.7 78.1 4:34p 55.9 2:37a 4.2 3.0 0.04 0.3 10.0 7:59p NNW 7 62.4 75.6 3:17p 52.3 6:35a 5.0 2.4 0.01 1.2 13.0 11:49a NNW 8 64.0 80.9 4:15p 45.4 6:38a 5.9 4.9 0.00 0.1 7.0 12:45p NNW 9 69.2 84.5 4:19p 51.7 6:36a 3.9 8.1 0.00 1.4 24.0 3:10p SSW 10 72.5 81.4 4:16p 61.5 10:55p 0.2 7.8 0.02 1.9 26.0 4:54p SSW 11 67.1 82.8 3:42p 55.0 4:36a 2.6 4.7 0.00 0.2 10.0 5:03p NE 12 73.8 87.4 1:41p 57.5 3:35a 0.9 9.7 0.01 1.9 24.0 1:50p SW 13 71.5 86.1 3:06p 57.5 6:31a 1.6 8.1 0.12 0.6 18.0 2:28p WSW 14 72.9 88.0 12:05p 65.3 6:42a 0.0 7.9 0.00 0.4 36.0 1:33p SW 15 74.1 90.7 3:28p 65.5 4:00a 0.0 9.0 0.21 0.8 24.0 4:45p NNW 16 68.4 77.4 3:25p 62.3 5:58a 0.6 4.0 0.01 0.1 10.0 3:52p NNE 17 70.6 81.2 1:37p 61.8 6:29a 0.4 6.0 0.01 0.3 11.0 11:42a NE 18 69.4 74.4 3:01p 64.5 6:21a 0.0 4.4 0.01 0.4 16.0 7:35p NE 19 70.0 77.9 5:07p 65.0 5:45a 0.0 5.0 0.67 0.9 22.0 5:23p SSW 20 72.3 82.4 3:32p 64.7 11:58p 0.0 7.3 0.00 0.3 11.0 1:02a SW 21 68.9 80.3 5:38p 60.1 6:34a 1.3 5.2 0.42 0.1 11.0 10:02p NNE 22 71.3 82.4 5:44p 64.8 2:59a 0.0 5.7 0.56 0.7 14.0 4:09p SSW 23 69.4 78.1 4:11p 56.6 11:59p 0.7 3.9 0.00 0.6 12.0 12:02p NNE 24 68.2 83.4 4:42p 51.0 5:18a 4.0 7.2 0.00 0.0 7.0 10:18a NE 25 73.0 88.4 5:23p 55.3 6:21a 2.6 10.2 0.00 0.2 12.0 2:08p SSW 26 71.9 85.9 3:35p 60.4 6:05a 0.9 7.8 0.33 0.3 13.0 1:57p SSW 27 76.8 90.7 4:47p 64.7 6:31a 0.0 11.8 0.01 0.1 8.0 1:56a SSW 28 78.5 91.2 4:25p 65.3 6:12a 0.0 13.5 0.00 0.0 8.0 1:50p NE 29 77.3 87.8 5:02p 66.0 4:28a 0.0 12.3 0.00 0.0 9.0 5:42p ENE 30 76.3 84.7 4:18p 71.1 9:15p 0.0 11.3 0.15 0.2 19.0 4:07p S 31 76.3 87.6 5:43p 69.8 11:27p 0.0 11.3 0.12 0.9 24.0 6:39p SSW ------------------------------------------------------------------------------------- 70.6 91.2 28 38.2 1 53.1 225.8 2.86 0.8 36.0 14 SSW Max >= 90.0: 3 Max <= 32.0: 0 Min <= 32.0: 0 Min <= 0.0: 0 Max Rain: 0.67 ON 05/19/18 Days of Rain: 12 (>.01 in) 8 (>.1 in) 0 (>1 in) Heat Base: 65.0 Cool Base: 65.0 Method: Integration
 
USA Weather Finder