2024: Jan | Feb | Mar | Apr | May | Jun | Jul | Aug | Sep | Oct | Nov | Dec
2023: Jan | Feb | Mar | Apr | May | Jun | Jul | Aug | Sep | Oct | Nov | Dec
2022: Jan | Feb | Mar | Apr | May | Jun | Jul | Aug | Sep | Oct | Nov | Dec
2021: Jan | Feb | Mar | Apr | May | Jun | Jul | Aug | Sep | Oct | Nov | Dec
2020: Jan | Feb | Mar | Apr | May | Jun | Jul | Aug | Sep | Oct | Nov | Dec
2019: Jan | Feb | Mar | Apr | May | Jun | Jul | Aug | Sep | Oct | Nov | Dec
2018: Jan | Feb | Mar | Apr | May | Jun | Jul | Aug | Sep | Oct | Nov | Dec
2017: Jan | Feb | Mar | Apr | May | Jun | Jul | Aug | Sep | Oct | Nov | Dec
2016: Jan | Feb | Mar | Apr | May | Jun | Jul | Aug | Sep | Oct | Nov | Dec
2015: Jan | Feb | Mar | Apr | May | Jun | Jul | Aug | Sep | Oct | Nov | Dec
2014: Jan | Feb | Mar | Apr | May | Jun | Jul | Aug | Sep | Oct | Nov | Dec
2013: Jan | Feb | Mar | Apr | May | Jun | Jul | Aug | Sep | Oct | Nov | Dec
2012: Jan | Feb | Mar | Apr | May | Jun | Jul | Aug | Sep | Oct | Nov | Dec
2011: Jan | Feb | Mar | Apr | May | Jun | Jul | Aug | Sep | Oct | Nov | Dec
2010: Jan | Feb | Mar | Apr | May | Jun | Jul | Aug | Sep | Oct | Nov | Dec
2009: Jan | Feb | Mar | Apr | May | Jun | Jul | Aug | Sep | Oct | Nov | Dec
2008: Jan | Feb | Mar | Apr | May | Jun | Jul | Aug | Sep | Oct | Nov | Dec
2007: Jan | Feb | Mar | Apr | May | Jun | Jul | Aug | Sep | Oct | Nov | Dec
2006: Jan | Feb | Mar | Apr | May | Jun | Jul | Aug | Sep | Oct | Nov | Dec
2005: Jan | Feb | Mar | Apr | May | Jun | Jul | Aug | Sep | Oct | Nov | Dec
2004: Jan | Feb | Mar | Apr | May | Jun | Jul | Aug | Sep | Oct | Nov | Dec
2003: Jan | Feb | Mar | Apr | May | Jun | Jul | Aug | Sep | Oct | Nov | Dec
Report for 2018 07
MONTHLY CLIMATOLOGICAL SUMMARY for JUN. 2018
NAME: Station1 CITY: Lancaster STATE: Ohio
ELEV: 958 ft LAT: 39° 45' 15" N LONG: 82° 34' 05" W
TEMPERATURE (°F), RAIN (in), WIND SPEED (mph)
HEAT COOL AVG
MEAN DEG DEG WIND DOM
DAY TEMP HIGH TIME LOW TIME DAYS DAYS RAIN SPEED HIGH TIME DIR
------------------------------------------------------------------------------------
1 72.0 81.8 5:44p 66.6 5:53a 0.0 7.0 0.01 0.3 12.0 6:39p SSW
2 72.4 83.4 4:48p 64.2 4:38a 0.0 7.4 0.00 0.2 8.0 4:28p NNE
3 71.6 85.1 4:27p 60.4 11:58p 0.7 7.3 0.25 0.5 16.0 5:11p SW
4 66.9 77.9 5:03p 56.2 12:00m 2.0 3.9 0.00 0.9 19.0 4:45p NW
5 60.0 66.9 9:43a 51.6 3:30a 5.0 0.1 0.64 0.3 16.0 8:09a SW
6 58.8 68.4 5:13p 49.6 6:34a 6.5 0.3 0.00 0.3 11.0 1:43p NNE
7 64.4 79.9 5:11p 47.6 5:28a 5.8 5.2 0.00 0.1 10.0 5:31p SSW
8 70.0 88.0 1:21p 62.6 4:13a 0.3 5.3 0.11 0.2 9.0 9:01p SW
9 73.8 87.8 2:14p 63.5 5:49a 0.3 9.1 0.15 0.2 24.0 8:07p WSW
10 73.4 84.0 2:28p 64.8 6:22a 0.0 8.4 0.07 0.5 16.0 4:17p SW
11 68.2 69.8 12:01a 64.7 11:56p 0.0 3.2 0.67 0.0 8.0 8:14p NE
12 70.5 78.6 5:11p 63.1 1:57a 0.4 5.8 0.92 0.5 13.0 9:46a S
13 73.1 84.0 2:54p 66.9 12:00m 0.0 8.0 1.16 0.9 18.0 11:57a SW
14 70.9 83.8 4:45p 55.1 6:19a 1.9 7.9 0.00 0.1 8.0 3:38p NNW
15 72.7 87.4 3:40p 57.6 5:18a 1.9 9.7 0.00 0.1 8.0 12:48p NNW
16 74.0 89.5 4:33p 62.3 6:15a 0.3 9.3 0.20 0.5 27.0 8:26p SSW
17 78.4 92.5 1:04p 67.3 4:07a 0.0 13.4 0.01 0.2 13.0 1:49p NW
18 82.0 94.3 3:21p 68.8 5:31a 0.0 17.0 0.00 0.6 17.0 1:03p SW
19 79.6 91.0 1:12p 70.9 6:09p 0.0 14.3 1.33 0.4 17.0 5:55p SW
20 76.3 87.8 5:03p 69.9 3:34a 0.0 11.3 0.60 0.6 16.0 5:34p SW
21 69.7 73.0 12:32p 65.8 7:26a 0.0 4.7 1.11 0.1 8.0 11:40a NNE
22 71.1 78.6 2:27p 66.9 11:46p 0.0 6.1 1.20 0.2 18.0 2:35p SSW
23 72.0 79.6 3:14p 66.1 5:25a 0.0 7.0 0.00 1.6 20.0 6:12p SSW
24 74.5 84.7 5:30p 65.5 6:37a 0.0 9.5 0.00 0.4 16.0 3:59p SW
25 70.1 77.4 2:53p 60.4 5:48a 0.6 5.7 0.00 0.1 7.0 6:20a NNE
26 68.8 82.8 2:28p 60.4 5:48a 0.9 4.7 0.59 0.2 28.0 4:11p SSW
27 72.8 82.8 4:17p 66.3 12:09a 0.0 7.8 0.14 1.7 24.0 2:16p SSW
28 74.0 86.3 4:40p 64.7 6:35a 0.0 9.0 0.00 0.1 7.0 12:24p NW
29 77.3 89.9 2:20p 63.9 6:03a 0.1 12.3 0.00 0.1 10.0 10:59a SSW
30 78.9 93.4 3:16p 65.6 5:34a 0.0 13.9 0.00 0.0 7.0 8:50a S
-------------------------------------------------------------------------------------
71.9 94.3 18 47.6 7 26.7 234.6 9.16 0.4 28.0 26 SSW
Max >= 90.0: 4
Max <= 32.0: 0
Min <= 32.0: 0
Min <= 0.0: 0
Max Rain: 1.33 ON 06/19/18
Days of Rain: 15 (>.01 in) 14 (>.1 in) 4 (>1 in)
Heat Base: 65.0 Cool Base: 65.0 Method: Integration
|