2024: Jan | Feb | Mar | Apr | May | Jun | Jul | Aug | Sep | Oct | Nov | Dec
2023: Jan | Feb | Mar | Apr | May | Jun | Jul | Aug | Sep | Oct | Nov | Dec
2022: Jan | Feb | Mar | Apr | May | Jun | Jul | Aug | Sep | Oct | Nov | Dec
2021: Jan | Feb | Mar | Apr | May | Jun | Jul | Aug | Sep | Oct | Nov | Dec
2020: Jan | Feb | Mar | Apr | May | Jun | Jul | Aug | Sep | Oct | Nov | Dec
2019: Jan | Feb | Mar | Apr | May | Jun | Jul | Aug | Sep | Oct | Nov | Dec
2018: Jan | Feb | Mar | Apr | May | Jun | Jul | Aug | Sep | Oct | Nov | Dec
2017: Jan | Feb | Mar | Apr | May | Jun | Jul | Aug | Sep | Oct | Nov | Dec
2016: Jan | Feb | Mar | Apr | May | Jun | Jul | Aug | Sep | Oct | Nov | Dec
2015: Jan | Feb | Mar | Apr | May | Jun | Jul | Aug | Sep | Oct | Nov | Dec
2014: Jan | Feb | Mar | Apr | May | Jun | Jul | Aug | Sep | Oct | Nov | Dec
2013: Jan | Feb | Mar | Apr | May | Jun | Jul | Aug | Sep | Oct | Nov | Dec
2012: Jan | Feb | Mar | Apr | May | Jun | Jul | Aug | Sep | Oct | Nov | Dec
2011: Jan | Feb | Mar | Apr | May | Jun | Jul | Aug | Sep | Oct | Nov | Dec
2010: Jan | Feb | Mar | Apr | May | Jun | Jul | Aug | Sep | Oct | Nov | Dec
2009: Jan | Feb | Mar | Apr | May | Jun | Jul | Aug | Sep | Oct | Nov | Dec
2008: Jan | Feb | Mar | Apr | May | Jun | Jul | Aug | Sep | Oct | Nov | Dec
2007: Jan | Feb | Mar | Apr | May | Jun | Jul | Aug | Sep | Oct | Nov | Dec
2006: Jan | Feb | Mar | Apr | May | Jun | Jul | Aug | Sep | Oct | Nov | Dec
2005: Jan | Feb | Mar | Apr | May | Jun | Jul | Aug | Sep | Oct | Nov | Dec
2004: Jan | Feb | Mar | Apr | May | Jun | Jul | Aug | Sep | Oct | Nov | Dec
2003: Jan | Feb | Mar | Apr | May | Jun | Jul | Aug | Sep | Oct | Nov | Dec
Report for 2018 08
MONTHLY CLIMATOLOGICAL SUMMARY for AUG. 2018
NAME: Station1 CITY: Lancaster STATE: Ohio
ELEV: 958 ft LAT: 39° 45' 15" N LONG: 82° 34' 05" W
TEMPERATURE (°F), RAIN (in), WIND SPEED (mph)
HEAT COOL AVG
MEAN DEG DEG WIND DOM
DAY TEMP HIGH TIME LOW TIME DAYS DAYS RAIN SPEED HIGH TIME DIR
------------------------------------------------------------------------------------
1 71.0 75.8 5:28p 67.3 11:49p 0.0 6.0 0.01 0.3 12.0 10:08a SSW
2 73.8 82.0 4:40p 66.8 1:08a 0.0 8.8 0.00 0.0 6.0 2:29p WSW
3 75.3 88.2 3:43p 65.6 6:08a 0.0 10.3 0.00 0.1 8.0 4:15p SSW
4 77.6 90.7 4:04p 65.5 6:16a 0.0 12.5 0.22 0.2 12.0 1:45p SW
5 79.0 91.0 5:25p 66.6 6:50a 0.0 14.0 0.00 0.2 13.0 12:55p SW
6 79.7 91.2 3:24p 67.1 7:14a 0.0 14.6 0.00 0.4 13.0 2:56p SSW
7 77.5 88.6 4:23p 70.6 6:56a 0.0 12.5 0.00 0.5 18.0 6:28p SW
8 74.9 84.0 5:29p 68.9 11:25p 0.0 9.9 0.53 0.6 19.0 9:54p SW
9 74.7 86.7 4:02p 66.9 4:44a 0.0 9.7 0.01 0.2 11.0 1:07p SW
10 71.9 86.1 3:27p 66.4 3:11a 0.0 6.9 1.31 0.7 22.0 4:29p SW
11 71.2 81.1 4:20p 66.0 3:17a 0.0 6.2 0.44 0.1 7.0 5:55p NNE
12 71.6 87.2 4:43p 59.6 7:07a 0.9 7.5 0.00 0.3 12.0 6:32p NNW
13 72.7 87.0 4:37p 65.3 1:14a 0.0 2.9 0.57 0.2 22.0 6:03p NNW
14 73.0 86.5 4:31p 61.0 6:04a 0.8 8.8 0.00 0.2 11.0 5:24p SW
15 74.3 85.9 4:07p 64.0 6:31a 0.1 9.3 0.00 0.2 10.0 2:22p SSW
16 73.0 77.9 6:33p 68.8 7:20a 0.0 8.0 0.46 0.6 19.0 1:49p SSW
17 75.3 82.4 3:04p 71.3 4:30a 0.0 10.3 0.14 1.1 20.0 4:53p SSW
18 75.6 87.0 4:00p 68.8 11:57p 0.0 10.6 0.00 0.3 13.0 7:33p NNW
19 72.2 85.7 4:43p 62.1 7:07a 0.4 7.6 0.00 0.2 8.0 6:18p NNE
20 72.0 84.7 2:32p 61.0 6:33a 0.8 7.8 0.43 0.1 18.0 7:19p SSW
21 74.9 83.4 4:25p 70.8 11:56p 0.0 9.9 0.26 1.2 21.0 11:27a SSW
22 68.8 76.0 1:10p 56.2 11:57p 0.7 4.5 0.00 1.3 19.0 2:13p NNW
23 65.3 81.8 4:39p 51.6 6:44a 4.9 5.2 0.00 0.1 8.0 2:11p NNW
24 66.9 80.9 5:14p 51.9 6:47a 3.9 5.8 0.00 0.2 16.0 2:21p SSW
25 71.8 78.6 1:52p 66.3 7:11a 0.0 6.8 0.09 0.5 14.0 10:55a SSW
26 77.9 88.6 4:02p 70.9 2:00a 0.0 12.9 0.00 0.8 16.0 4:35a SSW
27 79.6 91.0 1:23p 68.8 5:35a 0.0 14.6 0.00 0.6 14.0 3:47p SSW
28 81.4 92.9 3:55p 70.6 6:06a 0.0 16.4 0.00 0.7 17.0 5:06p SSW
29 78.1 89.9 5:03p 72.1 2:50a 0.0 13.1 0.44 1.1 24.0 5:28p SSW
30 75.5 87.4 5:25p 69.4 6:46a 0.0 10.4 0.01 0.1 7.0 11:07a NNW
31 73.8 85.5 2:00p 63.2 7:00a 0.1 9.0 0.00 0.0 9.0 1:19p NE
-------------------------------------------------------------------------------------
74.2 92.9 28 51.6 23 12.6 292.8 4.92 0.4 24.0 29 SSW
Max >= 90.0: 5
Max <= 32.0: 0
Min <= 32.0: 0
Min <= 0.0: 0
Max Rain: 1.31 ON 08/10/18
Days of Rain: 11 (>.01 in) 10 (>.1 in) 1 (>1 in)
Heat Base: 65.0 Cool Base: 65.0 Method: Integration
|