2024: Jan | Feb | Mar | Apr | May | Jun | Jul | Aug | Sep | Oct | Nov | Dec
2023: Jan | Feb | Mar | Apr | May | Jun | Jul | Aug | Sep | Oct | Nov | Dec
2022: Jan | Feb | Mar | Apr | May | Jun | Jul | Aug | Sep | Oct | Nov | Dec
2021: Jan | Feb | Mar | Apr | May | Jun | Jul | Aug | Sep | Oct | Nov | Dec
2020: Jan | Feb | Mar | Apr | May | Jun | Jul | Aug | Sep | Oct | Nov | Dec
2019: Jan | Feb | Mar | Apr | May | Jun | Jul | Aug | Sep | Oct | Nov | Dec
2018: Jan | Feb | Mar | Apr | May | Jun | Jul | Aug | Sep | Oct | Nov | Dec
2017: Jan | Feb | Mar | Apr | May | Jun | Jul | Aug | Sep | Oct | Nov | Dec
2016: Jan | Feb | Mar | Apr | May | Jun | Jul | Aug | Sep | Oct | Nov | Dec
2015: Jan | Feb | Mar | Apr | May | Jun | Jul | Aug | Sep | Oct | Nov | Dec
2014: Jan | Feb | Mar | Apr | May | Jun | Jul | Aug | Sep | Oct | Nov | Dec
2013: Jan | Feb | Mar | Apr | May | Jun | Jul | Aug | Sep | Oct | Nov | Dec
2012: Jan | Feb | Mar | Apr | May | Jun | Jul | Aug | Sep | Oct | Nov | Dec
2011: Jan | Feb | Mar | Apr | May | Jun | Jul | Aug | Sep | Oct | Nov | Dec
2010: Jan | Feb | Mar | Apr | May | Jun | Jul | Aug | Sep | Oct | Nov | Dec
2009: Jan | Feb | Mar | Apr | May | Jun | Jul | Aug | Sep | Oct | Nov | Dec
2008: Jan | Feb | Mar | Apr | May | Jun | Jul | Aug | Sep | Oct | Nov | Dec
2007: Jan | Feb | Mar | Apr | May | Jun | Jul | Aug | Sep | Oct | Nov | Dec
2006: Jan | Feb | Mar | Apr | May | Jun | Jul | Aug | Sep | Oct | Nov | Dec
2005: Jan | Feb | Mar | Apr | May | Jun | Jul | Aug | Sep | Oct | Nov | Dec
2004: Jan | Feb | Mar | Apr | May | Jun | Jul | Aug | Sep | Oct | Nov | Dec
2003: Jan | Feb | Mar | Apr | May | Jun | Jul | Aug | Sep | Oct | Nov | Dec
Report for 2018 09
MONTHLY CLIMATOLOGICAL SUMMARY for SEP. 2018
NAME: Station1 CITY: Lancaster STATE: Ohio
ELEV: 958 ft LAT: 39° 45' 15" N LONG: 82° 34' 05" W
TEMPERATURE (°F), RAIN (in), WIND SPEED (mph)
HEAT COOL AVG
MEAN DEG DEG WIND DOM
DAY TEMP HIGH TIME LOW TIME DAYS DAYS RAIN SPEED HIGH TIME DIR
------------------------------------------------------------------------------------
1 74.9 86.3 2:42p 67.6 4:32a 0.0 9.9 0.01 0.4 14.0 5:37p SSW
2 78.0 92.3 3:53p 67.6 6:26a 0.0 13.0 0.00 0.3 12.0 1:34p SSW
3 79.8 95.1 4:07p 68.3 6:23a 0.0 14.8 0.00 0.0 6.0 12:14p SSW
4 80.4 93.4 3:11p 69.3 5:34a 0.0 15.3 0.00 0.0 7.0 5:01p SSW
5 79.1 93.2 2:51p 69.3 6:29a 0.0 14.1 0.00 0.1 8.0 11:12a SSW
6 77.5 90.1 12:41p 69.1 7:30a 0.0 12.4 0.08 0.4 21.0 1:00p NNW
7 75.1 85.7 12:47p 68.8 6:45a 0.0 10.1 0.01 0.2 10.0 8:41p NNE
8 63.8 70.4 12:01a 57.6 11:53p 2.0 0.8 1.10 1.1 17.0 9:50p NNE
9 58.3 61.6 11:43p 55.1 4:25a 6.7 0.0 1.26 0.5 21.0 4:24a NE
10 62.6 65.8 4:07p 60.9 7:26a 2.4 0.0 0.05 0.3 13.0 11:48a SW
11 63.9 67.6 4:49p 61.0 12:52a 1.7 0.6 0.00 0.0 6.0 1:05a N
12 68.0 78.5 5:13p 59.8 4:28a 1.3 4.3 0.00 0.0 7.0 11:22a NNE
13 73.2 89.7 4:55p 62.0 2:31a 0.7 8.8 0.00 0.0 5.0 1:14p NNE
14 77.2 91.6 3:50p 67.1 5:48a 0.0 12.2 0.00 0.0 6.0 1:22p NE
15 76.3 88.8 3:44p 66.8 6:54a 0.0 11.3 0.00 0.1 10.0 2:23p NE
16 74.6 85.3 2:28p 66.3 6:26a 0.0 9.6 0.00 0.1 8.0 12:27p ENE
17 69.9 72.8 12:01a 67.8 7:44a 0.0 4.9 0.72 0.7 13.0 2:54p NNW
18 74.2 90.7 4:17p 62.1 6:54a 0.3 9.5 0.01 0.0 10.0 5:18p NNW
19 74.8 90.3 3:55p 64.0 5:20a 0.1 9.9 0.00 0.0 7.0 6:29a NE
20 76.0 90.3 2:19p 63.7 7:02a 0.1 11.1 0.01 0.2 16.0 2:55p SSW
21 77.1 88.2 4:03p 69.6 7:47p 0.0 12.1 0.65 1.8 26.0 7:01p SSW
22 61.1 70.1 12:01a 55.9 11:57p 4.1 0.2 0.05 0.6 14.0 12:21a NNE
23 60.1 70.1 5:35p 53.5 7:15a 5.4 0.5 0.01 0.1 8.0 11:59a NNE
24 64.9 69.3 2:28p 59.6 2:01a 1.6 1.5 0.55 0.0 12.0 11:19p S
25 69.9 75.4 5:24p 66.0 3:06a 0.0 4.9 0.09 0.5 12.0 3:59p SSW
26 67.5 72.8 12:01a 52.3 11:56p 1.5 4.0 0.58 1.2 20.0 3:09a SSW
27 57.4 65.0 2:51p 51.1 12:58a 7.6 0.0 0.03 0.0 8.0 9:50p NNE
28 58.7 72.7 4:27p 45.8 7:09a 7.8 1.5 0.01 0.3 12.0 1:55p SSW
29 59.5 72.8 4:39p 49.6 7:44a 6.7 1.3 0.00 0.1 6.0 1:36a NNW
30 63.7 80.3 4:07p 50.2 6:22a 5.5 4.2 0.00 0.1 11.0 1:00p SSW
-------------------------------------------------------------------------------------
69.9 95.1 3 45.8 28 55.5 202.8 5.22 0.3 26.0 21 SSW
Max >= 90.0: 9
Max <= 32.0: 0
Min <= 32.0: 0
Min <= 0.0: 0
Max Rain: 1.26 ON 09/09/18
Days of Rain: 11 (>.01 in) 6 (>.1 in) 2 (>1 in)
Heat Base: 65.0 Cool Base: 65.0 Method: Integration
|