2024: Jan | Feb | Mar | Apr | May | Jun | Jul | Aug | Sep | Oct | Nov | Dec
2023: Jan | Feb | Mar | Apr | May | Jun | Jul | Aug | Sep | Oct | Nov | Dec
2022: Jan | Feb | Mar | Apr | May | Jun | Jul | Aug | Sep | Oct | Nov | Dec
2021: Jan | Feb | Mar | Apr | May | Jun | Jul | Aug | Sep | Oct | Nov | Dec
2020: Jan | Feb | Mar | Apr | May | Jun | Jul | Aug | Sep | Oct | Nov | Dec
2019: Jan | Feb | Mar | Apr | May | Jun | Jul | Aug | Sep | Oct | Nov | Dec
2018: Jan | Feb | Mar | Apr | May | Jun | Jul | Aug | Sep | Oct | Nov | Dec
2017: Jan | Feb | Mar | Apr | May | Jun | Jul | Aug | Sep | Oct | Nov | Dec
2016: Jan | Feb | Mar | Apr | May | Jun | Jul | Aug | Sep | Oct | Nov | Dec
2015: Jan | Feb | Mar | Apr | May | Jun | Jul | Aug | Sep | Oct | Nov | Dec
2014: Jan | Feb | Mar | Apr | May | Jun | Jul | Aug | Sep | Oct | Nov | Dec
2013: Jan | Feb | Mar | Apr | May | Jun | Jul | Aug | Sep | Oct | Nov | Dec
2012: Jan | Feb | Mar | Apr | May | Jun | Jul | Aug | Sep | Oct | Nov | Dec
2011: Jan | Feb | Mar | Apr | May | Jun | Jul | Aug | Sep | Oct | Nov | Dec
2010: Jan | Feb | Mar | Apr | May | Jun | Jul | Aug | Sep | Oct | Nov | Dec
2009: Jan | Feb | Mar | Apr | May | Jun | Jul | Aug | Sep | Oct | Nov | Dec
2008: Jan | Feb | Mar | Apr | May | Jun | Jul | Aug | Sep | Oct | Nov | Dec
2007: Jan | Feb | Mar | Apr | May | Jun | Jul | Aug | Sep | Oct | Nov | Dec
2006: Jan | Feb | Mar | Apr | May | Jun | Jul | Aug | Sep | Oct | Nov | Dec
2005: Jan | Feb | Mar | Apr | May | Jun | Jul | Aug | Sep | Oct | Nov | Dec
2004: Jan | Feb | Mar | Apr | May | Jun | Jul | Aug | Sep | Oct | Nov | Dec
2003: Jan | Feb | Mar | Apr | May | Jun | Jul | Aug | Sep | Oct | Nov | Dec
Report for 2018 10
MONTHLY CLIMATOLOGICAL SUMMARY for OCT. 2018
NAME: Station1 CITY: Lancaster STATE: Ohio
ELEV: 958 ft LAT: 39° 45' 15" N LONG: 82° 34' 05" W
TEMPERATURE (°F), RAIN (in), WIND SPEED (mph)
HEAT COOL AVG
MEAN DEG DEG WIND DOM
DAY TEMP HIGH TIME LOW TIME DAYS DAYS RAIN SPEED HIGH TIME DIR
------------------------------------------------------------------------------------
1 69.1 84.9 3:23p 55.0 6:45a 3.1 7.2 0.00 0.1 11.0 1:57p SSW
2 73.6 82.6 4:32p 67.3 12:47a 0.0 8.6 0.00 0.9 17.0 3:58p SSW
3 74.2 84.5 3:34p 67.9 6:23a 0.0 9.2 0.00 0.5 15.0 3:45p SSW
4 71.8 79.0 1:04p 58.9 12:00m 0.6 7.3 0.15 1.5 20.0 8:19a SSW
5 61.1 76.0 5:20p 49.4 6:06a 6.4 2.5 0.00 0.1 8.0 1:44p NNE
6 72.7 84.5 12:11p 65.2 6:37a 0.0 7.7 0.79 0.3 17.0 12:12p SSW
7 74.5 88.2 2:31p 63.9 7:21a 0.1 9.5 0.00 0.1 11.0 2:44p SSW
8 75.1 87.2 2:43p 66.1 4:18a 0.0 10.1 0.00 0.2 16.0 4:29p S
9 74.5 84.9 2:19p 67.6 7:38a 0.0 9.5 0.00 0.2 17.0 12:45p S
10 70.1 79.8 11:36a 64.5 5:20a 0.0 5.1 0.04 0.2 16.0 1:53p S
11 61.0 70.4 12:15a 49.6 11:57p 5.4 1.4 0.53 0.9 14.0 10:07a NNW
12 48.3 54.7 3:34p 42.1 8:04a 16.6 0.0 0.12 0.4 13.0 12:40a WSW
13 42.7 50.4 4:33p 39.3 6:41a 22.3 0.0 0.11 0.2 13.0 2:55a SW
14 47.8 56.3 2:21p 40.6 12:01a 17.2 0.0 0.06 0.0 7.0 2:48p S
15 54.7 61.6 9:28a 41.8 11:58p 10.3 0.0 0.16 0.8 16.0 12:03p SSW
16 45.1 55.6 2:52p 37.5 7:07a 19.9 0.0 0.00 0.4 13.0 5:08p SSW
17 48.8 61.8 2:57p 41.6 5:27a 16.2 0.0 0.00 1.9 22.0 1:13p SW
18 42.7 56.3 4:35p 32.4 7:49a 22.3 0.0 0.00 0.2 7.0 12:01a NW
19 45.7 60.1 1:52p 32.5 8:05a 19.3 0.0 0.21 0.6 14.0 12:33p SSW
20 50.7 61.6 2:56p 38.3 11:57p 14.3 0.0 0.00 3.2 31.0 6:09p SW
21 39.1 49.2 5:13p 32.8 9:55p 25.9 0.0 0.00 1.5 25.0 2:32a NNW
22 46.4 63.4 4:30p 31.6 5:51a 18.6 0.0 0.00 1.6 21.0 4:11p SSW
23 51.2 61.2 3:06p 41.6 11:35p 13.8 0.0 0.00 1.7 19.0 2:07p SW
24 43.7 56.3 3:10p 34.1 7:46a 21.3 0.0 0.00 0.6 11.0 3:12p NNW
25 40.8 49.5 3:10p 32.1 4:54a 24.2 0.0 0.00 0.0 6.0 3:13p E
26 44.9 48.9 11:51p 40.1 2:02a 20.1 0.0 0.39 0.1 7.0 1:51p NE
27 46.8 49.5 1:04a 43.2 11:53p 18.1 0.0 0.47 0.4 12.0 3:24p WSW
28 46.7 55.0 5:09p 38.2 12:55p 18.3 0.0 0.30 1.4 31.0 6:33p SW
29 46.6 55.6 2:00p 37.9 11:59p 18.4 0.0 0.11 1.0 21.0 1:11p WSW
30 48.6 62.3 2:13p 35.6 6:57a 16.4 0.0 0.00 0.2 13.0 1:14p SSW
31 59.9 67.8 12:09p 52.8 12:01a 5.2 0.1 0.27 2.4 27.0 10:08a SSW
-------------------------------------------------------------------------------------
55.4 88.2 7 31.6 22 374.3 78.2 3.71 0.8 31.0 20 SSW
Max >= 90.0: 0
Max <= 32.0: 0
Min <= 32.0: 1
Min <= 0.0: 0
Max Rain: 0.79 ON 10/06/18
Days of Rain: 14 (>.01 in) 12 (>.1 in) 0 (>1 in)
Heat Base: 65.0 Cool Base: 65.0 Method: Integration
|