Weather Information | Photos of Local Events | Personal Weather Stations Links | Lancaster Links | Site Map

NOAA Report Archive
(Reports Generated by WeatherLink)
2019: Jan | Feb | Mar | Apr | May | Jun | Jul | Aug | Sep | Oct | Nov | Dec 
2018: Jan | Feb | Mar | Apr | May | Jun | Jul | Aug | Sep | Oct | Nov | Dec 
2017: Jan | Feb | Mar | Apr | May | Jun | Jul | Aug | Sep | Oct | Nov | Dec 
2016: Jan | Feb | Mar | Apr | May | Jun | Jul | Aug | Sep | Oct | Nov | Dec 
2015: Jan | Feb | Mar | Apr | May | Jun | Jul | Aug | Sep | Oct | Nov | Dec 
2014: Jan | Feb | Mar | Apr | May | Jun | Jul | Aug | Sep | Oct | Nov | Dec 
2013: Jan | Feb | Mar | Apr | May | Jun | Jul | Aug | Sep | Oct | Nov | Dec 
2012: Jan | Feb | Mar | Apr | May | Jun | Jul | Aug | Sep | Oct | Nov | Dec 
2011: Jan | Feb | Mar | Apr | May | Jun | Jul | Aug | Sep | Oct | Nov | Dec 
2010: Jan | Feb | Mar | Apr | May | Jun | Jul | Aug | Sep | Oct | Nov | Dec 
2009: Jan | Feb | Mar | Apr | May | Jun | Jul | Aug | Sep | Oct | Nov | Dec 
2008: Jan | Feb | Mar | Apr | May | Jun | Jul | Aug | Sep | Oct | Nov | Dec 
2007: Jan | Feb | Mar | Apr | May | Jun | Jul | Aug | Sep | Oct | Nov | Dec 
2006: Jan | Feb | Mar | Apr | May | Jun | Jul | Aug | Sep | Oct | Nov | Dec 
2005: Jan | Feb | Mar | Apr | May | Jun | Jul | Aug | Sep | Oct | Nov | Dec 
2004: Jan | Feb | Mar | Apr | May | Jun | Jul | Aug | Sep | Oct | Nov | Dec 
2003: Jan | Feb | Mar | Apr | May | Jun | Jul | Aug | Sep | Oct | Nov | Dec 

Report for 2018 12
MONTHLY CLIMATOLOGICAL SUMMARY for DEC. 2018 NAME: Station1 CITY: Lancaster STATE: Ohio ELEV: 958 ft LAT: 39 45' 15" N LONG: 82 34' 05" W TEMPERATURE (F), RAIN (in), WIND SPEED (mph) HEAT COOL AVG MEAN DEG DEG WIND DOM DAY TEMP HIGH TIME LOW TIME DAYS DAYS RAIN SPEED HIGH TIME DIR ------------------------------------------------------------------------------------ 1 44.6 52.3 12:00m 39.5 3:14a 20.3 0.0 0.85 1.5 17.0 10:03p E 2 55.7 66.3 2:53p 42.6 11:59p 9.4 0.1 0.01 3.4 25.0 5:13p S 3 41.9 42.6 12:01a 41.6 12:43a 1.2 0.0 0.00 1.8 13.0 1:06a WSW 4 32.6 32.8 11:30p 32.4 11:52p 0.8 0.0 0.00 0.0 0.0 --- --- 5 30.8 33.2 10:47a 28.7 12:00m 34.1 0.0 0.02 1.5 16.0 4:07p W 6 32.3 39.6 2:36p 27.8 12:48a 32.7 0.0 0.05 3.1 24.0 3:16p SSW 7 27.0 27.9 12:01a 26.3 1:02a 2.0 0.0 0.00 0.0 0.0 --- --- 8 9 10 27.5 33.1 3:19p 23.5 11:52p 21.4 0.0 0.00 0.3 8.0 11:47p N 11 29.8 40.3 3:18p 20.5 7:53a 35.1 0.0 0.00 1.9 21.0 3:00p SSW 12 35.3 44.2 2:15p 28.2 8:21a 29.7 0.0 0.00 0.4 16.0 1:48p S 13 41.2 51.1 2:54p 32.7 5:40a 23.7 0.0 0.00 0.1 11.0 3:10p S 14 47.1 55.3 1:33p 40.1 6:26a 17.9 0.0 0.04 0.2 8.0 11:13p E 15 48.6 50.4 6:00p 47.0 2:34p 16.4 0.0 0.97 1.7 17.0 2:43p N 16 42.9 48.2 12:01a 40.1 8:16p 21.8 0.0 0.24 1.9 14.0 7:45p NNW 17 38.2 46.1 2:19p 30.3 11:58p 26.7 0.0 0.00 1.3 14.0 12:11p WSW 18 32.3 43.2 2:19p 25.6 7:36a 32.7 0.0 0.00 0.1 6.0 3:14p N 19 35.5 51.9 3:02p 23.6 5:42a 29.5 0.0 0.00 0.1 7.0 3:15p SSW 20 41.3 52.2 1:02p 32.9 2:10a 23.6 0.0 0.60 0.8 14.0 10:52p N 21 40.3 42.5 1:46a 36.6 11:12p 24.7 0.0 0.06 3.6 22.0 3:35p NNW 22 34.0 36.8 12:01a 30.9 11:16p 30.9 0.0 0.01 2.0 19.0 5:31a W 23 34.3 41.1 1:28p 28.7 7:50a 30.7 0.0 0.00 0.5 12.0 9:27p WSW 24 33.0 40.3 3:35p 27.2 11:49p 32.0 0.0 0.00 2.0 19.0 10:27a SW 25 31.3 39.2 3:14p 25.3 5:15a 33.7 0.0 0.00 0.0 6.0 10:35a SSW 26 33.4 47.1 2:45p 23.9 7:41a 31.6 0.0 0.00 0.2 7.0 1:37p E 27 41.0 52.8 11:43p 31.9 12:26a 24.0 0.0 0.21 2.2 24.0 11:28p E 28 51.4 57.6 2:56p 35.3 11:49p 13.6 0.0 0.04 2.4 20.0 11:37p S 29 34.2 35.6 1:02a 33.2 7:55a 23.8 0.0 0.00 0.8 17.0 12:10a WSW 30 35.3 42.3 2:18p 29.5 8:18a 29.6 0.0 0.00 0.5 11.0 1:57p SSW 31 46.5 60.2 7:53p 32.5 12:01a 18.5 0.0 0.88 2.9 33.0 9:07p S ------------------------------------------------------------------------------------- 37.9 66.3 2 20.5 11 672.1 0.1 3.98 1.3 33.0 31 SSW Max >= 90.0: 0 Max <= 32.0: 1 Min <= 32.0: 16 Min <= 0.0: 0 Max Rain: 0.97 ON 12/15/18 Days of Rain: 11 (>.01 in) 6 (>.1 in) 0 (>1 in) Heat Base: 65.0 Cool Base: 65.0 Method: Integration
 
USA Weather Finder