Weather Information | Photos of Local Events | Personal Weather Stations Links | Lancaster Links | Site Map

NOAA Report Archive
(Reports Generated by WeatherLink)
2019: Jan | Feb | Mar | Apr | May | Jun | Jul | Aug | Sep | Oct | Nov | Dec 
2018: Jan | Feb | Mar | Apr | May | Jun | Jul | Aug | Sep | Oct | Nov | Dec 
2017: Jan | Feb | Mar | Apr | May | Jun | Jul | Aug | Sep | Oct | Nov | Dec 
2016: Jan | Feb | Mar | Apr | May | Jun | Jul | Aug | Sep | Oct | Nov | Dec 
2015: Jan | Feb | Mar | Apr | May | Jun | Jul | Aug | Sep | Oct | Nov | Dec 
2014: Jan | Feb | Mar | Apr | May | Jun | Jul | Aug | Sep | Oct | Nov | Dec 
2013: Jan | Feb | Mar | Apr | May | Jun | Jul | Aug | Sep | Oct | Nov | Dec 
2012: Jan | Feb | Mar | Apr | May | Jun | Jul | Aug | Sep | Oct | Nov | Dec 
2011: Jan | Feb | Mar | Apr | May | Jun | Jul | Aug | Sep | Oct | Nov | Dec 
2010: Jan | Feb | Mar | Apr | May | Jun | Jul | Aug | Sep | Oct | Nov | Dec 
2009: Jan | Feb | Mar | Apr | May | Jun | Jul | Aug | Sep | Oct | Nov | Dec 
2008: Jan | Feb | Mar | Apr | May | Jun | Jul | Aug | Sep | Oct | Nov | Dec 
2007: Jan | Feb | Mar | Apr | May | Jun | Jul | Aug | Sep | Oct | Nov | Dec 
2006: Jan | Feb | Mar | Apr | May | Jun | Jul | Aug | Sep | Oct | Nov | Dec 
2005: Jan | Feb | Mar | Apr | May | Jun | Jul | Aug | Sep | Oct | Nov | Dec 
2004: Jan | Feb | Mar | Apr | May | Jun | Jul | Aug | Sep | Oct | Nov | Dec 
2003: Jan | Feb | Mar | Apr | May | Jun | Jul | Aug | Sep | Oct | Nov | Dec 

Report for 2019 01
MONTHLY CLIMATOLOGICAL SUMMARY for JAN. 2019 NAME: Station1 CITY: Lancaster STATE: Ohio ELEV: 958 ft LAT: 39 45' 15" N LONG: 82 34' 05" W TEMPERATURE (F), RAIN (in), WIND SPEED (mph) HEAT COOL AVG MEAN DEG DEG WIND DOM DAY TEMP HIGH TIME LOW TIME DAYS DAYS RAIN SPEED HIGH TIME DIR ------------------------------------------------------------------------------------ 1 42.9 58.3 12:01a 39.1 11:56p 22.0 0.0 0.00 2.2 29.0 12:22a W 2 40.1 42.3 4:02p 37.5 7:41a 24.8 0.0 0.00 1.2 18.0 10:17p SSW 3 34.9 39.8 3:30p 29.3 9:47p 30.1 0.0 0.00 1.2 17.0 12:48a W 4 37.6 49.8 2:35p 28.8 1:37a 27.3 0.0 0.56 0.7 14.0 10:34p N 5 42.1 49.2 2:47p 34.9 8:12a 22.8 0.0 0.09 2.4 19.0 3:44p WSW 6 40.3 48.6 3:06p 32.9 8:08a 24.7 0.0 0.00 0.6 16.0 12:36a NNE 7 44.8 58.6 8:55p 35.3 4:01a 20.2 0.0 0.00 2.9 26.0 10:20p E 8 52.7 62.6 2:11p 40.1 10:58p 12.3 0.0 0.00 5.7 29.0 1:44p SSW 9 29.0 40.6 1:14a 20.8 10:06p 36.0 0.0 0.01 4.1 25.0 2:47a W 10 22.8 26.4 9:16p 18.3 5:58a 42.1 0.0 0.00 1.3 17.0 1:45a WNW 11 26.9 30.9 3:22p 25.1 4:20a 38.0 0.0 0.00 0.1 6.0 1:31a ENE 12 28.1 30.3 8:41p 25.4 8:18a 36.8 0.0 0.39 0.1 5.0 8:01a ENE 13 29.9 32.5 12:59p 27.6 11:55p 35.1 0.0 0.07 0.6 12.0 2:17p NNE 14 26.4 31.2 2:23p 22.4 12:00m 38.5 0.0 0.00 0.5 10.0 12:08a NNW 15 21.7 29.4 11:44p 12.4 5:32a 43.2 0.0 0.00 1.1 18.0 11:32p SSW 16 32.2 34.6 12:33p 29.4 12:01a 32.8 0.0 0.01 1.4 19.0 12:28a SW 17 32.6 34.9 11:55p 30.6 5:23a 32.4 0.0 0.16 0.2 6.0 10:24a ESE 18 35.2 36.9 5:04p 33.4 10:11p 29.8 0.0 0.00 0.5 10.0 4:28a WSW 19 33.2 35.9 2:58p 27.5 11:52p 31.7 0.0 0.86 2.1 22.0 10:13p N 20 12.6 27.5 12:01a 2.2 11:54p 52.4 0.0 0.03 0.9 17.0 12:24p NW 21 3.7 14.1 3:00p -5.6 8:10a 61.3 0.0 0.03 0.1 5.0 4:42a NNW 22 19.7 38.2 11:59p 1.7 12:01a 45.2 0.0 0.01 1.1 17.0 11:46p E 23 44.7 50.1 6:15p 38.2 12:01a 20.3 0.0 0.63 2.6 22.0 3:35p S 24 29.2 38.8 12:01a 25.4 6:05p 35.8 0.0 0.24 2.5 20.0 11:44p W 25 18.4 26.9 12:01a 12.1 8:06a 46.5 0.0 0.00 2.4 21.0 3:10a W 26 24.9 31.6 11:52p 19.4 12:01a 40.0 0.0 0.01 1.7 16.0 12:02p SSW 27 25.8 34.3 3:04a 12.6 10:28p 39.1 0.0 0.01 3.1 27.0 1:02a W 28 32.3 47.7 8:15p 16.1 12:01a 32.7 0.0 0.07 2.5 31.0 8:23p S 29 18.9 33.4 12:01a 14.9 9:37p 46.1 0.0 0.00 3.0 26.0 12:48a WSW 30 1.4 15.7 12:01a -3.3 12:12p 63.6 0.0 0.04 3.8 27.0 11:01a W 31 3.5 10.4 3:01p -5.6 6:41a 61.3 0.0 0.01 1.4 17.0 11:52a WSW ------------------------------------------------------------------------------------- 28.7 62.6 8 -5.6 21 1124.9 0.0 3.23 1.7 31.0 28 W Max >= 90.0: 0 Max <= 32.0: 11 Min <= 32.0: 23 Min <= 0.0: 3 Max Rain: 0.86 ON 01/19/19 Days of Rain: 12 (>.01 in) 6 (>.1 in) 0 (>1 in) Heat Base: 65.0 Cool Base: 65.0 Method: Integration
 
USA Weather Finder