Weather Information | Photos of Local Events | Personal Weather Stations Links | Lancaster Links | Site Map

NOAA Report Archive
(Reports Generated by WeatherLink)
2019: Jan | Feb | Mar | Apr | May | Jun | Jul | Aug | Sep | Oct | Nov | Dec 
2018: Jan | Feb | Mar | Apr | May | Jun | Jul | Aug | Sep | Oct | Nov | Dec 
2017: Jan | Feb | Mar | Apr | May | Jun | Jul | Aug | Sep | Oct | Nov | Dec 
2016: Jan | Feb | Mar | Apr | May | Jun | Jul | Aug | Sep | Oct | Nov | Dec 
2015: Jan | Feb | Mar | Apr | May | Jun | Jul | Aug | Sep | Oct | Nov | Dec 
2014: Jan | Feb | Mar | Apr | May | Jun | Jul | Aug | Sep | Oct | Nov | Dec 
2013: Jan | Feb | Mar | Apr | May | Jun | Jul | Aug | Sep | Oct | Nov | Dec 
2012: Jan | Feb | Mar | Apr | May | Jun | Jul | Aug | Sep | Oct | Nov | Dec 
2011: Jan | Feb | Mar | Apr | May | Jun | Jul | Aug | Sep | Oct | Nov | Dec 
2010: Jan | Feb | Mar | Apr | May | Jun | Jul | Aug | Sep | Oct | Nov | Dec 
2009: Jan | Feb | Mar | Apr | May | Jun | Jul | Aug | Sep | Oct | Nov | Dec 
2008: Jan | Feb | Mar | Apr | May | Jun | Jul | Aug | Sep | Oct | Nov | Dec 
2007: Jan | Feb | Mar | Apr | May | Jun | Jul | Aug | Sep | Oct | Nov | Dec 
2006: Jan | Feb | Mar | Apr | May | Jun | Jul | Aug | Sep | Oct | Nov | Dec 
2005: Jan | Feb | Mar | Apr | May | Jun | Jul | Aug | Sep | Oct | Nov | Dec 
2004: Jan | Feb | Mar | Apr | May | Jun | Jul | Aug | Sep | Oct | Nov | Dec 
2003: Jan | Feb | Mar | Apr | May | Jun | Jul | Aug | Sep | Oct | Nov | Dec 

Report for 2019 03
MONTHLY CLIMATOLOGICAL SUMMARY for MAR. 2019 NAME: Station1 CITY: Lancaster STATE: Ohio ELEV: 958 ft LAT: 39 45' 15" N LONG: 82 34' 05" W TEMPERATURE (F), RAIN (in), WIND SPEED (mph) HEAT COOL AVG MEAN DEG DEG WIND DOM DAY TEMP HIGH TIME LOW TIME DAYS DAYS RAIN SPEED HIGH TIME DIR ------------------------------------------------------------------------------------ 1 35.5 42.8 3:10p 28.2 5:15a 29.5 0.0 0.01 0.5 10.0 1:45p NNE 2 36.4 42.3 12:33p 29.8 6:42a 28.5 0.0 0.00 0.8 13.0 12:45p NW 3 30.8 35.3 12:01a 23.9 10:55p 33.9 0.0 0.12 1.5 13.0 3:18p NNW 4 18.9 25.6 12:09a 10.5 11:56p 46.0 0.0 0.00 2.6 21.0 5:30p W 5 13.9 17.5 6:57p 9.2 1:12a 14.0 0.0 0.00 1.0 16.0 7:23p W 6 18.4 25.0 5:21p 10.9 6:58a 46.6 0.0 0.00 1.6 19.0 12:29p WSW 7 27.9 35.0 2:39p 20.5 7:01a 37.1 0.0 0.00 1.0 14.0 1:58a WSW 8 32.3 38.8 4:59p 25.3 1:14a 27.3 0.0 0.00 0.1 5.0 11:38a NE 9 40.2 51.3 11:58p 25.6 2:02a 24.8 0.0 1.14 2.9 20.0 10:56p E 10 49.3 57.0 5:18a 39.5 11:59p 15.0 0.0 0.01 4.6 28.0 12:34p W 11 41.1 51.0 3:14p 34.1 7:54a 23.9 0.0 0.00 1.7 19.0 2:04p W 12 37.0 49.6 4:45p 25.1 8:00a 28.0 0.0 0.00 0.3 8.0 2:37p NNE 13 47.7 68.1 5:32p 31.3 2:22a 17.5 0.1 0.00 0.2 10.0 5:02p S 14 63.4 77.4 3:08p 49.6 9:16a 4.6 3.0 0.52 3.8 36.0 3:14p S 15 45.7 62.4 12:05a 36.0 11:58p 19.3 0.0 0.01 4.5 28.0 10:09a SW 16 36.4 45.4 3:02p 29.8 11:59p 28.6 0.0 0.00 1.9 19.0 2:39p W 17 34.0 45.2 1:46p 23.9 7:30a 31.0 0.0 0.05 0.4 12.0 1:27p WSW 18 36.6 45.4 4:35p 31.0 11:54p 28.4 0.0 0.00 0.9 16.0 2:15p NNW 19 37.6 51.9 4:31p 26.3 7:28a 27.4 0.0 0.00 0.3 12.0 2:59p SSW 20 43.2 56.9 3:30p 28.1 7:17a 21.8 0.0 0.00 0.5 16.0 12:35p SSW 21 45.8 52.3 1:20a 41.9 7:48a 19.1 0.0 0.26 0.9 21.0 1:17a NW 22 40.6 45.2 3:10p 37.6 11:59p 24.4 0.0 0.01 3.6 24.0 3:05p NW 23 39.1 53.5 4:32p 27.5 7:51a 25.8 0.0 0.00 0.9 13.0 12:38p NW 24 45.2 63.1 1:46p 29.7 5:45a 19.8 0.0 0.05 0.7 18.0 6:10p SW 25 42.4 46.2 12:53a 32.4 11:52p 22.6 0.0 0.60 2.0 16.0 1:33p NNE 26 36.4 48.9 5:18p 25.8 5:15a 28.5 0.0 0.00 1.5 14.0 3:10p NNE 27 42.2 61.2 4:30p 25.6 7:42a 22.8 0.0 0.00 0.2 10.0 3:22p SSW 28 50.0 65.8 4:58p 34.1 5:21a 15.0 0.0 0.00 2.0 28.0 1:54p SSW 29 55.9 62.1 3:25p 50.2 7:31a 9.1 0.0 0.08 1.1 25.0 2:03a SW 30 55.8 62.0 12:44p 39.3 11:36p 9.1 0.0 1.27 2.6 27.0 10:38p S 31 33.6 39.9 12:04a 30.1 8:39p 31.4 0.0 0.00 3.6 20.0 7:53p NW ------------------------------------------------------------------------------------- 39.1 77.4 14 9.2 5 760.8 3.1 4.13 1.6 36.0 14 W Max >= 90.0: 0 Max <= 32.0: 3 Min <= 32.0: 21 Min <= 0.0: 0 Max Rain: 1.27 ON 03/30/19 Days of Rain: 9 (>.01 in) 6 (>.1 in) 2 (>1 in) Heat Base: 65.0 Cool Base: 65.0 Method: Integration
 
USA Weather Finder