Weather Information | Photos of Local Events | Personal Weather Stations Links | Lancaster Links | Site Map

NOAA Report Archive
(Reports Generated by WeatherLink)
2019: Jan | Feb | Mar | Apr | May | Jun | Jul | Aug | Sep | Oct | Nov | Dec 
2018: Jan | Feb | Mar | Apr | May | Jun | Jul | Aug | Sep | Oct | Nov | Dec 
2017: Jan | Feb | Mar | Apr | May | Jun | Jul | Aug | Sep | Oct | Nov | Dec 
2016: Jan | Feb | Mar | Apr | May | Jun | Jul | Aug | Sep | Oct | Nov | Dec 
2015: Jan | Feb | Mar | Apr | May | Jun | Jul | Aug | Sep | Oct | Nov | Dec 
2014: Jan | Feb | Mar | Apr | May | Jun | Jul | Aug | Sep | Oct | Nov | Dec 
2013: Jan | Feb | Mar | Apr | May | Jun | Jul | Aug | Sep | Oct | Nov | Dec 
2012: Jan | Feb | Mar | Apr | May | Jun | Jul | Aug | Sep | Oct | Nov | Dec 
2011: Jan | Feb | Mar | Apr | May | Jun | Jul | Aug | Sep | Oct | Nov | Dec 
2010: Jan | Feb | Mar | Apr | May | Jun | Jul | Aug | Sep | Oct | Nov | Dec 
2009: Jan | Feb | Mar | Apr | May | Jun | Jul | Aug | Sep | Oct | Nov | Dec 
2008: Jan | Feb | Mar | Apr | May | Jun | Jul | Aug | Sep | Oct | Nov | Dec 
2007: Jan | Feb | Mar | Apr | May | Jun | Jul | Aug | Sep | Oct | Nov | Dec 
2006: Jan | Feb | Mar | Apr | May | Jun | Jul | Aug | Sep | Oct | Nov | Dec 
2005: Jan | Feb | Mar | Apr | May | Jun | Jul | Aug | Sep | Oct | Nov | Dec 
2004: Jan | Feb | Mar | Apr | May | Jun | Jul | Aug | Sep | Oct | Nov | Dec 
2003: Jan | Feb | Mar | Apr | May | Jun | Jul | Aug | Sep | Oct | Nov | Dec 

Report for 2019 04
MONTHLY CLIMATOLOGICAL SUMMARY for APR. 2019 NAME: Station1 CITY: Lancaster STATE: Ohio ELEV: 958 ft LAT: 39 45' 15" N LONG: 82 34' 05" W TEMPERATURE (F), RAIN (in), WIND SPEED (mph) HEAT COOL AVG MEAN DEG DEG WIND DOM DAY TEMP HIGH TIME LOW TIME DAYS DAYS RAIN SPEED HIGH TIME DIR ------------------------------------------------------------------------------------ 1 34.5 47.0 4:39p 23.8 7:08a 30.4 0.0 0.00 0.4 16.0 1:26a NNW 2 40.6 56.9 5:36p 27.5 6:36a 24.4 0.0 0.00 0.4 16.0 6:14p SSW 3 50.3 62.4 5:01p 35.8 12:01a 14.7 0.0 0.00 1.8 19.0 3:54p WSW 4 50.1 61.6 2:59p 37.9 5:20a 14.9 0.0 0.00 1.5 17.0 2:28p ENE 5 52.5 61.0 2:53p 45.4 5:48a 11.9 0.0 0.11 0.3 12.0 12:08a NE 6 57.9 70.1 3:52p 49.8 6:35a 7.6 0.7 0.00 0.1 7.0 1:38p SSW 7 60.0 72.5 12:40p 45.5 5:24a 6.8 1.8 0.00 2.4 25.0 5:39p SSW 8 64.1 71.5 5:25p 54.5 11:49p 1.9 1.0 0.00 1.7 19.0 2:29a SSW 9 60.9 69.8 3:42p 52.6 11:59p 4.9 0.8 0.00 2.5 20.0 11:22a NNW 10 51.7 65.5 4:16p 37.8 6:37a 13.3 0.0 0.00 1.0 13.0 9:16p NNE 11 61.7 81.8 4:39p 41.5 6:57a 8.9 5.6 0.00 1.4 21.0 4:41p ENE 12 65.9 73.0 1:00a 58.0 11:45p 1.6 2.5 0.45 2.7 22.0 8:47a S 13 57.5 69.1 5:19p 41.9 7:04a 8.0 0.5 0.00 0.5 11.0 1:16a WSW 14 57.0 77.4 3:03p 45.7 8:42a 9.1 1.1 0.93 2.5 30.0 9:49p NNE 15 42.9 54.2 5:22p 36.0 4:45a 22.1 0.0 0.01 3.1 29.0 1:09a W 16 54.7 73.5 5:39p 37.5 12:06a 12.0 1.7 0.00 1.5 26.0 4:13p SSW 17 65.3 75.4 2:33p 55.3 12:47a 3.1 3.4 0.01 1.0 18.0 4:05p SSW 18 68.7 80.3 5:45p 56.3 12:10a 1.7 5.5 0.00 2.1 35.0 12:24p SSW 19 56.0 70.1 12:57a 42.8 11:22p 9.8 0.8 0.21 2.3 20.0 11:08p NNE 20 49.6 61.2 3:04p 42.9 12:01a 15.3 0.0 0.17 1.5 21.0 2:06a NNE 21 47.5 54.4 6:14p 42.5 1:19a 17.5 0.0 0.00 0.4 12.0 11:49a WSW 22 56.1 76.0 5:44p 37.6 6:54a 10.7 1.8 0.00 0.1 7.0 3:38p ENE 23 63.6 76.5 12:07p 51.7 3:37a 4.8 3.4 0.00 1.9 24.0 2:53p SW 24 54.8 65.3 5:32p 40.9 6:58a 10.2 0.0 0.00 0.3 12.0 12:46a NW 25 59.6 69.3 5:05p 51.3 7:05a 6.1 0.7 0.38 0.1 14.0 11:34p SSW 26 55.0 61.2 12:01a 46.2 11:53p 10.0 0.0 1.08 1.8 28.0 4:49p W 27 49.5 61.6 1:26p 40.9 6:22a 15.5 0.0 0.16 0.6 17.0 1:38p WSW 28 48.5 56.9 4:11p 41.2 11:41p 16.5 0.0 0.16 1.4 18.0 10:24a NNW 29 57.0 73.9 5:35p 40.1 2:22a 10.5 2.6 0.00 0.8 18.0 6:08p SSW 30 57.1 65.2 5:26p 51.9 7:04a 7.9 0.0 0.00 0.5 14.0 2:33p NNE ------------------------------------------------------------------------------------- 55.0 81.8 11 23.8 1 332.1 33.9 3.67 1.3 35.0 18 SSW Max >= 90.0: 0 Max <= 32.0: 0 Min <= 32.0: 2 Min <= 0.0: 0 Max Rain: 1.08 ON 04/26/19 Days of Rain: 9 (>.01 in) 9 (>.1 in) 1 (>1 in) Heat Base: 65.0 Cool Base: 65.0 Method: Integration
 
USA Weather Finder