Weather Information | Photos of Local Events | Personal Weather Stations Links | Lancaster Links | Site Map

NOAA Report Archive
(Reports Generated by WeatherLink)
2019: Jan | Feb | Mar | Apr | May | Jun | Jul | Aug | Sep | Oct | Nov | Dec 
2018: Jan | Feb | Mar | Apr | May | Jun | Jul | Aug | Sep | Oct | Nov | Dec 
2017: Jan | Feb | Mar | Apr | May | Jun | Jul | Aug | Sep | Oct | Nov | Dec 
2016: Jan | Feb | Mar | Apr | May | Jun | Jul | Aug | Sep | Oct | Nov | Dec 
2015: Jan | Feb | Mar | Apr | May | Jun | Jul | Aug | Sep | Oct | Nov | Dec 
2014: Jan | Feb | Mar | Apr | May | Jun | Jul | Aug | Sep | Oct | Nov | Dec 
2013: Jan | Feb | Mar | Apr | May | Jun | Jul | Aug | Sep | Oct | Nov | Dec 
2012: Jan | Feb | Mar | Apr | May | Jun | Jul | Aug | Sep | Oct | Nov | Dec 
2011: Jan | Feb | Mar | Apr | May | Jun | Jul | Aug | Sep | Oct | Nov | Dec 
2010: Jan | Feb | Mar | Apr | May | Jun | Jul | Aug | Sep | Oct | Nov | Dec 
2009: Jan | Feb | Mar | Apr | May | Jun | Jul | Aug | Sep | Oct | Nov | Dec 
2008: Jan | Feb | Mar | Apr | May | Jun | Jul | Aug | Sep | Oct | Nov | Dec 
2007: Jan | Feb | Mar | Apr | May | Jun | Jul | Aug | Sep | Oct | Nov | Dec 
2006: Jan | Feb | Mar | Apr | May | Jun | Jul | Aug | Sep | Oct | Nov | Dec 
2005: Jan | Feb | Mar | Apr | May | Jun | Jul | Aug | Sep | Oct | Nov | Dec 
2004: Jan | Feb | Mar | Apr | May | Jun | Jul | Aug | Sep | Oct | Nov | Dec 
2003: Jan | Feb | Mar | Apr | May | Jun | Jul | Aug | Sep | Oct | Nov | Dec 

Report for 2019 05
MONTHLY CLIMATOLOGICAL SUMMARY for MAY. 2019 NAME: Station1 CITY: Lancaster STATE: Ohio ELEV: 958 ft LAT: 39 45' 15" N LONG: 82 34' 05" W TEMPERATURE (F), RAIN (in), WIND SPEED (mph) HEAT COOL AVG MEAN DEG DEG WIND DOM DAY TEMP HIGH TIME LOW TIME DAYS DAYS RAIN SPEED HIGH TIME DIR ------------------------------------------------------------------------------------ 1 68.5 84.5 3:31p 53.3 3:35a 3.7 7.1 0.00 2.2 31.0 1:00p SSW 2 67.3 82.2 3:14p 60.1 6:11a 1.4 3.7 0.59 0.2 18.0 5:18p SSW 3 63.7 69.8 3:53p 58.3 11:07p 2.1 0.7 0.25 0.0 6.0 1:44a NNW 4 55.9 59.5 12:01a 53.6 10:15p 9.1 0.0 0.44 0.3 11.0 4:11p NNW 5 56.5 68.9 5:14p 48.9 12:00m 8.7 0.2 0.00 0.9 11.0 11:14a NNW 6 59.6 77.2 3:18p 40.3 6:36a 9.0 3.6 0.00 0.1 10.0 1:33p WSW 7 64.5 82.2 4:32p 47.3 6:48a 5.8 5.2 0.00 0.3 11.0 12:15p NNE 8 65.3 81.2 3:39p 48.9 5:37a 5.0 5.3 0.00 0.2 10.0 12:49a NNE 9 69.0 77.4 12:23p 62.3 3:17a 0.4 4.4 0.13 2.2 31.0 12:00p SSW 10 60.1 64.2 12:01a 49.6 11:59p 4.9 0.0 0.46 0.7 18.0 5:15a WSW 11 57.3 70.3 3:47p 42.8 6:28a 8.4 0.6 0.10 0.3 11.0 9:14a NNE 12 52.0 58.1 2:42p 46.5 4:32a 13.0 0.0 0.11 0.3 11.0 1:14a NNE 13 51.8 52.0 12:01a 48.5 12:01a 0.7 0.0 0.05 0.3 6.0 12:47a WSW 14 --- 67.6 5:20p 42.9 6:02a 0.0 0.0 0.00 --- --- --- --- 15 60.4 73.3 3:12p 39.8 6:15a 5.8 1.9 0.00 0.6 17.0 2:02p SW 16 66.0 77.0 3:04p 53.6 3:22a 3.3 4.3 0.00 0.6 19.0 4:30p SSW 17 69.8 82.6 5:12p 61.0 6:50a 1.2 6.0 1.40 0.9 18.0 6:05a SW 18 74.3 87.4 3:10p 61.5 6:02a 0.4 9.7 0.00 0.5 17.0 3:21p SSW 19 73.7 85.3 1:50p 65.8 5:27a 0.0 8.7 0.01 1.9 27.0 4:52p SSW 20 64.7 72.5 2:48p 52.0 11:57p 2.3 2.0 0.02 2.0 22.0 12:32p SW 21 55.8 68.8 4:37p 45.1 5:30a 9.4 0.3 0.00 0.4 13.0 8:53a NNE 22 68.8 85.5 5:08p 50.2 5:40a 4.6 8.4 0.00 0.6 19.0 1:25p SSW 23 69.6 70.6 12:01a 68.6 1:17a 0.0 51.2 0.31 0.0 0.0 --- --- 24 --- --- --- 57.3 6:49a 0.0 0.0 0.00 --- 6.0 5:46p N 25 72.9 88.2 12:00a 62.6 12:00a 0.0 0.0 0.19 --- 26.0 12:00a N 26 73.5 88.4 12:00a 64.7 12:00a 0.0 0.0 0.03 --- --- --- --- 27 71.6 82.2 12:00a 63.2 12:00a 0.0 0.0 0.01 --- --- --- --- 28 75.8 76.0 11:59p 75.8 11:59p 0.0 0.0 0.85 0.5 3.0 12:00a SW 29 75.0 81.4 1:33p 67.1 4:18a 0.0 10.0 0.00 1.4 20.0 9:56a SW 30 69.4 72.7 10:35a 65.5 11:58p 0.0 4.4 0.13 0.9 21.0 11:37a SSW 31 65.7 77.6 4:38p 55.9 6:11a 2.3 3.0 0.07 0.1 16.0 3:49p SSW ------------------------------------------------------------------------------------- 65.5 88.4 26 39.8 15 101.5 140.7 5.15 0.7 31.0 1 SSW Max >= 90.0: 0 Max <= 32.0: 0 Min <= 32.0: 0 Min <= 0.0: 0 Max Rain: 1.40 ON 05/17/19 Days of Rain: 16 (>.01 in) 11 (>.1 in) 1 (>1 in) Heat Base: 65.0 Cool Base: 65.0 Method: Integration
 
USA Weather Finder