Weather Information | Photos of Local Events | Personal Weather Stations Links | Lancaster Links | Site Map

NOAA Report Archive
(Reports Generated by WeatherLink)
2019: Jan | Feb | Mar | Apr | May | Jun | Jul | Aug | Sep | Oct | Nov | Dec 
2018: Jan | Feb | Mar | Apr | May | Jun | Jul | Aug | Sep | Oct | Nov | Dec 
2017: Jan | Feb | Mar | Apr | May | Jun | Jul | Aug | Sep | Oct | Nov | Dec 
2016: Jan | Feb | Mar | Apr | May | Jun | Jul | Aug | Sep | Oct | Nov | Dec 
2015: Jan | Feb | Mar | Apr | May | Jun | Jul | Aug | Sep | Oct | Nov | Dec 
2014: Jan | Feb | Mar | Apr | May | Jun | Jul | Aug | Sep | Oct | Nov | Dec 
2013: Jan | Feb | Mar | Apr | May | Jun | Jul | Aug | Sep | Oct | Nov | Dec 
2012: Jan | Feb | Mar | Apr | May | Jun | Jul | Aug | Sep | Oct | Nov | Dec 
2011: Jan | Feb | Mar | Apr | May | Jun | Jul | Aug | Sep | Oct | Nov | Dec 
2010: Jan | Feb | Mar | Apr | May | Jun | Jul | Aug | Sep | Oct | Nov | Dec 
2009: Jan | Feb | Mar | Apr | May | Jun | Jul | Aug | Sep | Oct | Nov | Dec 
2008: Jan | Feb | Mar | Apr | May | Jun | Jul | Aug | Sep | Oct | Nov | Dec 
2007: Jan | Feb | Mar | Apr | May | Jun | Jul | Aug | Sep | Oct | Nov | Dec 
2006: Jan | Feb | Mar | Apr | May | Jun | Jul | Aug | Sep | Oct | Nov | Dec 
2005: Jan | Feb | Mar | Apr | May | Jun | Jul | Aug | Sep | Oct | Nov | Dec 
2004: Jan | Feb | Mar | Apr | May | Jun | Jul | Aug | Sep | Oct | Nov | Dec 
2003: Jan | Feb | Mar | Apr | May | Jun | Jul | Aug | Sep | Oct | Nov | Dec 

Report for 2019 06
MONTHLY CLIMATOLOGICAL SUMMARY for JUN. 2019 NAME: Station1 CITY: Lancaster STATE: Ohio ELEV: 958 ft LAT: 39 45' 15" N LONG: 82 34' 05" W TEMPERATURE (F), RAIN (in), WIND SPEED (mph) HEAT COOL AVG MEAN DEG DEG WIND DOM DAY TEMP HIGH TIME LOW TIME DAYS DAYS RAIN SPEED HIGH TIME DIR ------------------------------------------------------------------------------------ 1 69.5 82.2 3:25p 56.7 5:41a 2.2 6.7 0.00 0.8 16.0 1:28p SSW 2 67.5 76.7 1:05p 56.5 11:41p 1.4 3.9 0.16 1.5 18.0 3:54p NNW 3 61.3 72.7 4:20p 48.8 5:31a 5.4 1.7 0.00 0.5 11.0 2:52p NNW 4 63.9 79.2 4:42p 48.2 4:01a 5.6 4.6 0.00 0.3 16.0 4:30p SSW 5 69.9 78.5 4:54p 62.4 3:41a 0.3 5.2 0.36 0.9 19.0 4:17p SSW 6 71.8 82.8 5:48p 63.1 6:29a 0.1 6.9 0.20 0.1 8.0 8:25a NNE 7 70.8 81.4 12:46p 62.6 6:11a 0.3 6.1 0.00 0.6 12.0 10:53a NNE 8 69.6 75.4 11:39a 63.4 5:32a 0.1 4.8 0.00 0.5 13.0 6:20p E 9 73.1 80.1 5:39p 67.6 3:30a 0.0 8.0 0.00 0.5 14.0 3:49p ESE 10 68.9 77.6 3:50p 59.0 11:57p 0.5 4.3 0.39 1.5 18.0 4:24p NNW 11 64.3 79.4 4:16p 46.5 6:09a 5.3 4.6 0.00 0.4 14.0 2:01p NNE 12 63.1 75.6 1:29p 49.9 4:47a 4.8 2.9 0.80 0.2 13.0 6:50p ESE 13 60.8 66.9 11:37a 55.1 8:26p 3.6 0.1 0.24 2.5 34.0 7:24p SSW 14 66.8 76.1 5:01p 47.4 6:26a 1.9 3.2 0.00 0.9 17.0 1:14p SSW 15 66.4 74.6 1:06p 58.7 12:33a 1.7 3.1 0.26 0.5 18.0 12:12p SSW 16 71.7 79.2 6:02p 66.3 1:23a 0.0 6.6 0.65 1.6 25.0 2:36p SSW 17 71.5 81.6 4:20p 65.6 5:41a 0.0 6.5 1.21 0.4 17.0 1:28a SSW 18 69.9 76.8 5:32p 65.5 6:14a 0.0 4.9 0.40 0.2 12.0 2:06a SSW 19 74.1 85.5 3:26p 67.6 5:47a 0.0 9.1 0.48 0.1 10.0 4:32p SSW 20 68.6 76.1 3:28p 63.2 11:57p 0.1 3.8 0.07 1.5 26.0 7:30p SSW 21 68.9 79.6 4:22p 61.6 4:19a 1.0 4.9 0.00 0.6 12.0 12:15p NNW 22 69.7 83.2 5:26p 58.0 12:00m 0.7 5.4 0.00 0.1 7.0 4:56p NE 23 68.8 82.0 2:58p 51.7 6:31a 3.6 7.4 0.00 0.1 12.0 11:32p SSW 24 72.6 84.9 2:41p 67.8 6:20a 0.0 6.2 1.35 0.7 17.0 12:19p SSW 25 74.4 84.7 4:28p 65.6 6:11a 0.0 9.3 0.00 0.5 17.0 12:50p SW 26 77.4 90.7 5:18p 63.1 4:50a 0.2 12.5 0.00 0.4 14.0 3:06p WSW 27 75.0 89.7 2:02p 66.6 6:25a 0.0 10.0 0.00 0.2 27.0 2:59p SSW 28 79.0 92.3 4:59p 67.3 5:22a 0.0 14.0 0.00 0.1 11.0 9:40p SSW 29 80.8 92.9 3:28p 66.8 5:29a 0.0 15.8 0.00 0.4 14.0 1:22p SW 30 79.9 91.0 3:08p 68.1 11:59p 0.0 14.9 0.00 0.8 13.0 12:54a NNW ------------------------------------------------------------------------------------- 70.3 92.9 29 46.5 11 38.8 197.4 6.57 0.6 34.0 13 SSW Max >= 90.0: 4 Max <= 32.0: 0 Min <= 32.0: 0 Min <= 0.0: 0 Max Rain: 1.35 ON 06/24/19 Days of Rain: 13 (>.01 in) 12 (>.1 in) 2 (>1 in) Heat Base: 65.0 Cool Base: 65.0 Method: Integration
 
USA Weather Finder