2024: Jan | Feb | Mar | Apr | May | Jun | Jul | Aug | Sep | Oct | Nov | Dec
2023: Jan | Feb | Mar | Apr | May | Jun | Jul | Aug | Sep | Oct | Nov | Dec
2022: Jan | Feb | Mar | Apr | May | Jun | Jul | Aug | Sep | Oct | Nov | Dec
2021: Jan | Feb | Mar | Apr | May | Jun | Jul | Aug | Sep | Oct | Nov | Dec
2020: Jan | Feb | Mar | Apr | May | Jun | Jul | Aug | Sep | Oct | Nov | Dec
2019: Jan | Feb | Mar | Apr | May | Jun | Jul | Aug | Sep | Oct | Nov | Dec
2018: Jan | Feb | Mar | Apr | May | Jun | Jul | Aug | Sep | Oct | Nov | Dec
2017: Jan | Feb | Mar | Apr | May | Jun | Jul | Aug | Sep | Oct | Nov | Dec
2016: Jan | Feb | Mar | Apr | May | Jun | Jul | Aug | Sep | Oct | Nov | Dec
2015: Jan | Feb | Mar | Apr | May | Jun | Jul | Aug | Sep | Oct | Nov | Dec
2014: Jan | Feb | Mar | Apr | May | Jun | Jul | Aug | Sep | Oct | Nov | Dec
2013: Jan | Feb | Mar | Apr | May | Jun | Jul | Aug | Sep | Oct | Nov | Dec
2012: Jan | Feb | Mar | Apr | May | Jun | Jul | Aug | Sep | Oct | Nov | Dec
2011: Jan | Feb | Mar | Apr | May | Jun | Jul | Aug | Sep | Oct | Nov | Dec
2010: Jan | Feb | Mar | Apr | May | Jun | Jul | Aug | Sep | Oct | Nov | Dec
2009: Jan | Feb | Mar | Apr | May | Jun | Jul | Aug | Sep | Oct | Nov | Dec
2008: Jan | Feb | Mar | Apr | May | Jun | Jul | Aug | Sep | Oct | Nov | Dec
2007: Jan | Feb | Mar | Apr | May | Jun | Jul | Aug | Sep | Oct | Nov | Dec
2006: Jan | Feb | Mar | Apr | May | Jun | Jul | Aug | Sep | Oct | Nov | Dec
2005: Jan | Feb | Mar | Apr | May | Jun | Jul | Aug | Sep | Oct | Nov | Dec
2004: Jan | Feb | Mar | Apr | May | Jun | Jul | Aug | Sep | Oct | Nov | Dec
2003: Jan | Feb | Mar | Apr | May | Jun | Jul | Aug | Sep | Oct | Nov | Dec
Report for 2019 07
MONTHLY CLIMATOLOGICAL SUMMARY for JUL. 2019
NAME: Station1 CITY: Lancaster STATE: Ohio
ELEV: 958 ft LAT: 39° 45' 15" N LONG: 82° 34' 05" W
TEMPERATURE (°F), RAIN (in), WIND SPEED (mph)
HEAT COOL AVG
MEAN DEG DEG WIND DOM
DAY TEMP HIGH TIME LOW TIME DAYS DAYS RAIN SPEED HIGH TIME DIR
------------------------------------------------------------------------------------
1 76.2 91.0 5:04p 61.6 6:14a 0.4 11.6 0.00 0.1 11.0 7:33p SSW
2 77.1 90.7 11:40a 68.8 10:59p 0.0 12.1 0.49 0.3 21.0 7:18p SW
3 73.3 87.2 2:03p 68.3 3:56a 0.0 8.1 0.55 0.4 19.0 3:45p SSW
4 75.0 89.3 4:37p 66.8 6:39a 0.0 10.0 0.11 0.1 10.0 6:23p SW
5 79.5 92.3 5:23p 69.1 6:01a 0.0 14.5 0.02 0.1 8.0 3:47p WSW
6 79.6 92.1 5:13p 72.7 4:16a 0.0 14.6 0.86 0.5 19.0 7:05p WSW
7 77.0 87.2 1:40p 71.1 6:28a 0.0 12.0 0.01 0.3 11.0 3:30p NNW
8 76.3 88.0 3:23p 67.6 6:36a 0.0 11.3 0.00 0.4 11.0 11:20a NNW
9 76.8 90.1 3:33p 62.4 6:03a 0.4 12.2 0.00 0.1 7.0 1:37p NNE
10 81.1 92.5 2:12p 68.9 5:52a 0.0 16.1 0.00 0.0 10.0 2:53p SSW
11 78.8 89.0 3:36p 70.6 11:56p 0.0 13.8 0.14 0.6 17.0 5:17p SSW
12 75.6 88.2 5:30p 66.9 5:53a 0.0 10.5 0.00 0.3 8.0 6:44a NNW
13 75.9 90.3 4:53p 60.5 6:43a 0.7 11.5 0.00 0.2 13.0 5:38p SW
14 78.4 91.0 2:45p 67.8 4:53a 0.0 13.4 0.08 0.2 11.0 2:57p NNW
15 80.1 93.2 4:15p 69.4 6:25a 0.0 15.0 0.00 0.3 17.0 7:51p SSW
16 79.0 89.0 3:12p 70.6 6:36a 0.0 14.0 0.00 0.6 17.0 1:27p SSW
17 76.6 84.9 5:49p 72.5 11:54p 0.0 11.6 0.29 0.9 24.0 1:51a SSW
18 79.0 92.9 4:40p 68.9 6:32a 0.0 13.9 0.01 0.2 12.0 6:27p SW
19 81.1 91.6 3:25p 70.4 6:05a 0.0 16.1 0.00 1.0 19.0 4:58p SSW
20 84.0 94.0 4:22p 73.5 6:31a 0.0 19.0 0.00 1.1 17.0 1:13p SSW
21 81.7 93.4 1:02p 74.6 3:42p 0.0 16.7 0.16 0.5 32.0 3:10p SSW
22 72.3 76.7 12:01a 65.2 11:58p 0.0 7.3 0.43 0.5 16.0 1:36p NNW
23 69.2 79.9 3:47p 57.8 11:59p 1.2 5.4 0.00 1.4 16.0 5:59p NNW
24 67.1 80.1 3:52p 54.4 6:06a 3.2 5.2 0.00 0.2 12.0 3:36p NW
25 69.6 84.1 4:51p 55.4 6:35a 2.4 7.0 0.00 0.1 8.0 12:37p NNE
26 71.2 85.5 3:43p 56.5 6:29a 2.2 8.4 0.00 0.0 7.0 2:40p SSW
27 74.6 87.4 4:32p 60.4 6:22a 0.9 10.5 0.00 0.7 17.0 4:59p SSW
28 77.0 88.8 4:25p 64.7 6:38a 0.0 12.0 0.00 0.7 16.0 1:21p SSW
29 77.6 89.3 2:50p 64.5 6:19a 0.0 12.6 0.00 0.7 17.0 4:00p SSW
30 73.6 81.1 1:48p 67.8 6:03a 0.0 8.6 0.89 0.4 13.0 5:30a SSW
31 75.6 88.8 4:33p 65.2 5:49a 0.0 10.6 0.08 0.1 12.0 3:16p NNE
-------------------------------------------------------------------------------------
76.4 94.0 20 54.4 24 11.4 365.6 4.12 0.4 32.0 21 SSW
Max >= 90.0: 13
Max <= 32.0: 0
Min <= 32.0: 0
Min <= 0.0: 0
Max Rain: 0.89 ON 07/30/19
Days of Rain: 12 (>.01 in) 9 (>.1 in) 0 (>1 in)
Heat Base: 65.0 Cool Base: 65.0 Method: Integration
|