Weather Information | Photos of Local Events | Personal Weather Stations Links | Lancaster Links | Site Map

NOAA Report Archive
(Reports Generated by WeatherLink)
2020: Jan | Feb | Mar | Apr | May | Jun | Jul | Aug | Sep | Oct | Nov | Dec 
2019: Jan | Feb | Mar | Apr | May | Jun | Jul | Aug | Sep | Oct | Nov | Dec 
2018: Jan | Feb | Mar | Apr | May | Jun | Jul | Aug | Sep | Oct | Nov | Dec 
2017: Jan | Feb | Mar | Apr | May | Jun | Jul | Aug | Sep | Oct | Nov | Dec 
2016: Jan | Feb | Mar | Apr | May | Jun | Jul | Aug | Sep | Oct | Nov | Dec 
2015: Jan | Feb | Mar | Apr | May | Jun | Jul | Aug | Sep | Oct | Nov | Dec 
2014: Jan | Feb | Mar | Apr | May | Jun | Jul | Aug | Sep | Oct | Nov | Dec 
2013: Jan | Feb | Mar | Apr | May | Jun | Jul | Aug | Sep | Oct | Nov | Dec 
2012: Jan | Feb | Mar | Apr | May | Jun | Jul | Aug | Sep | Oct | Nov | Dec 
2011: Jan | Feb | Mar | Apr | May | Jun | Jul | Aug | Sep | Oct | Nov | Dec 
2010: Jan | Feb | Mar | Apr | May | Jun | Jul | Aug | Sep | Oct | Nov | Dec 
2009: Jan | Feb | Mar | Apr | May | Jun | Jul | Aug | Sep | Oct | Nov | Dec 
2008: Jan | Feb | Mar | Apr | May | Jun | Jul | Aug | Sep | Oct | Nov | Dec 
2007: Jan | Feb | Mar | Apr | May | Jun | Jul | Aug | Sep | Oct | Nov | Dec 
2006: Jan | Feb | Mar | Apr | May | Jun | Jul | Aug | Sep | Oct | Nov | Dec 
2005: Jan | Feb | Mar | Apr | May | Jun | Jul | Aug | Sep | Oct | Nov | Dec 
2004: Jan | Feb | Mar | Apr | May | Jun | Jul | Aug | Sep | Oct | Nov | Dec 
2003: Jan | Feb | Mar | Apr | May | Jun | Jul | Aug | Sep | Oct | Nov | Dec 

Report for 2019 09
MONTHLY CLIMATOLOGICAL SUMMARY for SEP. 2019 NAME: Station1 CITY: Lancaster STATE: Ohio ELEV: 958 ft LAT: 39 45' 15" N LONG: 82 34' 05" W TEMPERATURE (F), RAIN (in), WIND SPEED (mph) HEAT COOL AVG MEAN DEG DEG WIND DOM DAY TEMP HIGH TIME LOW TIME DAYS DAYS RAIN SPEED HIGH TIME DIR ------------------------------------------------------------------------------------ 1 68.3 81.8 3:46p 61.6 1:35a 1.1 4.4 0.71 0.2 12.0 9:13p S 2 70.6 80.5 4:33p 62.9 11:55p 0.1 5.7 0.04 0.3 10.0 10:30a NW 3 70.1 83.2 3:13p 57.0 6:33a 2.0 7.1 0.00 0.5 19.0 4:42p SSW 4 74.5 84.7 3:07p 62.7 11:58p 0.0 9.5 0.00 0.9 14.0 2:28p NNW 5 66.0 80.1 4:21p 55.9 7:01a 3.2 4.2 0.00 0.4 11.0 1:50p NNE 6 64.8 79.6 3:36p 49.2 7:15a 4.9 4.7 0.00 0.2 12.0 2:21p SW 7 69.0 79.4 4:11p 58.6 11:59p 0.6 4.5 0.00 0.3 13.0 4:14p NNW 8 64.6 79.9 2:55p 52.3 5:24a 4.3 3.8 0.00 0.0 5.0 12:17p NNE 9 70.3 84.1 3:02p 58.7 7:23a 1.3 6.6 0.00 0.1 7.0 3:51p NNE 10 73.1 91.4 3:21p 57.3 7:04a 2.0 10.0 0.00 0.1 12.0 4:08p SSW 11 77.6 92.7 3:58p 65.3 6:51a 0.0 12.6 0.00 0.4 16.0 4:09p SW 12 78.1 93.2 2:27p 66.4 7:11a 0.0 13.1 0.00 0.1 11.0 11:57a WSW 13 79.7 93.4 3:48p 66.9 6:24a 0.0 14.7 0.00 0.4 16.0 3:15p SSW 14 72.4 81.2 2:48p 57.2 11:57p 0.6 8.0 0.00 0.6 13.0 2:36p NNW 15 68.0 84.9 3:54p 52.9 7:10a 3.9 6.9 0.00 0.0 7.0 10:11a S 16 74.7 88.8 2:30p 61.6 7:31a 0.4 10.1 0.00 0.2 11.0 4:06p NNW 17 70.0 83.8 4:59p 61.6 7:21a 0.4 5.4 0.00 0.3 10.0 11:44a NNE 18 69.2 84.7 4:33p 55.1 7:24a 2.2 6.4 0.00 0.2 11.0 12:49p NNE 19 68.2 83.0 4:44p 53.8 7:13a 3.2 6.4 0.00 0.1 13.0 11:24a ESE 20 71.4 85.9 4:32p 58.6 3:25a 1.7 8.0 0.00 0.2 14.0 7:27p SSW 21 73.4 87.4 5:33p 62.6 6:54a 0.2 8.6 0.01 0.3 12.0 1:05p WSW 22 75.2 89.7 2:19p 62.4 7:07a 0.2 10.3 0.00 0.9 24.0 1:33p SSW 23 73.2 84.5 3:57p 61.0 12:00m 0.1 8.2 0.02 1.7 18.0 4:06p SSW 24 63.3 80.1 2:57p 48.0 7:44a 5.9 4.2 0.00 0.3 11.0 3:55p NW 25 64.7 81.1 4:19p 48.2 7:30a 5.6 5.4 0.00 0.3 13.0 1:20p S 26 69.0 81.6 2:53p 51.6 11:57p 1.3 5.3 0.00 0.6 14.0 3:12p NNW 27 65.4 86.5 4:18p 44.9 7:07a 6.9 7.2 0.00 0.3 16.0 1:16p S 28 75.0 89.9 3:58p 64.7 2:55a 0.0 10.0 0.20 0.5 16.0 4:20p SSW 29 71.8 82.8 5:16p 65.2 4:21a 0.0 6.8 0.35 0.1 8.0 11:30a NNE 30 76.0 91.8 4:19p 64.0 7:21a 0.0 11.1 0.01 0.1 10.0 1:52p NW ------------------------------------------------------------------------------------- 70.9 93.4 13 44.9 27 52.1 229.2 1.34 0.4 24.0 22 SSW Max >= 90.0: 5 Max <= 32.0: 0 Min <= 32.0: 0 Min <= 0.0: 0 Max Rain: 0.71 ON 09/01/19 Days of Rain: 5 (>.01 in) 3 (>.1 in) 0 (>1 in) Heat Base: 65.0 Cool Base: 65.0 Method: Integration
 
USA Weather Finder