Weather Information | Photos of Local Events | Personal Weather Stations Links | Lancaster Links | Site Map

NOAA Report Archive
(Reports Generated by WeatherLink)
2020: Jan | Feb | Mar | Apr | May | Jun | Jul | Aug | Sep | Oct | Nov | Dec 
2019: Jan | Feb | Mar | Apr | May | Jun | Jul | Aug | Sep | Oct | Nov | Dec 
2018: Jan | Feb | Mar | Apr | May | Jun | Jul | Aug | Sep | Oct | Nov | Dec 
2017: Jan | Feb | Mar | Apr | May | Jun | Jul | Aug | Sep | Oct | Nov | Dec 
2016: Jan | Feb | Mar | Apr | May | Jun | Jul | Aug | Sep | Oct | Nov | Dec 
2015: Jan | Feb | Mar | Apr | May | Jun | Jul | Aug | Sep | Oct | Nov | Dec 
2014: Jan | Feb | Mar | Apr | May | Jun | Jul | Aug | Sep | Oct | Nov | Dec 
2013: Jan | Feb | Mar | Apr | May | Jun | Jul | Aug | Sep | Oct | Nov | Dec 
2012: Jan | Feb | Mar | Apr | May | Jun | Jul | Aug | Sep | Oct | Nov | Dec 
2011: Jan | Feb | Mar | Apr | May | Jun | Jul | Aug | Sep | Oct | Nov | Dec 
2010: Jan | Feb | Mar | Apr | May | Jun | Jul | Aug | Sep | Oct | Nov | Dec 
2009: Jan | Feb | Mar | Apr | May | Jun | Jul | Aug | Sep | Oct | Nov | Dec 
2008: Jan | Feb | Mar | Apr | May | Jun | Jul | Aug | Sep | Oct | Nov | Dec 
2007: Jan | Feb | Mar | Apr | May | Jun | Jul | Aug | Sep | Oct | Nov | Dec 
2006: Jan | Feb | Mar | Apr | May | Jun | Jul | Aug | Sep | Oct | Nov | Dec 
2005: Jan | Feb | Mar | Apr | May | Jun | Jul | Aug | Sep | Oct | Nov | Dec 
2004: Jan | Feb | Mar | Apr | May | Jun | Jul | Aug | Sep | Oct | Nov | Dec 
2003: Jan | Feb | Mar | Apr | May | Jun | Jul | Aug | Sep | Oct | Nov | Dec 

Report for 2019 10
MONTHLY CLIMATOLOGICAL SUMMARY for OCT. 2019 NAME: Station1 CITY: Lancaster STATE: Ohio ELEV: 958 ft LAT: 39 45' 15" N LONG: 82 34' 05" W TEMPERATURE (F), RAIN (in), WIND SPEED (mph) HEAT COOL AVG MEAN DEG DEG WIND DOM DAY TEMP HIGH TIME LOW TIME DAYS DAYS RAIN SPEED HIGH TIME DIR ------------------------------------------------------------------------------------ 1 77.7 93.4 3:24p 65.5 7:09a 0.0 12.7 0.00 0.6 24.0 3:10p SW 2 78.7 93.4 3:51p 65.2 6:29a 0.0 13.7 0.00 0.9 25.0 4:09p SW 3 76.6 92.9 2:12p 63.9 11:59p 0.0 11.6 0.00 1.2 22.0 3:21p NNW 4 60.1 71.8 2:58p 51.1 7:54a 5.8 0.9 0.00 1.5 16.0 3:58p NNE 5 58.8 76.3 4:48p 42.9 7:10a 8.6 2.4 0.00 0.1 8.0 3:23p NNE 6 65.8 73.0 2:40p 59.8 12:00m 1.3 2.1 0.12 0.4 14.0 11:15a SSW 7 56.0 61.2 4:47p 50.4 11:51p 9.0 0.0 0.55 0.0 7.0 12:41a NNW 8 55.3 71.6 4:21p 44.8 3:55a 10.5 0.8 0.01 0.3 12.0 11:59a NNE 9 58.2 72.8 3:10p 43.3 7:41a 8.4 1.6 0.00 0.1 7.0 10:19a NNE 10 62.0 79.8 5:26p 48.8 7:19a 6.4 3.4 0.00 0.0 10.0 2:52p SSW 11 63.8 76.8 4:14p 51.3 6:07a 4.6 3.4 0.00 0.2 13.0 3:55p SSW 12 48.3 69.6 12:26a 37.3 11:59p 16.9 0.1 0.05 1.1 19.0 12:57a WSW 13 50.0 68.4 4:01p 32.8 6:05a 15.4 0.4 0.00 0.8 18.0 2:51p SSW 14 55.3 68.3 4:38p 41.5 11:54p 10.0 0.3 0.00 1.0 16.0 3:22p SW 15 53.2 73.2 4:24p 33.8 7:46a 13.3 1.6 0.00 0.3 16.0 3:38p SSW 16 51.1 62.9 3:00a 47.0 1:49p 13.9 0.0 0.48 1.6 22.0 8:39p WSW 17 49.5 57.8 2:53p 43.6 4:16a 15.5 0.0 0.00 1.5 18.0 12:32p NW 18 47.0 61.3 2:43p 33.7 7:40a 18.0 0.0 0.00 0.1 6.0 12:29p NNE 19 48.0 66.9 3:29p 30.7 7:14a 17.1 0.1 0.00 0.1 11.0 3:20p SSW 20 58.4 75.4 4:16p 46.4 12:25a 8.8 2.2 0.00 0.1 11.0 1:21p WSW 21 60.6 73.5 4:17p 47.6 4:13a 6.5 2.1 0.08 1.1 19.0 8:50p ESE 22 59.1 66.1 2:18p 49.9 9:33p 5.9 0.0 0.19 1.8 22.0 12:14p SSW 23 51.9 63.9 4:30p 42.9 7:39a 13.0 0.0 0.00 1.3 20.0 12:37p SW 24 54.1 72.1 4:16p 37.3 5:32a 12.2 1.2 0.00 0.5 14.0 11:32a SSW 25 52.3 61.6 4:19p 45.7 4:42a 12.7 0.0 0.00 0.0 5.0 3:04a NNW 26 53.1 61.2 11:58p 48.6 4:03a 11.9 0.0 0.44 0.9 13.0 10:35p ESE 27 55.7 61.6 2:32a 42.8 11:49p 9.3 0.0 0.42 2.4 25.0 7:10a SSW 28 50.6 69.6 3:44p 36.5 6:29a 14.9 0.5 0.00 0.2 13.0 1:43p SSW 29 51.0 59.9 4:35p 42.3 7:38a 14.0 0.0 0.00 0.2 10.0 2:19p WSW 30 53.3 60.4 2:34p 44.5 2:20a 11.7 0.0 0.69 0.1 8.0 10:44a E 31 52.8 66.8 11:37a 34.7 9:57p 12.3 0.1 1.36 3.3 35.0 8:11p WSW ------------------------------------------------------------------------------------- 57.0 93.4 1 30.7 19 307.9 61.2 4.39 0.8 35.0 31 SSW Max >= 90.0: 3 Max <= 32.0: 0 Min <= 32.0: 1 Min <= 0.0: 0 Max Rain: 1.36 ON 10/31/19 Days of Rain: 10 (>.01 in) 8 (>.1 in) 1 (>1 in) Heat Base: 65.0 Cool Base: 65.0 Method: Integration
 
USA Weather Finder