2024: Jan | Feb | Mar | Apr | May | Jun | Jul | Aug | Sep | Oct | Nov | Dec
2023: Jan | Feb | Mar | Apr | May | Jun | Jul | Aug | Sep | Oct | Nov | Dec
2022: Jan | Feb | Mar | Apr | May | Jun | Jul | Aug | Sep | Oct | Nov | Dec
2021: Jan | Feb | Mar | Apr | May | Jun | Jul | Aug | Sep | Oct | Nov | Dec
2020: Jan | Feb | Mar | Apr | May | Jun | Jul | Aug | Sep | Oct | Nov | Dec
2019: Jan | Feb | Mar | Apr | May | Jun | Jul | Aug | Sep | Oct | Nov | Dec
2018: Jan | Feb | Mar | Apr | May | Jun | Jul | Aug | Sep | Oct | Nov | Dec
2017: Jan | Feb | Mar | Apr | May | Jun | Jul | Aug | Sep | Oct | Nov | Dec
2016: Jan | Feb | Mar | Apr | May | Jun | Jul | Aug | Sep | Oct | Nov | Dec
2015: Jan | Feb | Mar | Apr | May | Jun | Jul | Aug | Sep | Oct | Nov | Dec
2014: Jan | Feb | Mar | Apr | May | Jun | Jul | Aug | Sep | Oct | Nov | Dec
2013: Jan | Feb | Mar | Apr | May | Jun | Jul | Aug | Sep | Oct | Nov | Dec
2012: Jan | Feb | Mar | Apr | May | Jun | Jul | Aug | Sep | Oct | Nov | Dec
2011: Jan | Feb | Mar | Apr | May | Jun | Jul | Aug | Sep | Oct | Nov | Dec
2010: Jan | Feb | Mar | Apr | May | Jun | Jul | Aug | Sep | Oct | Nov | Dec
2009: Jan | Feb | Mar | Apr | May | Jun | Jul | Aug | Sep | Oct | Nov | Dec
2008: Jan | Feb | Mar | Apr | May | Jun | Jul | Aug | Sep | Oct | Nov | Dec
2007: Jan | Feb | Mar | Apr | May | Jun | Jul | Aug | Sep | Oct | Nov | Dec
2006: Jan | Feb | Mar | Apr | May | Jun | Jul | Aug | Sep | Oct | Nov | Dec
2005: Jan | Feb | Mar | Apr | May | Jun | Jul | Aug | Sep | Oct | Nov | Dec
2004: Jan | Feb | Mar | Apr | May | Jun | Jul | Aug | Sep | Oct | Nov | Dec
2003: Jan | Feb | Mar | Apr | May | Jun | Jul | Aug | Sep | Oct | Nov | Dec
Report for 2019 11
MONTHLY CLIMATOLOGICAL SUMMARY for NOV. 2019
NAME: Station1 CITY: Lancaster STATE: Ohio
ELEV: 958 ft LAT: 39° 45' 15" N LONG: 82° 34' 05" W
TEMPERATURE (°F), RAIN (in), WIND SPEED (mph)
HEAT COOL AVG
MEAN DEG DEG WIND DOM
DAY TEMP HIGH TIME LOW TIME DAYS DAYS RAIN SPEED HIGH TIME DIR
------------------------------------------------------------------------------------
1 36.8 46.0 4:25p 28.2 11:55p 23.0 0.0 0.00 1.8 28.0 12:38a WSW
2 37.5 51.4 1:59p 25.0 5:40a 27.3 0.0 0.00 1.3 21.0 3:15p WSW
3 41.4 53.2 3:17p 33.4 9:59p 23.5 0.0 0.00 0.9 14.0 10:22a WSW
4 46.5 57.6 1:37p 31.0 7:05a 18.5 0.0 0.00 1.4 20.0 11:17a SSW
5 44.0 50.8 3:49p 32.5 11:05p 21.0 0.0 0.29 0.6 12.0 11:05a W
6 41.0 53.2 2:14p 26.6 7:00a 24.0 0.0 0.01 0.2 11.0 1:43p SSW
7 38.8 47.1 3:00a 28.4 9:41p 26.2 0.0 0.44 1.6 14.0 12:50p NNW
8 28.0 39.3 2:53p 19.2 7:10a 36.7 0.0 0.00 0.8 12.0 9:32a NW
9 31.5 39.1 4:04p 22.2 2:13a 33.4 0.0 0.00 0.8 14.0 11:53a SSW
10 46.9 59.6 3:10p 32.5 12:01a 18.1 0.0 0.00 1.5 14.0 2:31a SSW
11 47.0 62.4 1:37p 28.2 12:00m 18.0 0.0 0.17 1.5 22.0 2:38p NNW
12 22.3 28.2 12:01a 16.1 10:44p 42.6 0.0 0.09 1.8 20.0 11:05a NW
13 21.0 29.8 3:42p 10.0 7:25a 44.0 0.0 0.00 0.4 8.0 11:33a SE
14 32.5 43.8 3:40p 24.8 12:50a 32.5 0.0 0.00 0.8 16.0 10:48a SSW
15 31.1 41.3 3:41p 24.4 4:42a 33.8 0.0 0.00 0.6 8.0 12:29p NW
16 34.8 46.2 2:43p 27.8 6:34a 30.1 0.0 0.00 0.7 11.0 9:51a NNE
17 37.1 50.7 1:56p 25.1 7:06a 27.8 0.0 0.00 0.2 6.0 11:49a E
18 42.4 51.4 12:15p 31.6 7:59a 22.5 0.0 0.00 0.8 12.0 1:49p WSW
19 41.1 47.6 4:00p 36.5 6:51p 23.9 0.0 0.00 0.3 8.0 2:08p WSW
20 42.0 52.8 2:32p 34.3 11:28p 22.9 0.0 0.00 0.4 10.0 2:06p NW
21 45.8 55.4 7:08p 34.6 1:29a 19.2 0.0 0.00 2.7 25.0 6:36p S
22 41.8 54.2 12:01a 28.7 11:27p 23.1 0.0 0.23 2.8 20.0 10:49a NNW
23 34.3 43.6 1:47p 25.1 6:32a 30.7 0.0 0.19 1.1 14.0 7:59p ENE
24 38.2 44.5 1:27p 32.7 7:24a 26.8 0.0 0.06 2.8 24.0 9:10a SW
25 44.0 56.3 3:23p 33.7 6:29a 21.0 0.0 0.00 1.3 18.0 12:09p SSW
26 48.5 58.1 1:13p 38.2 1:19a 16.4 0.0 0.00 0.3 14.0 11:00p SSW
27 48.3 60.2 10:30a 39.2 11:57p 16.7 0.0 0.32 6.0 46.0 3:57p S
28 37.5 39.2 12:01a 36.2 6:55a 27.5 0.0 0.00 2.3 24.0 12:07a WNW
29 38.3 41.3 1:03p 33.4 2:02a 26.7 0.0 0.00 0.0 6.0 1:11p NNE
30 39.7 42.6 2:51p 37.6 2:30a 25.2 0.0 0.02 1.6 18.0 6:11p ESE
-------------------------------------------------------------------------------------
38.7 62.4 11 10.0 13 783.1 0.0 1.82 1.3 46.0 27 SSW
Max >= 90.0: 0
Max <= 32.0: 2
Min <= 32.0: 17
Min <= 0.0: 0
Max Rain: 0.44 ON 11/07/19
Days of Rain: 9 (>.01 in) 6 (>.1 in) 0 (>1 in)
Heat Base: 65.0 Cool Base: 65.0 Method: Integration
|