2024: Jan | Feb | Mar | Apr | May | Jun | Jul | Aug | Sep | Oct | Nov | Dec
2023: Jan | Feb | Mar | Apr | May | Jun | Jul | Aug | Sep | Oct | Nov | Dec
2022: Jan | Feb | Mar | Apr | May | Jun | Jul | Aug | Sep | Oct | Nov | Dec
2021: Jan | Feb | Mar | Apr | May | Jun | Jul | Aug | Sep | Oct | Nov | Dec
2020: Jan | Feb | Mar | Apr | May | Jun | Jul | Aug | Sep | Oct | Nov | Dec
2019: Jan | Feb | Mar | Apr | May | Jun | Jul | Aug | Sep | Oct | Nov | Dec
2018: Jan | Feb | Mar | Apr | May | Jun | Jul | Aug | Sep | Oct | Nov | Dec
2017: Jan | Feb | Mar | Apr | May | Jun | Jul | Aug | Sep | Oct | Nov | Dec
2016: Jan | Feb | Mar | Apr | May | Jun | Jul | Aug | Sep | Oct | Nov | Dec
2015: Jan | Feb | Mar | Apr | May | Jun | Jul | Aug | Sep | Oct | Nov | Dec
2014: Jan | Feb | Mar | Apr | May | Jun | Jul | Aug | Sep | Oct | Nov | Dec
2013: Jan | Feb | Mar | Apr | May | Jun | Jul | Aug | Sep | Oct | Nov | Dec
2012: Jan | Feb | Mar | Apr | May | Jun | Jul | Aug | Sep | Oct | Nov | Dec
2011: Jan | Feb | Mar | Apr | May | Jun | Jul | Aug | Sep | Oct | Nov | Dec
2010: Jan | Feb | Mar | Apr | May | Jun | Jul | Aug | Sep | Oct | Nov | Dec
2009: Jan | Feb | Mar | Apr | May | Jun | Jul | Aug | Sep | Oct | Nov | Dec
2008: Jan | Feb | Mar | Apr | May | Jun | Jul | Aug | Sep | Oct | Nov | Dec
2007: Jan | Feb | Mar | Apr | May | Jun | Jul | Aug | Sep | Oct | Nov | Dec
2006: Jan | Feb | Mar | Apr | May | Jun | Jul | Aug | Sep | Oct | Nov | Dec
2005: Jan | Feb | Mar | Apr | May | Jun | Jul | Aug | Sep | Oct | Nov | Dec
2004: Jan | Feb | Mar | Apr | May | Jun | Jul | Aug | Sep | Oct | Nov | Dec
2003: Jan | Feb | Mar | Apr | May | Jun | Jul | Aug | Sep | Oct | Nov | Dec
Report for 2019 12
MONTHLY CLIMATOLOGICAL SUMMARY for DEC. 2019
NAME: Station1 CITY: Lancaster STATE: Ohio
ELEV: 958 ft LAT: 39° 45' 15" N LONG: 82° 34' 05" W
TEMPERATURE (°F), RAIN (in), WIND SPEED (mph)
HEAT COOL AVG
MEAN DEG DEG WIND DOM
DAY TEMP HIGH TIME LOW TIME DAYS DAYS RAIN SPEED HIGH TIME DIR
------------------------------------------------------------------------------------
1 44.7 56.7 12:09p 34.0 11:36p 20.3 0.0 0.45 2.0 26.0 7:43a WSW
2 34.6 36.6 10:08a 32.4 11:22p 30.4 0.0 0.11 1.5 21.0 12:23p WNW
3 32.9 34.0 3:13p 32.2 4:17a 32.1 0.0 0.00 1.8 16.0 3:15p SSW
4 38.3 46.2 3:04p 32.5 12:01a 26.6 0.0 0.01 3.0 24.0 10:26a W
5 37.1 46.5 3:29p 30.3 7:35a 27.8 0.0 0.00 1.0 16.0 12:20a W
6 38.2 51.0 12:48p 26.9 11:48p 26.8 0.0 0.00 1.7 17.0 9:19a NNW
7 30.9 43.5 2:51p 20.8 7:04a 34.0 0.0 0.00 0.1 5.0 1:00p ESE
8 41.4 51.9 4:50p 27.3 6:16a 23.6 0.0 0.00 1.4 17.0 12:11p S
9 51.7 57.0 11:06p 46.2 7:54a 13.3 0.0 0.67 3.5 26.0 7:17p S
10 34.4 54.2 12:01a 24.5 11:23p 30.5 0.0 0.01 2.3 24.0 9:13a W
11 25.1 31.8 3:55p 18.8 6:43a 39.9 0.0 0.00 1.6 21.0 12:42p SW
12 29.5 40.8 2:17p 19.2 12:44a 35.4 0.0 0.00 0.2 10.0 12:36p SE
13 38.3 44.6 2:53p 31.3 3:47a 26.7 0.0 0.03 0.2 8.0 9:36a S
14 38.9 42.1 3:23p 34.9 9:18a 26.1 0.0 0.31 2.3 16.0 4:07p NNW
15 33.3 39.5 12:14a 30.0 9:52p 31.7 0.0 0.11 1.6 21.0 5:42a W
16 32.6 35.6 12:44p 30.4 12:01a 32.3 0.0 0.33 0.1 8.0 5:59p ENE
17 30.1 33.2 12:01a 24.1 11:39p 34.8 0.0 0.13 0.0 0.0 --- ---
18 23.3 28.8 3:03p 16.2 11:39p 41.6 0.0 0.00 0.6 20.0 3:05p WNW
19 22.2 33.8 3:25p 11.1 6:09a 42.7 0.0 0.00 0.3 12.0 11:32a S
20 29.7 41.9 2:45p 19.2 7:54a 35.2 0.0 0.00 0.1 6.0 1:46p S
21 35.0 52.9 3:20p 26.4 2:44a 30.0 0.0 0.00 0.2 12.0 2:03p SSW
22 34.8 52.8 1:38p 23.6 8:00a 30.1 0.0 0.00 0.1 8.0 1:07p SSW
23 38.2 58.7 2:54p 25.6 7:57a 26.8 0.0 0.00 0.0 5.0 12:57p NNE
24 37.6 56.0 3:05p 28.4 8:09a 27.4 0.0 0.00 0.1 6.0 2:09p W
25 41.2 61.8 3:29p 26.7 7:58a 23.8 0.0 0.00 0.2 10.0 2:30p SSW
26 50.9 64.3 1:15p 37.6 7:42a 14.1 0.0 0.00 1.0 17.0 12:03p SSW
27 54.7 59.9 3:15p 40.2 11:36p 10.3 0.0 0.00 1.0 13.0 3:12a SSW
28 43.2 49.5 3:32p 38.8 7:31a 21.8 0.0 0.00 0.1 7.0 1:14a ENE
29 52.4 57.5 2:14p 46.0 1:27a 12.6 0.0 1.17 0.5 21.0 1:59p S
30 45.3 56.7 5:08a 36.2 10:58p 19.7 0.0 0.10 4.0 39.0 4:56a SSW
31 35.3 37.0 12:01a 33.1 2:39p 29.6 0.0 0.00 4.7 31.0 12:40p SSW
-------------------------------------------------------------------------------------
37.3 64.3 26 11.1 19 858.0 0.0 3.43 1.2 39.0 30 SSW
Max >= 90.0: 0
Max <= 32.0: 2
Min <= 32.0: 19
Min <= 0.0: 0
Max Rain: 1.17 ON 12/29/19
Days of Rain: 10 (>.01 in) 8 (>.1 in) 1 (>1 in)
Heat Base: 65.0 Cool Base: 65.0 Method: Integration
|