Weather Information | Photos of Local Events | Personal Weather Stations Links | Lancaster Links | Site Map

NOAA Report Archive
(Reports Generated by WeatherLink)
2020: Jan | Feb | Mar | Apr | May | Jun | Jul | Aug | Sep | Oct | Nov | Dec 
2019: Jan | Feb | Mar | Apr | May | Jun | Jul | Aug | Sep | Oct | Nov | Dec 
2018: Jan | Feb | Mar | Apr | May | Jun | Jul | Aug | Sep | Oct | Nov | Dec 
2017: Jan | Feb | Mar | Apr | May | Jun | Jul | Aug | Sep | Oct | Nov | Dec 
2016: Jan | Feb | Mar | Apr | May | Jun | Jul | Aug | Sep | Oct | Nov | Dec 
2015: Jan | Feb | Mar | Apr | May | Jun | Jul | Aug | Sep | Oct | Nov | Dec 
2014: Jan | Feb | Mar | Apr | May | Jun | Jul | Aug | Sep | Oct | Nov | Dec 
2013: Jan | Feb | Mar | Apr | May | Jun | Jul | Aug | Sep | Oct | Nov | Dec 
2012: Jan | Feb | Mar | Apr | May | Jun | Jul | Aug | Sep | Oct | Nov | Dec 
2011: Jan | Feb | Mar | Apr | May | Jun | Jul | Aug | Sep | Oct | Nov | Dec 
2010: Jan | Feb | Mar | Apr | May | Jun | Jul | Aug | Sep | Oct | Nov | Dec 
2009: Jan | Feb | Mar | Apr | May | Jun | Jul | Aug | Sep | Oct | Nov | Dec 
2008: Jan | Feb | Mar | Apr | May | Jun | Jul | Aug | Sep | Oct | Nov | Dec 
2007: Jan | Feb | Mar | Apr | May | Jun | Jul | Aug | Sep | Oct | Nov | Dec 
2006: Jan | Feb | Mar | Apr | May | Jun | Jul | Aug | Sep | Oct | Nov | Dec 
2005: Jan | Feb | Mar | Apr | May | Jun | Jul | Aug | Sep | Oct | Nov | Dec 
2004: Jan | Feb | Mar | Apr | May | Jun | Jul | Aug | Sep | Oct | Nov | Dec 
2003: Jan | Feb | Mar | Apr | May | Jun | Jul | Aug | Sep | Oct | Nov | Dec 

Report for 2020 01
MONTHLY CLIMATOLOGICAL SUMMARY for JAN. 2020 NAME: Station1 CITY: Lancaster STATE: Ohio ELEV: 958 ft LAT: 39 45' 15" N LONG: 82 34' 05" W TEMPERATURE (F), RAIN (in), WIND SPEED (mph) HEAT COOL AVG MEAN DEG DEG WIND DOM DAY TEMP HIGH TIME LOW TIME DAYS DAYS RAIN SPEED HIGH TIME DIR ------------------------------------------------------------------------------------ 1 36.5 44.5 3:20p 32.7 6:11a 28.5 0.0 0.00 2.1 21.0 10:52a SSW 2 41.3 48.3 3:26p 31.0 5:21a 23.6 0.0 0.12 1.5 17.0 12:41p S 3 49.7 52.6 2:35p 47.0 7:17a 15.3 0.0 0.73 0.2 10.0 11:29p SSW 4 38.9 47.6 12:01a 32.8 7:33p 26.0 0.0 0.06 1.4 18.0 6:58p WNW 5 36.0 42.5 10:02p 31.5 6:57a 28.9 0.0 0.00 2.9 25.0 9:02p SSW 6 37.6 44.3 3:07p 31.3 11:59p 27.3 0.0 0.00 1.9 25.0 2:24a W 7 36.8 47.3 2:37p 27.9 5:12a 28.2 0.0 0.00 0.9 14.0 11:40p WSW 8 31.8 37.2 12:01a 23.2 11:12p 33.2 0.0 0.00 2.2 20.0 8:20a W 9 37.3 52.6 2:44p 21.9 4:39a 27.6 0.0 0.00 1.1 13.0 11:25p ESE 10 51.1 59.3 8:57p 43.6 7:00a 13.9 0.0 0.30 0.5 20.0 1:25a S 11 60.1 71.6 2:25p 52.3 1:29a 5.5 0.6 0.47 3.6 34.0 10:12a S 12 42.2 58.3 12:01a 37.3 12:00m 22.7 0.0 0.01 2.3 39.0 1:22a WSW 13 40.3 50.1 3:14p 34.0 8:26p 24.7 0.0 0.00 0.7 14.0 10:22a WSW 14 41.9 50.4 1:20p 34.3 11:35p 23.1 0.0 0.00 1.0 19.0 10:40a WSW 15 40.1 54.2 7:39p 29.7 6:07a 24.9 0.0 0.00 1.1 26.0 8:43p W 16 36.0 46.7 12:01a 25.7 11:20p 28.9 0.0 0.00 3.6 24.0 12:28p WNW 17 27.6 31.3 2:33p 22.1 6:40a 37.3 0.0 0.00 1.4 14.0 12:33a E 18 36.3 49.2 5:06p 29.3 1:14a 28.7 0.0 1.03 3.0 30.0 10:18p W 19 19.1 31.9 12:01a 14.6 6:34p 45.8 0.0 0.00 3.0 32.0 12:31a W 20 19.6 27.2 3:31p 13.8 7:54a 45.3 0.0 0.00 0.5 10.0 10:26a NW 21 20.8 31.2 3:22p 12.4 7:25a 44.1 0.0 0.00 0.2 7.0 12:16p NW 22 25.6 39.1 2:43p 12.9 6:46a 39.3 0.0 0.00 0.2 12.0 10:50a S 23 35.5 42.5 4:05p 27.9 2:32a 29.4 0.0 0.00 0.1 6.0 8:38p E 24 42.7 48.5 3:58p 38.8 8:37p 22.3 0.0 0.56 2.3 13.0 10:48a ESE 25 40.2 41.8 12:01a 39.5 3:32a 4.0 0.0 0.01 0.4 12.0 12:13a SW 26 27 28 34.6 36.0 2:54p 32.5 11:54p 19.5 0.0 0.00 0.3 10.0 1:34p WSW 29 33.3 34.9 2:09p 31.5 5:10a 31.6 0.0 0.00 0.0 7.0 2:30p NE 30 32.8 36.6 2:44p 29.8 9:28p 32.1 0.0 0.00 0.0 6.0 6:37a NNE 31 30.8 31.3 12:01a 30.3 12:46a 5.7 0.0 0.00 0.0 0.0 --- --- ------------------------------------------------------------------------------------- 36.4 71.6 11 12.4 21 767.4 0.6 3.29 1.3 39.0 12 W Max >= 90.0: 0 Max <= 32.0: 5 Min <= 32.0: 18 Min <= 0.0: 0 Max Rain: 1.03 ON 01/18/20 Days of Rain: 7 (>.01 in) 6 (>.1 in) 1 (>1 in) Heat Base: 65.0 Cool Base: 65.0 Method: Integration
 
USA Weather Finder