2024: Jan | Feb | Mar | Apr | May | Jun | Jul | Aug | Sep | Oct | Nov | Dec
2023: Jan | Feb | Mar | Apr | May | Jun | Jul | Aug | Sep | Oct | Nov | Dec
2022: Jan | Feb | Mar | Apr | May | Jun | Jul | Aug | Sep | Oct | Nov | Dec
2021: Jan | Feb | Mar | Apr | May | Jun | Jul | Aug | Sep | Oct | Nov | Dec
2020: Jan | Feb | Mar | Apr | May | Jun | Jul | Aug | Sep | Oct | Nov | Dec
2019: Jan | Feb | Mar | Apr | May | Jun | Jul | Aug | Sep | Oct | Nov | Dec
2018: Jan | Feb | Mar | Apr | May | Jun | Jul | Aug | Sep | Oct | Nov | Dec
2017: Jan | Feb | Mar | Apr | May | Jun | Jul | Aug | Sep | Oct | Nov | Dec
2016: Jan | Feb | Mar | Apr | May | Jun | Jul | Aug | Sep | Oct | Nov | Dec
2015: Jan | Feb | Mar | Apr | May | Jun | Jul | Aug | Sep | Oct | Nov | Dec
2014: Jan | Feb | Mar | Apr | May | Jun | Jul | Aug | Sep | Oct | Nov | Dec
2013: Jan | Feb | Mar | Apr | May | Jun | Jul | Aug | Sep | Oct | Nov | Dec
2012: Jan | Feb | Mar | Apr | May | Jun | Jul | Aug | Sep | Oct | Nov | Dec
2011: Jan | Feb | Mar | Apr | May | Jun | Jul | Aug | Sep | Oct | Nov | Dec
2010: Jan | Feb | Mar | Apr | May | Jun | Jul | Aug | Sep | Oct | Nov | Dec
2009: Jan | Feb | Mar | Apr | May | Jun | Jul | Aug | Sep | Oct | Nov | Dec
2008: Jan | Feb | Mar | Apr | May | Jun | Jul | Aug | Sep | Oct | Nov | Dec
2007: Jan | Feb | Mar | Apr | May | Jun | Jul | Aug | Sep | Oct | Nov | Dec
2006: Jan | Feb | Mar | Apr | May | Jun | Jul | Aug | Sep | Oct | Nov | Dec
2005: Jan | Feb | Mar | Apr | May | Jun | Jul | Aug | Sep | Oct | Nov | Dec
2004: Jan | Feb | Mar | Apr | May | Jun | Jul | Aug | Sep | Oct | Nov | Dec
2003: Jan | Feb | Mar | Apr | May | Jun | Jul | Aug | Sep | Oct | Nov | Dec
Report for 2020 02
MONTHLY CLIMATOLOGICAL SUMMARY for FEB. 2020
NAME: Station1 CITY: Lancaster STATE: Ohio
ELEV: 958 ft LAT: 39° 45' 15" N LONG: 82° 34' 05" W
TEMPERATURE (°F), RAIN (in), WIND SPEED (mph)
HEAT COOL AVG
MEAN DEG DEG WIND DOM
DAY TEMP HIGH TIME LOW TIME DAYS DAYS RAIN SPEED HIGH TIME DIR
------------------------------------------------------------------------------------
1 36.1 38.3 1:50p 32.5 7:09a 21.2 0.0 0.04 1.0 14.0 10:11p SSW
2 46.0 60.2 4:30p 34.6 4:26a 19.0 0.0 0.00 4.3 29.0 12:38p SSW
3 52.4 64.5 1:42p 35.8 7:37a 12.6 0.0 0.03 1.2 22.0 12:20p S
4 49.0 58.1 6:57a 31.9 11:58p 15.9 0.0 0.38 3.4 18.0 5:12a SSW
5 34.6 39.8 3:09p 31.8 4:30a 30.4 0.0 0.43 1.6 16.0 4:29a N
6 33.4 35.9 12:51p 30.7 11:44p 31.5 0.0 0.39 1.0 11.0 11:30a NW
7 28.2 32.8 4:28p 23.5 11:22p 36.7 0.0 0.19 1.8 14.0 6:50a W
8 29.8 32.7 8:25p 24.5 12:01a 35.1 0.0 0.04 0.7 11.0 3:55a SSW
9 33.5 39.2 12:00m 28.7 7:42a 31.5 0.0 0.11 0.8 12.0 1:11p S
10 43.8 49.1 8:09a 39.1 11:53p 21.1 0.0 0.19 2.8 26.0 2:28a SSW
11 37.0 39.9 2:47p 34.6 8:33a 28.0 0.0 0.05 1.3 13.0 5:14p NNW
12 32.8 36.6 1:03p 26.7 7:36a 32.2 0.0 0.63 0.3 16.0 9:44p E
13 33.4 37.8 2:29p 25.6 12:00m 31.5 0.0 0.10 2.4 18.0 4:18p W
14 20.4 26.1 2:34p 15.1 11:23p 44.5 0.0 0.00 1.3 19.0 12:14a W
15 26.5 38.8 3:12p 11.7 7:09a 38.4 0.0 0.00 1.1 16.0 2:03p S
16 38.2 43.2 11:58a 27.0 11:36p 26.7 0.0 0.00 0.3 11.0 12:20a SSW
17 38.0 51.7 2:59p 23.0 6:05a 26.9 0.0 0.00 1.1 12.0 12:58p ESE
18 46.2 51.9 3:06a 33.2 11:58p 18.7 0.0 0.12 1.1 13.0 2:25p NW
19 33.0 43.2 3:50p 24.7 7:38a 32.0 0.0 0.01 1.1 11.0 9:05a NNW
20 26.7 33.5 2:17p 18.3 11:27p 38.3 0.0 0.00 1.8 17.0 5:14p NNW
21 24.9 36.6 4:07p 13.1 7:13a 40.0 0.0 0.00 0.7 13.0 1:26p SW
22 35.2 49.6 4:29p 25.7 6:41a 29.7 0.0 0.00 1.6 18.0 2:15p SSW
23 38.4 52.6 4:31p 22.9 6:33a 26.5 0.0 0.00 1.4 18.0 11:24a SSW
24 40.1 49.2 12:55p 30.7 5:43a 24.9 0.0 0.26 0.2 11.0 12:12p SSW
25 43.0 45.8 1:20p 40.8 12:07a 21.9 0.0 0.15 0.1 7.0 9:49a NNE
26 37.4 43.5 2:35p 25.4 11:42p 27.6 0.0 0.31 1.2 21.0 10:02p W
27 26.8 31.3 4:48p 22.2 4:38a 38.1 0.0 0.07 2.8 35.0 4:26p W
28 26.7 31.8 2:14p 19.9 7:21a 38.2 0.0 0.02 1.7 21.0 2:30p W
29 25.4 35.6 3:48p 17.2 6:46a 39.5 0.0 0.00 1.3 18.0 3:51p WSW
-------------------------------------------------------------------------------------
35.1 64.5 3 11.7 15 858.6 0.0 3.52 1.4 35.0 27 SSW
Max >= 90.0: 0
Max <= 32.0: 3
Min <= 32.0: 22
Min <= 0.0: 0
Max Rain: 0.63 ON 02/12/20
Days of Rain: 18 (>.01 in) 11 (>.1 in) 0 (>1 in)
Heat Base: 65.0 Cool Base: 65.0 Method: Integration
|