Weather Information | Photos of Local Events | Personal Weather Stations Links | Lancaster Links | Site Map

NOAA Report Archive
(Reports Generated by WeatherLink)
2020: Jan | Feb | Mar | Apr | May | Jun | Jul | Aug | Sep | Oct | Nov | Dec 
2019: Jan | Feb | Mar | Apr | May | Jun | Jul | Aug | Sep | Oct | Nov | Dec 
2018: Jan | Feb | Mar | Apr | May | Jun | Jul | Aug | Sep | Oct | Nov | Dec 
2017: Jan | Feb | Mar | Apr | May | Jun | Jul | Aug | Sep | Oct | Nov | Dec 
2016: Jan | Feb | Mar | Apr | May | Jun | Jul | Aug | Sep | Oct | Nov | Dec 
2015: Jan | Feb | Mar | Apr | May | Jun | Jul | Aug | Sep | Oct | Nov | Dec 
2014: Jan | Feb | Mar | Apr | May | Jun | Jul | Aug | Sep | Oct | Nov | Dec 
2013: Jan | Feb | Mar | Apr | May | Jun | Jul | Aug | Sep | Oct | Nov | Dec 
2012: Jan | Feb | Mar | Apr | May | Jun | Jul | Aug | Sep | Oct | Nov | Dec 
2011: Jan | Feb | Mar | Apr | May | Jun | Jul | Aug | Sep | Oct | Nov | Dec 
2010: Jan | Feb | Mar | Apr | May | Jun | Jul | Aug | Sep | Oct | Nov | Dec 
2009: Jan | Feb | Mar | Apr | May | Jun | Jul | Aug | Sep | Oct | Nov | Dec 
2008: Jan | Feb | Mar | Apr | May | Jun | Jul | Aug | Sep | Oct | Nov | Dec 
2007: Jan | Feb | Mar | Apr | May | Jun | Jul | Aug | Sep | Oct | Nov | Dec 
2006: Jan | Feb | Mar | Apr | May | Jun | Jul | Aug | Sep | Oct | Nov | Dec 
2005: Jan | Feb | Mar | Apr | May | Jun | Jul | Aug | Sep | Oct | Nov | Dec 
2004: Jan | Feb | Mar | Apr | May | Jun | Jul | Aug | Sep | Oct | Nov | Dec 
2003: Jan | Feb | Mar | Apr | May | Jun | Jul | Aug | Sep | Oct | Nov | Dec 

Report for 2020 03
MONTHLY CLIMATOLOGICAL SUMMARY for MAR. 2020 NAME: Station1 CITY: Lancaster STATE: Ohio ELEV: 958 ft LAT: 39 45' 15" N LONG: 82 34' 05" W TEMPERATURE (F), RAIN (in), WIND SPEED (mph) HEAT COOL AVG MEAN DEG DEG WIND DOM DAY TEMP HIGH TIME LOW TIME DAYS DAYS RAIN SPEED HIGH TIME DIR ------------------------------------------------------------------------------------ 1 37.2 53.2 3:12p 19.4 5:57a 27.8 0.0 0.00 0.9 16.0 1:09p S 2 49.6 52.6 6:59a 47.3 12:11p 15.4 0.0 0.18 1.8 18.0 6:52a SSW 3 50.2 56.0 11:33a 42.3 11:44p 14.8 0.0 0.45 2.8 32.0 1:51p SSW 4 45.7 59.0 4:06p 36.0 3:47a 19.3 0.0 0.00 2.1 24.0 11:39a SSW 5 40.5 55.7 3:44p 26.0 6:27a 24.5 0.0 0.00 0.6 13.0 10:55p S 6 37.6 45.7 12:48a 31.9 11:18p 27.3 0.0 0.03 4.0 21.0 3:35p W 7 35.5 47.7 3:37p 29.3 7:05a 29.5 0.0 0.00 1.5 16.0 12:42a NNW 8 45.4 65.8 4:31p 26.7 7:50a 18.8 0.0 0.00 0.7 14.0 1:37p SSW 9 57.9 67.4 3:37p 44.2 1:27a 7.3 0.2 0.00 3.6 27.0 10:39a SSW 10 53.4 61.8 12:48a 44.1 11:41p 11.6 0.0 0.46 3.9 28.0 12:46a S 11 45.2 52.5 5:44p 41.9 8:07a 19.8 0.0 0.02 0.4 11.0 3:56p WSW 12 53.7 66.1 3:20p 40.5 8:10a 11.3 0.1 0.11 1.0 19.0 9:09p S 13 50.8 59.6 2:46a 37.3 12:00m 14.1 0.0 0.22 2.8 27.0 3:03p W 14 35.8 44.1 10:08a 32.2 6:47a 29.1 0.0 0.32 0.3 12.0 12:36p NNE 15 38.2 46.7 5:42p 31.9 3:53a 26.7 0.0 0.00 1.4 12.0 5:48a NNE 16 39.3 47.7 4:19p 30.3 5:03a 25.6 0.0 0.08 0.3 11.0 2:59p NNE 17 43.0 45.5 4:34p 37.6 11:46p 22.0 0.0 0.02 0.8 12.0 1:43p W 18 45.7 59.3 11:43p 36.9 12:35a 19.3 0.0 0.76 1.5 20.0 9:23p ESE 19 56.6 64.5 9:47p 48.6 7:42a 8.3 0.0 0.84 1.5 24.0 9:31p S 20 61.1 73.5 2:10p 42.5 11:58p 5.3 1.3 0.54 4.8 32.0 6:33a SSW 21 35.6 42.5 12:01a 31.8 9:42a 29.4 0.0 0.00 2.5 19.0 1:55a N 22 37.8 48.2 3:21p 26.7 7:02a 27.2 0.0 0.01 0.9 9.0 12:30p E 23 45.8 48.3 4:23p 41.6 11:57p 19.2 0.0 0.10 1.2 12.0 2:22p NNW 24 44.8 51.9 1:50p 38.6 7:29a 20.1 0.0 0.00 0.6 13.0 11:09p NNE 25 50.1 64.8 4:44p 40.6 8:13a 14.9 0.0 0.04 1.1 10.0 12:39a NNW 26 55.5 69.3 2:48p 41.2 7:39a 10.1 0.7 0.11 1.1 18.0 2:30p SSW 27 53.9 58.6 3:05p 51.1 6:32a 11.1 0.0 0.17 0.4 10.0 11:44a E 28 64.1 78.1 1:12p 53.8 12:01a 4.0 3.1 0.38 1.4 21.0 11:08a SSW 29 65.8 72.3 11:47a 56.2 11:55p 1.4 2.2 0.09 5.0 38.0 11:29a SSW 30 49.3 56.2 12:01a 43.5 11:55p 15.7 0.0 0.00 3.7 26.0 10:26a W 31 43.2 48.2 1:52p 39.6 3:22a 21.8 0.0 0.00 0.7 10.0 11:45p N ------------------------------------------------------------------------------------- 47.4 78.1 28 19.4 1 552.7 7.6 4.93 1.8 38.0 29 SSW Max >= 90.0: 0 Max <= 32.0: 0 Min <= 32.0: 9 Min <= 0.0: 0 Max Rain: 0.84 ON 03/19/20 Days of Rain: 19 (>.01 in) 12 (>.1 in) 0 (>1 in) Heat Base: 65.0 Cool Base: 65.0 Method: Integration
 
USA Weather Finder