2024: Jan | Feb | Mar | Apr | May | Jun | Jul | Aug | Sep | Oct | Nov | Dec
2023: Jan | Feb | Mar | Apr | May | Jun | Jul | Aug | Sep | Oct | Nov | Dec
2022: Jan | Feb | Mar | Apr | May | Jun | Jul | Aug | Sep | Oct | Nov | Dec
2021: Jan | Feb | Mar | Apr | May | Jun | Jul | Aug | Sep | Oct | Nov | Dec
2020: Jan | Feb | Mar | Apr | May | Jun | Jul | Aug | Sep | Oct | Nov | Dec
2019: Jan | Feb | Mar | Apr | May | Jun | Jul | Aug | Sep | Oct | Nov | Dec
2018: Jan | Feb | Mar | Apr | May | Jun | Jul | Aug | Sep | Oct | Nov | Dec
2017: Jan | Feb | Mar | Apr | May | Jun | Jul | Aug | Sep | Oct | Nov | Dec
2016: Jan | Feb | Mar | Apr | May | Jun | Jul | Aug | Sep | Oct | Nov | Dec
2015: Jan | Feb | Mar | Apr | May | Jun | Jul | Aug | Sep | Oct | Nov | Dec
2014: Jan | Feb | Mar | Apr | May | Jun | Jul | Aug | Sep | Oct | Nov | Dec
2013: Jan | Feb | Mar | Apr | May | Jun | Jul | Aug | Sep | Oct | Nov | Dec
2012: Jan | Feb | Mar | Apr | May | Jun | Jul | Aug | Sep | Oct | Nov | Dec
2011: Jan | Feb | Mar | Apr | May | Jun | Jul | Aug | Sep | Oct | Nov | Dec
2010: Jan | Feb | Mar | Apr | May | Jun | Jul | Aug | Sep | Oct | Nov | Dec
2009: Jan | Feb | Mar | Apr | May | Jun | Jul | Aug | Sep | Oct | Nov | Dec
2008: Jan | Feb | Mar | Apr | May | Jun | Jul | Aug | Sep | Oct | Nov | Dec
2007: Jan | Feb | Mar | Apr | May | Jun | Jul | Aug | Sep | Oct | Nov | Dec
2006: Jan | Feb | Mar | Apr | May | Jun | Jul | Aug | Sep | Oct | Nov | Dec
2005: Jan | Feb | Mar | Apr | May | Jun | Jul | Aug | Sep | Oct | Nov | Dec
2004: Jan | Feb | Mar | Apr | May | Jun | Jul | Aug | Sep | Oct | Nov | Dec
2003: Jan | Feb | Mar | Apr | May | Jun | Jul | Aug | Sep | Oct | Nov | Dec
Report for 2020 04
MONTHLY CLIMATOLOGICAL SUMMARY for APR. 2020
NAME: Station1 CITY: Lancaster STATE: Ohio
ELEV: 958 ft LAT: 39° 45' 15" N LONG: 82° 34' 05" W
TEMPERATURE (°F), RAIN (in), WIND SPEED (mph)
HEAT COOL AVG
MEAN DEG DEG WIND DOM
DAY TEMP HIGH TIME LOW TIME DAYS DAYS RAIN SPEED HIGH TIME DIR
------------------------------------------------------------------------------------
1 44.3 49.9 2:58p 40.3 5:09a 20.7 0.0 0.00 2.5 14.0 1:44p NNW
2 48.4 59.2 5:33p 37.6 7:23a 16.6 0.0 0.00 2.1 18.0 1:36p NNW
3 50.6 66.8 4:21p 34.7 5:38a 14.5 0.1 0.00 1.8 17.0 12:42p NNW
4 54.1 71.6 4:19p 36.5 4:39a 11.9 1.0 0.00 0.1 8.0 2:36p NNW
5 52.7 58.0 12:40a 43.9 12:00m 12.3 0.0 0.00 1.1 12.0 6:58p NNE
6 52.3 69.8 4:33p 35.3 7:22a 13.2 0.5 0.00 0.3 12.0 5:09p NNE
7 62.8 78.3 5:10p 48.3 5:41a 6.0 3.8 0.07 1.6 26.0 3:12p SSW
8 64.3 75.4 4:29p 55.9 3:51a 3.2 2.5 0.52 1.5 28.0 2:56a NNW
9 49.4 57.6 12:01a 37.0 11:38p 15.6 0.0 0.34 4.3 30.0 4:20p WNW
10 38.9 46.1 12:54p 31.9 11:59p 26.1 0.0 0.00 3.0 24.0 8:48a W
11 42.9 59.0 4:14p 26.3 6:40a 22.1 0.0 0.00 0.6 20.0 4:45p SW
12 52.8 63.5 6:30p 43.1 6:41a 12.2 0.0 0.37 1.0 18.0 10:59a S
13 50.6 60.5 3:15a 40.8 11:39p 14.4 0.0 0.21 2.8 36.0 11:43a W
14 39.9 45.7 12:55p 33.1 11:59p 25.1 0.0 0.00 1.0 14.0 4:46p W
15 36.7 53.6 2:52p 22.2 6:44a 28.3 0.0 0.04 1.8 28.0 3:59p SSW
16 38.9 50.8 3:47p 26.3 7:05a 26.1 0.0 0.00 1.8 22.0 5:12p W
17 43.8 49.2 6:58p 37.8 4:29a 21.1 0.0 0.69 1.5 19.0 7:38p E
18 42.4 52.6 5:43p 35.0 5:20a 22.5 0.0 0.00 2.5 17.0 2:43a NNW
19 47.1 58.4 3:17p 35.0 6:49a 17.9 0.0 0.00 1.3 19.0 4:15p SSW
20 50.8 63.2 5:19p 38.8 7:15a 14.2 0.0 0.00 1.0 17.0 6:13p NNE
21 49.1 54.8 1:00a 35.9 11:55p 15.9 0.0 0.02 4.4 32.0 5:38p WNW
22 44.2 61.5 5:29p 27.5 6:53a 20.8 0.0 0.00 0.2 11.0 3:27p SSW
23 50.2 55.1 10:46a 41.8 5:11a 14.8 0.0 0.16 0.6 13.0 2:52p E
24 56.9 67.6 4:01p 50.2 7:51a 8.2 0.1 0.00 2.4 17.0 10:53a NNW
25 57.0 69.9 4:06p 45.1 7:05a 8.8 0.8 0.35 1.1 14.0 7:00p E
26 50.4 55.7 12:48a 43.1 11:57p 14.5 0.0 0.80 4.0 22.0 10:07p NNW
27 50.3 63.7 4:30p 35.9 6:55a 14.7 0.0 0.00 0.9 12.0 12:02a NNW
28 60.7 75.3 4:17p 47.4 7:37a 7.2 2.9 0.14 1.1 17.0 12:22p SSW
29 61.4 75.3 12:16p 51.1 10:54p 4.9 1.4 0.31 2.0 30.0 12:30p SE
30 49.3 51.6 3:04p 44.8 11:34p 15.7 0.0 0.03 1.9 24.0 2:39p SW
-------------------------------------------------------------------------------------
49.8 78.3 7 22.2 15 469.5 13.1 4.05 1.7 36.0 13 NNW
Max >= 90.0: 0
Max <= 32.0: 0
Min <= 32.0: 5
Min <= 0.0: 0
Max Rain: 0.80 ON 04/26/20
Days of Rain: 14 (>.01 in) 10 (>.1 in) 0 (>1 in)
Heat Base: 65.0 Cool Base: 65.0 Method: Integration
|