2024: Jan | Feb | Mar | Apr | May | Jun | Jul | Aug | Sep | Oct | Nov | Dec
2023: Jan | Feb | Mar | Apr | May | Jun | Jul | Aug | Sep | Oct | Nov | Dec
2022: Jan | Feb | Mar | Apr | May | Jun | Jul | Aug | Sep | Oct | Nov | Dec
2021: Jan | Feb | Mar | Apr | May | Jun | Jul | Aug | Sep | Oct | Nov | Dec
2020: Jan | Feb | Mar | Apr | May | Jun | Jul | Aug | Sep | Oct | Nov | Dec
2019: Jan | Feb | Mar | Apr | May | Jun | Jul | Aug | Sep | Oct | Nov | Dec
2018: Jan | Feb | Mar | Apr | May | Jun | Jul | Aug | Sep | Oct | Nov | Dec
2017: Jan | Feb | Mar | Apr | May | Jun | Jul | Aug | Sep | Oct | Nov | Dec
2016: Jan | Feb | Mar | Apr | May | Jun | Jul | Aug | Sep | Oct | Nov | Dec
2015: Jan | Feb | Mar | Apr | May | Jun | Jul | Aug | Sep | Oct | Nov | Dec
2014: Jan | Feb | Mar | Apr | May | Jun | Jul | Aug | Sep | Oct | Nov | Dec
2013: Jan | Feb | Mar | Apr | May | Jun | Jul | Aug | Sep | Oct | Nov | Dec
2012: Jan | Feb | Mar | Apr | May | Jun | Jul | Aug | Sep | Oct | Nov | Dec
2011: Jan | Feb | Mar | Apr | May | Jun | Jul | Aug | Sep | Oct | Nov | Dec
2010: Jan | Feb | Mar | Apr | May | Jun | Jul | Aug | Sep | Oct | Nov | Dec
2009: Jan | Feb | Mar | Apr | May | Jun | Jul | Aug | Sep | Oct | Nov | Dec
2008: Jan | Feb | Mar | Apr | May | Jun | Jul | Aug | Sep | Oct | Nov | Dec
2007: Jan | Feb | Mar | Apr | May | Jun | Jul | Aug | Sep | Oct | Nov | Dec
2006: Jan | Feb | Mar | Apr | May | Jun | Jul | Aug | Sep | Oct | Nov | Dec
2005: Jan | Feb | Mar | Apr | May | Jun | Jul | Aug | Sep | Oct | Nov | Dec
2004: Jan | Feb | Mar | Apr | May | Jun | Jul | Aug | Sep | Oct | Nov | Dec
2003: Jan | Feb | Mar | Apr | May | Jun | Jul | Aug | Sep | Oct | Nov | Dec
Report for 2020 05
MONTHLY CLIMATOLOGICAL SUMMARY for MAY. 2020
NAME: Station1 CITY: Lancaster STATE: Ohio
ELEV: 958 ft LAT: 39° 45' 15" N LONG: 82° 34' 05" W
TEMPERATURE (°F), RAIN (in), WIND SPEED (mph)
HEAT COOL AVG
MEAN DEG DEG WIND DOM
DAY TEMP HIGH TIME LOW TIME DAYS DAYS RAIN SPEED HIGH TIME DIR
------------------------------------------------------------------------------------
1 49.8 57.6 6:09p 44.3 1:56a 15.2 0.0 0.12 1.2 16.0 9:45a NW
2 62.4 79.6 4:38p 45.1 5:51a 7.3 4.7 0.00 1.4 25.0 6:01p SSW
3 64.8 71.1 12:01a 57.6 11:19p 1.8 1.6 0.37 0.7 14.0 12:03a SSW
4 56.6 66.6 4:45p 49.1 7:09a 8.4 0.0 0.00 1.6 16.0 11:59a NNE
5 46.2 50.1 2:05p 42.8 11:59p 18.8 0.0 0.00 1.0 13.0 12:37a NE
6 45.5 58.0 5:17p 36.3 12:00m 19.5 0.0 0.09 2.7 19.0 2:56p NNW
7 51.5 67.1 3:09p 31.3 6:18a 13.6 0.1 0.00 1.4 24.0 4:12p WSW
8 46.9 56.0 12:13a 31.0 12:00m 18.1 0.0 0.50 2.1 19.0 2:39p N
9 38.4 48.5 4:37p 27.6 4:24a 26.6 0.0 0.00 1.6 20.0 10:38a NW
10 47.3 63.2 4:30p 35.3 5:15a 17.7 0.0 0.18 1.5 28.0 5:14p SSW
11 41.7 44.8 1:40p 37.3 7:05a 23.3 0.0 0.01 1.9 24.0 2:53a WSW
12 46.8 59.0 3:10p 31.8 5:50a 18.2 0.0 0.00 0.6 17.0 3:07p WSW
13 52.7 69.1 5:01p 33.5 6:33a 12.6 0.3 0.00 0.1 11.0 7:29p SSW
14 60.5 77.0 6:19p 51.0 1:09a 6.1 1.6 0.64 0.8 24.0 6:50p SSW
15 66.3 77.4 12:10p 57.8 3:19a 2.2 3.5 0.13 1.6 27.0 1:54p SSW
16 64.3 76.8 2:50p 55.6 5:44a 3.4 2.7 0.01 0.1 7.0 8:33a E
17 71.2 82.2 3:49p 59.3 6:08a 1.4 7.6 0.00 0.3 16.0 12:41p SSW
18 68.4 72.7 3:44p 64.8 9:59p 0.0 3.4 0.41 0.4 11.0 3:51a SE
19 57.5 65.6 12:06a 50.2 11:54p 7.5 0.0 1.35 3.1 20.0 12:42p E
20 48.8 52.3 11:42p 44.9 6:59a 16.2 0.0 0.36 1.7 17.0 9:11a E
21 55.2 59.8 5:47p 49.8 7:09a 9.8 0.0 0.58 0.5 12.0 12:35a E
22 62.2 73.7 4:14p 56.9 5:10a 4.2 1.4 0.01 0.0 6.0 3:37p NNW
23 67.9 82.2 2:41p 51.4 6:27a 3.6 6.5 0.00 0.0 7.0 4:02p ESE
24 76.1 89.9 5:24p 66.3 12:40a 0.0 11.1 0.00 0.2 9.0 11:27a WSW
25 75.8 88.2 5:17p 64.7 6:22a 0.0 10.8 0.00 0.3 10.0 6:40p ESE
26 76.2 89.3 3:48p 64.5 6:08a 0.0 11.2 0.00 0.5 10.0 4:16p ESE
27 76.1 84.7 3:14p 68.9 6:32a 0.0 11.1 0.00 0.6 11.0 3:59p ESE
28 72.4 83.6 4:33p 64.7 5:48a 0.0 7.4 0.24 0.8 16.0 1:38p SSW
29 70.4 80.3 3:40p 59.9 12:00m 0.2 5.6 0.03 1.6 21.0 1:22p SSW
30 62.8 74.2 3:31p 52.5 6:09a 4.4 2.2 0.01 1.1 17.0 2:54p NW
31 60.0 69.8 2:25p 48.2 4:58a 5.9 0.9 0.00 1.2 14.0 9:05a NNW
-------------------------------------------------------------------------------------
59.4 89.9 24 27.6 9 266.0 93.7 5.04 1.1 28.0 10 SSW
Max >= 90.0: 0
Max <= 32.0: 0
Min <= 32.0: 4
Min <= 0.0: 0
Max Rain: 1.35 ON 05/19/20
Days of Rain: 13 (>.01 in) 11 (>.1 in) 1 (>1 in)
Heat Base: 65.0 Cool Base: 65.0 Method: Integration
|