2024: Jan | Feb | Mar | Apr | May | Jun | Jul | Aug | Sep | Oct | Nov | Dec
2023: Jan | Feb | Mar | Apr | May | Jun | Jul | Aug | Sep | Oct | Nov | Dec
2022: Jan | Feb | Mar | Apr | May | Jun | Jul | Aug | Sep | Oct | Nov | Dec
2021: Jan | Feb | Mar | Apr | May | Jun | Jul | Aug | Sep | Oct | Nov | Dec
2020: Jan | Feb | Mar | Apr | May | Jun | Jul | Aug | Sep | Oct | Nov | Dec
2019: Jan | Feb | Mar | Apr | May | Jun | Jul | Aug | Sep | Oct | Nov | Dec
2018: Jan | Feb | Mar | Apr | May | Jun | Jul | Aug | Sep | Oct | Nov | Dec
2017: Jan | Feb | Mar | Apr | May | Jun | Jul | Aug | Sep | Oct | Nov | Dec
2016: Jan | Feb | Mar | Apr | May | Jun | Jul | Aug | Sep | Oct | Nov | Dec
2015: Jan | Feb | Mar | Apr | May | Jun | Jul | Aug | Sep | Oct | Nov | Dec
2014: Jan | Feb | Mar | Apr | May | Jun | Jul | Aug | Sep | Oct | Nov | Dec
2013: Jan | Feb | Mar | Apr | May | Jun | Jul | Aug | Sep | Oct | Nov | Dec
2012: Jan | Feb | Mar | Apr | May | Jun | Jul | Aug | Sep | Oct | Nov | Dec
2011: Jan | Feb | Mar | Apr | May | Jun | Jul | Aug | Sep | Oct | Nov | Dec
2010: Jan | Feb | Mar | Apr | May | Jun | Jul | Aug | Sep | Oct | Nov | Dec
2009: Jan | Feb | Mar | Apr | May | Jun | Jul | Aug | Sep | Oct | Nov | Dec
2008: Jan | Feb | Mar | Apr | May | Jun | Jul | Aug | Sep | Oct | Nov | Dec
2007: Jan | Feb | Mar | Apr | May | Jun | Jul | Aug | Sep | Oct | Nov | Dec
2006: Jan | Feb | Mar | Apr | May | Jun | Jul | Aug | Sep | Oct | Nov | Dec
2005: Jan | Feb | Mar | Apr | May | Jun | Jul | Aug | Sep | Oct | Nov | Dec
2004: Jan | Feb | Mar | Apr | May | Jun | Jul | Aug | Sep | Oct | Nov | Dec
2003: Jan | Feb | Mar | Apr | May | Jun | Jul | Aug | Sep | Oct | Nov | Dec
Report for 2020 06
MONTHLY CLIMATOLOGICAL SUMMARY for JUN. 2020
NAME: Station1 CITY: Lancaster STATE: Ohio
ELEV: 958 ft LAT: 39° 45' 15" N LONG: 82° 34' 05" W
TEMPERATURE (°F), RAIN (in), WIND SPEED (mph)
HEAT COOL AVG
MEAN DEG DEG WIND DOM
DAY TEMP HIGH TIME LOW TIME DAYS DAYS RAIN SPEED HIGH TIME DIR
------------------------------------------------------------------------------------
1 65.0 74.7 4:26p 40.1 7:04a 2.7 2.7 0.00 0.3 11.0 1:17p SSW
2 74.3 88.6 4:25p 56.9 6:41a 1.7 10.9 0.00 1.3 22.0 1:01p SW
3 78.2 88.8 4:01p 70.8 5:12a 0.0 13.1 0.00 1.2 24.0 1:16p WSW
4 71.6 84.9 12:35p 65.6 3:03p 0.0 6.6 0.52 0.3 25.0 2:12p SSW
5 74.8 87.6 4:50p 66.8 1:36a 0.0 9.8 0.00 0.1 7.0 2:44a WSW
6 78.0 89.9 3:40p 65.5 6:17a 0.0 13.0 0.00 0.4 13.0 6:29p NW
7 70.7 84.1 5:05p 56.5 6:12a 1.3 7.0 0.00 0.4 13.0 1:55a NNE
8 70.8 85.5 3:04p 55.4 6:24a 2.2 8.0 0.00 0.1 7.0 1:46p E
9 75.9 91.6 3:34p 56.7 5:48a 1.8 12.6 0.00 0.4 17.0 5:04p SSW
10 78.6 89.3 5:14p 69.9 8:00p 0.0 13.6 0.17 2.0 31.0 7:02p SSW
11 71.5 81.8 5:05p 59.0 11:59p 0.4 6.8 0.00 0.8 22.0 4:12a WSW
12 69.3 83.2 2:58p 52.8 5:28a 3.3 7.6 0.00 1.0 16.0 12:18p NNW
13 63.0 73.9 4:40p 56.9 2:13a 3.6 1.7 0.00 0.2 12.0 2:57a NNE
14 63.1 76.1 4:24p 49.5 5:49a 4.8 2.9 0.02 0.5 11.0 9:34p NNE
15 66.8 77.7 3:59p 59.6 1:10a 1.8 3.7 0.00 0.3 9.0 12:39p E
16 68.6 81.8 3:19p 54.8 6:12a 2.5 6.1 0.00 0.3 13.0 2:31p E
17 68.0 79.0 10:50a 56.0 6:32a 2.2 5.3 0.00 0.3 13.0 6:04p NE
18 68.1 80.1 5:10p 60.7 5:59a 0.9 4.0 0.28 0.2 14.0 5:33p WSW
19 69.5 85.1 4:43p 59.0 5:24a 1.4 5.9 0.19 0.1 10.0 6:37p E
20 76.3 90.3 4:00p 61.0 6:08a 0.6 11.9 0.00 0.1 7.0 11:43a E
21 76.8 90.7 2:52p 66.4 3:30a 0.0 11.8 0.00 0.3 18.0 6:48p SSW
22 73.7 84.7 5:35p 67.1 7:02a 0.0 8.7 0.49 0.5 18.0 2:35p WSW
23 72.1 80.7 3:27p 63.4 12:00m 0.0 7.1 0.42 0.8 18.0 9:04a WSW
24 68.0 79.6 4:28p 57.2 4:06a 2.0 5.0 0.00 0.5 16.0 4:54p WSW
25 70.3 83.8 5:18p 56.5 6:00a 2.1 7.4 0.00 0.3 13.0 2:33p WSW
26 73.1 85.1 2:41p 58.9 4:48a 1.5 9.6 0.00 0.9 20.0 5:58p SSW
27 76.8 83.8 5:19p 71.8 10:29p 0.0 11.7 0.06 1.9 22.0 9:47a SW
28 76.1 83.4 4:46p 69.6 4:35a 0.0 11.1 0.00 0.3 13.0 5:01p SSW
29 78.6 91.0 3:27p 68.4 5:50a 0.0 13.6 0.04 0.1 8.0 1:14p NNE
30 78.1 90.5 2:59p 65.0 5:44a 0.0 13.1 0.00 0.0 7.0 3:55p E
-------------------------------------------------------------------------------------
72.2 91.6 9 40.1 1 36.8 252.3 2.19 0.5 31.0 10 SW
Max >= 90.0: 5
Max <= 32.0: 0
Min <= 32.0: 0
Min <= 0.0: 0
Max Rain: 0.52 ON 06/04/20
Days of Rain: 9 (>.01 in) 6 (>.1 in) 0 (>1 in)
Heat Base: 65.0 Cool Base: 65.0 Method: Integration
|