2024: Jan | Feb | Mar | Apr | May | Jun | Jul | Aug | Sep | Oct | Nov | Dec
2023: Jan | Feb | Mar | Apr | May | Jun | Jul | Aug | Sep | Oct | Nov | Dec
2022: Jan | Feb | Mar | Apr | May | Jun | Jul | Aug | Sep | Oct | Nov | Dec
2021: Jan | Feb | Mar | Apr | May | Jun | Jul | Aug | Sep | Oct | Nov | Dec
2020: Jan | Feb | Mar | Apr | May | Jun | Jul | Aug | Sep | Oct | Nov | Dec
2019: Jan | Feb | Mar | Apr | May | Jun | Jul | Aug | Sep | Oct | Nov | Dec
2018: Jan | Feb | Mar | Apr | May | Jun | Jul | Aug | Sep | Oct | Nov | Dec
2017: Jan | Feb | Mar | Apr | May | Jun | Jul | Aug | Sep | Oct | Nov | Dec
2016: Jan | Feb | Mar | Apr | May | Jun | Jul | Aug | Sep | Oct | Nov | Dec
2015: Jan | Feb | Mar | Apr | May | Jun | Jul | Aug | Sep | Oct | Nov | Dec
2014: Jan | Feb | Mar | Apr | May | Jun | Jul | Aug | Sep | Oct | Nov | Dec
2013: Jan | Feb | Mar | Apr | May | Jun | Jul | Aug | Sep | Oct | Nov | Dec
2012: Jan | Feb | Mar | Apr | May | Jun | Jul | Aug | Sep | Oct | Nov | Dec
2011: Jan | Feb | Mar | Apr | May | Jun | Jul | Aug | Sep | Oct | Nov | Dec
2010: Jan | Feb | Mar | Apr | May | Jun | Jul | Aug | Sep | Oct | Nov | Dec
2009: Jan | Feb | Mar | Apr | May | Jun | Jul | Aug | Sep | Oct | Nov | Dec
2008: Jan | Feb | Mar | Apr | May | Jun | Jul | Aug | Sep | Oct | Nov | Dec
2007: Jan | Feb | Mar | Apr | May | Jun | Jul | Aug | Sep | Oct | Nov | Dec
2006: Jan | Feb | Mar | Apr | May | Jun | Jul | Aug | Sep | Oct | Nov | Dec
2005: Jan | Feb | Mar | Apr | May | Jun | Jul | Aug | Sep | Oct | Nov | Dec
2004: Jan | Feb | Mar | Apr | May | Jun | Jul | Aug | Sep | Oct | Nov | Dec
2003: Jan | Feb | Mar | Apr | May | Jun | Jul | Aug | Sep | Oct | Nov | Dec
Report for 2020 07
MONTHLY CLIMATOLOGICAL SUMMARY for JUL. 2020
NAME: Station1 CITY: Lancaster STATE: Ohio
ELEV: 958 ft LAT: 39° 45' 15" N LONG: 82° 34' 05" W
TEMPERATURE (°F), RAIN (in), WIND SPEED (mph)
HEAT COOL AVG
MEAN DEG DEG WIND DOM
DAY TEMP HIGH TIME LOW TIME DAYS DAYS RAIN SPEED HIGH TIME DIR
------------------------------------------------------------------------------------
1 77.8 91.0 3:56p 65.3 6:46a 0.0 12.8 0.00 0.2 10.0 12:53p NE
2 77.7 91.8 5:22p 63.4 6:36a 0.1 12.7 0.00 0.1 8.0 11:13a NNE
3 79.7 94.5 3:49p 64.0 6:24a 0.0 14.8 0.00 0.3 11.0 11:58a NNW
4 79.7 94.5 3:45p 64.5 6:32a 0.0 14.7 0.00 0.0 8.0 3:53p NE
5 81.0 96.3 5:01p 66.1 6:30a 0.0 16.0 0.00 0.1 8.0 4:01p NW
6 81.1 94.9 3:09p 66.6 5:40a 0.0 16.1 0.00 0.0 6.0 10:18a E
7 77.8 94.5 2:41p 69.8 11:45p 0.0 12.8 1.09 0.3 16.0 3:44p NNE
8 78.6 92.5 3:43p 67.1 5:45a 0.0 13.6 0.01 0.0 7.0 3:16p E
9 81.8 92.7 12:59p 70.1 6:25a 0.0 16.8 0.00 0.0 7.0 3:30p E
10 78.0 90.3 1:18p 71.6 6:29a 0.0 13.0 0.45 0.5 14.0 12:55p SSW
11 77.5 88.4 4:20p 67.3 6:25a 0.0 12.5 0.00 0.9 19.0 5:33p NW
12 72.3 82.0 4:10p 64.3 11:57p 0.0 7.3 0.00 0.4 12.0 5:56p WSW
13 73.4 87.2 5:24p 59.8 6:18a 1.1 9.5 0.00 0.2 11.0 7:39p NNW
14 73.6 87.6 5:30p 60.2 6:28a 0.7 9.3 0.00 0.1 9.0 3:35p NNW
15 76.4 90.7 3:56p 60.9 6:13a 0.7 12.0 0.00 0.1 12.0 2:43p E
16 79.7 88.8 3:56p 71.1 2:24a 0.0 14.6 0.00 1.3 25.0 12:27p SSW
17 78.2 90.7 3:08p 66.8 6:00a 0.0 13.2 0.00 0.1 7.0 12:20p NNE
18 78.3 93.6 5:21p 61.2 6:00a 0.6 14.0 0.00 0.3 12.0 1:44p SSW
19 81.7 94.9 4:47p 70.9 11:54p 0.0 16.7 0.49 1.2 25.0 6:00p SW
20 78.8 91.0 3:52p 69.1 6:54a 0.0 13.8 0.01 0.2 14.0 2:53p WSW
21 79.2 92.9 4:58p 70.3 11:30p 0.0 14.2 0.16 0.3 16.0 8:11p NNE
22 74.8 83.6 2:33p 69.9 1:51a 0.0 9.8 0.14 0.5 13.0 3:33p SSW
23 75.0 83.4 2:50p 70.4 5:29a 0.0 10.0 0.19 0.5 18.0 1:40p SSW
24 79.1 90.5 4:15p 70.3 6:50a 0.0 14.1 0.00 0.1 8.0 3:32p NNW
25 77.6 91.6 5:12p 63.5 6:45a 0.1 12.7 0.00 0.0 7.0 12:39p NNE
26 78.6 92.3 3:48p 64.5 6:11a 0.0 13.6 0.00 0.4 16.0 2:11p WSW
27 79.7 94.3 4:47p 71.6 11:47p 0.0 14.7 0.29 1.1 21.0 6:01p SW
28 77.7 88.8 4:26p 67.3 11:56p 0.0 12.7 0.03 0.3 12.0 7:09p WSW
29 76.5 91.4 3:47p 60.9 6:38a 0.7 12.2 0.00 0.2 12.0 1:50p WSW
30 73.2 82.4 12:27p 66.4 6:04a 0.0 8.2 0.15 0.0 5.0 7:07p E
31 75.9 88.0 5:13p 66.3 7:22a 0.0 10.9 0.03 0.3 11.0 2:44p NNW
-------------------------------------------------------------------------------------
77.8 96.3 5 59.8 13 4.0 399.3 3.04 0.3 25.0 16 SW
Max >= 90.0: 21
Max <= 32.0: 0
Min <= 32.0: 0
Min <= 0.0: 0
Max Rain: 1.09 ON 07/07/20
Days of Rain: 10 (>.01 in) 8 (>.1 in) 1 (>1 in)
Heat Base: 65.0 Cool Base: 65.0 Method: Integration
|