Weather Information | Photos of Local Events | Personal Weather Stations Links | Lancaster Links | Site Map

NOAA Report Archive
(Reports Generated by WeatherLink)
2020: Jan | Feb | Mar | Apr | May | Jun | Jul | Aug | Sep | Oct | Nov | Dec 
2019: Jan | Feb | Mar | Apr | May | Jun | Jul | Aug | Sep | Oct | Nov | Dec 
2018: Jan | Feb | Mar | Apr | May | Jun | Jul | Aug | Sep | Oct | Nov | Dec 
2017: Jan | Feb | Mar | Apr | May | Jun | Jul | Aug | Sep | Oct | Nov | Dec 
2016: Jan | Feb | Mar | Apr | May | Jun | Jul | Aug | Sep | Oct | Nov | Dec 
2015: Jan | Feb | Mar | Apr | May | Jun | Jul | Aug | Sep | Oct | Nov | Dec 
2014: Jan | Feb | Mar | Apr | May | Jun | Jul | Aug | Sep | Oct | Nov | Dec 
2013: Jan | Feb | Mar | Apr | May | Jun | Jul | Aug | Sep | Oct | Nov | Dec 
2012: Jan | Feb | Mar | Apr | May | Jun | Jul | Aug | Sep | Oct | Nov | Dec 
2011: Jan | Feb | Mar | Apr | May | Jun | Jul | Aug | Sep | Oct | Nov | Dec 
2010: Jan | Feb | Mar | Apr | May | Jun | Jul | Aug | Sep | Oct | Nov | Dec 
2009: Jan | Feb | Mar | Apr | May | Jun | Jul | Aug | Sep | Oct | Nov | Dec 
2008: Jan | Feb | Mar | Apr | May | Jun | Jul | Aug | Sep | Oct | Nov | Dec 
2007: Jan | Feb | Mar | Apr | May | Jun | Jul | Aug | Sep | Oct | Nov | Dec 
2006: Jan | Feb | Mar | Apr | May | Jun | Jul | Aug | Sep | Oct | Nov | Dec 
2005: Jan | Feb | Mar | Apr | May | Jun | Jul | Aug | Sep | Oct | Nov | Dec 
2004: Jan | Feb | Mar | Apr | May | Jun | Jul | Aug | Sep | Oct | Nov | Dec 
2003: Jan | Feb | Mar | Apr | May | Jun | Jul | Aug | Sep | Oct | Nov | Dec 

Report for 2020 08
MONTHLY CLIMATOLOGICAL SUMMARY for AUG. 2020 NAME: Station1 CITY: Lancaster STATE: Ohio ELEV: 958 ft LAT: 39 45' 15" N LONG: 82 34' 05" W TEMPERATURE (F), RAIN (in), WIND SPEED (mph) HEAT COOL AVG MEAN DEG DEG WIND DOM DAY TEMP HIGH TIME LOW TIME DAYS DAYS RAIN SPEED HIGH TIME DIR ------------------------------------------------------------------------------------ 1 75.5 84.5 3:08p 70.4 7:00a 0.0 10.5 0.01 0.3 11.0 2:27p S 2 70.4 73.2 12:01a 66.1 11:55p 0.0 5.4 0.31 2.1 21.0 12:34p SSW 3 69.6 81.8 1:27p 60.9 6:37a 0.6 5.2 0.72 0.3 13.0 12:28p SW 4 68.2 78.5 5:01p 63.1 11:57p 0.3 3.5 0.07 0.2 13.0 5:50p NNW 5 66.8 79.8 4:38p 55.1 6:52a 3.1 4.9 0.00 0.1 11.0 4:17p WSW 6 69.7 83.0 3:36p 58.0 1:44a 2.1 6.7 0.00 0.2 8.0 2:31p NNW 7 73.0 84.5 1:21p 62.7 7:05a 0.3 8.3 0.00 0.2 12.0 1:26p NNW 8 71.7 86.3 5:25p 57.6 6:42a 1.5 8.2 0.00 0.1 6.0 12:05p NW 9 74.2 89.9 4:39p 58.7 5:59a 1.5 10.7 0.00 0.1 10.0 10:43a WSW 10 77.3 90.3 4:02p 63.7 6:52a 0.1 12.3 0.00 0.2 12.0 5:22p SSW 11 77.2 86.3 4:08p 70.1 6:50a 0.0 12.2 0.00 0.4 13.0 1:42p WSW 12 77.0 89.3 2:05p 67.6 5:48a 0.0 12.0 0.00 0.1 8.0 2:16p NNW 13 78.7 94.0 4:38p 64.3 6:53a 0.0 13.7 0.00 0.3 12.0 3:26p NNW 14 76.0 89.3 2:49p 69.3 6:45a 0.0 11.0 0.10 0.3 10.0 3:29p E 15 71.6 79.9 2:33p 64.0 11:53p 0.0 6.6 0.44 0.3 8.0 12:06p E 16 68.8 82.0 2:35p 57.8 6:43a 1.7 5.5 0.48 0.2 11.0 1:55p SSW 17 72.4 85.3 3:45p 59.8 7:08a 0.8 8.1 0.00 0.5 13.0 2:51p WSW 18 68.0 77.7 4:44p 59.8 6:22a 0.9 3.9 0.00 0.1 7.0 12:53p WSW 19 66.5 80.5 3:29p 54.5 5:25a 3.5 5.0 0.00 0.4 11.0 1:01p NNE 20 67.2 84.1 4:52p 50.8 6:56a 4.3 6.5 0.00 0.1 7.0 5:43p NNE 21 71.6 85.5 4:16p 59.6 4:34a 1.5 8.1 0.00 0.0 6.0 1:05p NE 22 72.1 84.0 12:38p 65.8 5:27a 0.0 7.1 0.02 0.1 11.0 3:17p SW 23 74.1 86.7 4:52p 64.2 5:11a 0.0 9.1 0.00 0.2 11.0 1:13p SSW 24 74.3 88.6 1:56p 64.8 7:07a 0.0 9.3 0.23 0.4 38.0 6:47p SSW 25 76.5 91.4 2:26p 69.4 11:33p 0.0 11.5 0.30 0.5 28.0 4:59p WSW 26 75.8 88.4 1:45p 66.3 5:38a 0.0 10.8 0.21 0.2 16.0 2:26p SSW 27 78.0 87.4 3:14p 73.2 6:58a 0.0 13.0 0.00 1.1 18.0 3:45p SW 28 77.0 85.7 3:55p 68.6 8:30p 0.0 12.0 0.96 0.5 27.0 8:06p SSW 29 74.1 86.5 4:03p 66.1 11:55p 0.0 9.0 0.00 0.7 16.0 12:28p NW 30 67.5 80.1 4:32p 55.7 5:49a 2.1 4.6 0.00 0.2 10.0 12:45p NNW 31 67.2 76.7 1:40p 58.1 6:00a 2.3 4.5 0.00 0.1 11.0 11:38a E ------------------------------------------------------------------------------------- 72.5 94.0 13 50.8 20 26.6 259.2 3.85 0.3 38.0 24 SSW Max >= 90.0: 3 Max <= 32.0: 0 Min <= 32.0: 0 Min <= 0.0: 0 Max Rain: 0.96 ON 08/28/20 Days of Rain: 11 (>.01 in) 8 (>.1 in) 0 (>1 in) Heat Base: 65.0 Cool Base: 65.0 Method: Integration
 
USA Weather Finder