2024: Jan | Feb | Mar | Apr | May | Jun | Jul | Aug | Sep | Oct | Nov | Dec
2023: Jan | Feb | Mar | Apr | May | Jun | Jul | Aug | Sep | Oct | Nov | Dec
2022: Jan | Feb | Mar | Apr | May | Jun | Jul | Aug | Sep | Oct | Nov | Dec
2021: Jan | Feb | Mar | Apr | May | Jun | Jul | Aug | Sep | Oct | Nov | Dec
2020: Jan | Feb | Mar | Apr | May | Jun | Jul | Aug | Sep | Oct | Nov | Dec
2019: Jan | Feb | Mar | Apr | May | Jun | Jul | Aug | Sep | Oct | Nov | Dec
2018: Jan | Feb | Mar | Apr | May | Jun | Jul | Aug | Sep | Oct | Nov | Dec
2017: Jan | Feb | Mar | Apr | May | Jun | Jul | Aug | Sep | Oct | Nov | Dec
2016: Jan | Feb | Mar | Apr | May | Jun | Jul | Aug | Sep | Oct | Nov | Dec
2015: Jan | Feb | Mar | Apr | May | Jun | Jul | Aug | Sep | Oct | Nov | Dec
2014: Jan | Feb | Mar | Apr | May | Jun | Jul | Aug | Sep | Oct | Nov | Dec
2013: Jan | Feb | Mar | Apr | May | Jun | Jul | Aug | Sep | Oct | Nov | Dec
2012: Jan | Feb | Mar | Apr | May | Jun | Jul | Aug | Sep | Oct | Nov | Dec
2011: Jan | Feb | Mar | Apr | May | Jun | Jul | Aug | Sep | Oct | Nov | Dec
2010: Jan | Feb | Mar | Apr | May | Jun | Jul | Aug | Sep | Oct | Nov | Dec
2009: Jan | Feb | Mar | Apr | May | Jun | Jul | Aug | Sep | Oct | Nov | Dec
2008: Jan | Feb | Mar | Apr | May | Jun | Jul | Aug | Sep | Oct | Nov | Dec
2007: Jan | Feb | Mar | Apr | May | Jun | Jul | Aug | Sep | Oct | Nov | Dec
2006: Jan | Feb | Mar | Apr | May | Jun | Jul | Aug | Sep | Oct | Nov | Dec
2005: Jan | Feb | Mar | Apr | May | Jun | Jul | Aug | Sep | Oct | Nov | Dec
2004: Jan | Feb | Mar | Apr | May | Jun | Jul | Aug | Sep | Oct | Nov | Dec
2003: Jan | Feb | Mar | Apr | May | Jun | Jul | Aug | Sep | Oct | Nov | Dec
Report for 2020 10
MONTHLY CLIMATOLOGICAL SUMMARY for OCT. 2020
NAME: Station1 CITY: Lancaster STATE: Ohio
ELEV: 958 ft LAT: 39° 45' 15" N LONG: 82° 34' 05" W
TEMPERATURE (°F), RAIN (in), WIND SPEED (mph)
HEAT COOL AVG
MEAN DEG DEG WIND DOM
DAY TEMP HIGH TIME LOW TIME DAYS DAYS RAIN SPEED HIGH TIME DIR
------------------------------------------------------------------------------------
1 52.4 66.9 3:03p 40.9 6:16a 12.7 0.1 0.02 0.7 22.0 4:23p NW
2 49.3 61.0 4:35p 40.1 4:28a 15.7 0.0 0.00 0.7 14.0 12:12p NW
3 50.2 63.5 2:32p 36.9 5:53a 14.8 0.0 0.00 0.2 12.0 1:03p SSW
4 54.1 70.4 2:40p 46.8 11:58p 11.4 0.5 0.29 0.9 28.0 4:32p SSW
5 45.9 56.5 3:49p 39.1 5:34a 19.1 0.0 0.00 0.1 7.0 10:12a E
6 52.7 69.6 4:13p 34.0 6:44a 13.0 0.7 0.00 1.1 21.0 5:19p SSW
7 66.8 80.9 2:29p 56.9 4:57a 2.9 4.7 0.00 2.3 22.0 1:34p SW
8 56.8 73.3 4:10p 40.9 7:50a 9.8 1.7 0.00 0.3 12.0 2:57p NNW
9 59.1 76.7 4:04p 41.9 5:51a 8.9 3.0 0.00 0.5 14.0 1:14p S
10 65.8 71.1 3:11p 61.3 7:55a 0.8 1.6 0.00 1.0 17.0 10:55a SSW
11 64.8 69.4 4:04p 62.0 5:49a 1.2 1.0 0.03 0.1 7.0 8:39a NNE
12 67.8 74.7 4:35p 57.3 12:00m 0.8 3.6 0.24 0.7 19.0 11:08p S
13 56.1 70.3 4:12p 45.4 11:53p 9.4 0.6 0.09 0.8 19.0 3:34a NW
14 57.7 74.2 3:15p 42.6 7:45a 8.8 1.5 0.00 0.3 18.0 4:02p S
15 58.2 69.8 11:51a 48.2 11:58p 7.2 0.4 0.07 1.6 21.0 10:18a SSW
16 47.4 58.1 4:34p 32.9 11:59p 17.6 0.0 0.00 0.3 11.0 1:24p NW
17 45.1 63.4 4:16p 29.0 5:16a 19.9 0.0 0.00 0.3 11.0 9:35a WSW
18 50.3 57.3 5:29p 40.1 12:39a 14.7 0.0 0.00 0.7 16.0 12:33p S
19 55.3 59.8 11:14p 51.9 7:56a 9.7 0.0 0.40 0.2 13.0 11:55a S
20 55.3 60.4 3:41a 51.4 8:09a 9.7 0.0 0.17 0.3 10.0 7:41a NNE
21 63.6 70.4 3:30p 55.6 12:01a 2.9 1.6 0.02 0.9 18.0 9:55a SSW
22 65.1 81.4 3:21p 52.6 7:34a 4.4 4.5 0.00 0.3 13.0 12:31p SSW
23 65.6 80.3 3:24p 52.5 7:43a 4.2 4.8 0.40 1.4 20.0 11:41a SSW
24 48.4 63.9 12:01a 40.8 11:14p 16.6 0.0 0.01 2.2 18.0 12:47a NNW
25 46.3 52.3 2:41p 41.2 12:01a 18.7 0.0 0.01 0.3 12.0 10:35a NNE
26 49.1 54.7 1:24p 46.2 10:56p 8.4 0.0 0.00 0.8 11.0 3:17p NNW
27 48.8 53.6 5:07p 45.7 2:21a 16.2 0.0 0.00 0.2 9.0 6:19p NW
28 50.3 54.1 5:10p 48.0 12:20a 14.7 0.0 0.15 0.1 7.0 9:42a NW
29 48.6 50.5 6:42a 44.9 11:49p 16.4 0.0 1.13 2.5 17.0 9:48a N
30 43.2 48.0 2:28p 34.7 12:00m 21.8 0.0 0.02 3.2 19.0 4:00a NNW
31 40.8 53.6 3:18p 30.1 8:01a 24.2 0.0 0.00 0.6 10.0 10:34a E
-------------------------------------------------------------------------------------
54.2 81.4 22 29.0 17 356.6 30.3 3.05 0.8 28.0 4 SSW
Max >= 90.0: 0
Max <= 32.0: 0
Min <= 32.0: 2
Min <= 0.0: 0
Max Rain: 1.13 ON 10/29/20
Days of Rain: 13 (>.01 in) 7 (>.1 in) 1 (>1 in)
Heat Base: 65.0 Cool Base: 65.0 Method: Integration
|