2024: Jan | Feb | Mar | Apr | May | Jun | Jul | Aug | Sep | Oct | Nov | Dec
2023: Jan | Feb | Mar | Apr | May | Jun | Jul | Aug | Sep | Oct | Nov | Dec
2022: Jan | Feb | Mar | Apr | May | Jun | Jul | Aug | Sep | Oct | Nov | Dec
2021: Jan | Feb | Mar | Apr | May | Jun | Jul | Aug | Sep | Oct | Nov | Dec
2020: Jan | Feb | Mar | Apr | May | Jun | Jul | Aug | Sep | Oct | Nov | Dec
2019: Jan | Feb | Mar | Apr | May | Jun | Jul | Aug | Sep | Oct | Nov | Dec
2018: Jan | Feb | Mar | Apr | May | Jun | Jul | Aug | Sep | Oct | Nov | Dec
2017: Jan | Feb | Mar | Apr | May | Jun | Jul | Aug | Sep | Oct | Nov | Dec
2016: Jan | Feb | Mar | Apr | May | Jun | Jul | Aug | Sep | Oct | Nov | Dec
2015: Jan | Feb | Mar | Apr | May | Jun | Jul | Aug | Sep | Oct | Nov | Dec
2014: Jan | Feb | Mar | Apr | May | Jun | Jul | Aug | Sep | Oct | Nov | Dec
2013: Jan | Feb | Mar | Apr | May | Jun | Jul | Aug | Sep | Oct | Nov | Dec
2012: Jan | Feb | Mar | Apr | May | Jun | Jul | Aug | Sep | Oct | Nov | Dec
2011: Jan | Feb | Mar | Apr | May | Jun | Jul | Aug | Sep | Oct | Nov | Dec
2010: Jan | Feb | Mar | Apr | May | Jun | Jul | Aug | Sep | Oct | Nov | Dec
2009: Jan | Feb | Mar | Apr | May | Jun | Jul | Aug | Sep | Oct | Nov | Dec
2008: Jan | Feb | Mar | Apr | May | Jun | Jul | Aug | Sep | Oct | Nov | Dec
2007: Jan | Feb | Mar | Apr | May | Jun | Jul | Aug | Sep | Oct | Nov | Dec
2006: Jan | Feb | Mar | Apr | May | Jun | Jul | Aug | Sep | Oct | Nov | Dec
2005: Jan | Feb | Mar | Apr | May | Jun | Jul | Aug | Sep | Oct | Nov | Dec
2004: Jan | Feb | Mar | Apr | May | Jun | Jul | Aug | Sep | Oct | Nov | Dec
2003: Jan | Feb | Mar | Apr | May | Jun | Jul | Aug | Sep | Oct | Nov | Dec
Report for 2020 12
MONTHLY CLIMATOLOGICAL SUMMARY for DEC. 2020
NAME: Station1 CITY: Lancaster STATE: Ohio
ELEV: 958 ft LAT: 39° 45' 15" N LONG: 82° 34' 05" W
TEMPERATURE (°F), RAIN (in), WIND SPEED (mph)
HEAT COOL AVG
MEAN DEG DEG WIND DOM
DAY TEMP HIGH TIME LOW TIME DAYS DAYS RAIN SPEED HIGH TIME DIR
------------------------------------------------------------------------------------
1 29.6 30.7 11:37p 28.4 8:35a 31.6 0.0 0.15 2.3 21.0 4:56p W
2 31.4 37.2 3:15p 24.8 7:44a 30.2 0.0 0.00 1.8 19.0 12:07a WSW
3 33.3 40.5 2:34p 25.0 8:02a 31.5 0.0 0.00 0.4 11.0 1:28p SSW
4 39.1 43.9 4:04p 31.2 7:09a 25.9 0.0 0.00 0.6 13.0 10:54a SSW
5 38.5 43.3 12:06p 34.1 11:50p 26.5 0.0 0.00 1.0 12.0 1:43p NNW
6 33.0 37.3 1:47p 28.1 4:58a 31.9 0.0 0.00 0.2 6.0 11:00a NNE
7 31.9 32.9 2:46a 31.0 6:40a 32.9 0.0 0.00 1.2 12.0 1:43p NW
8 32.4 35.8 2:13p 30.3 6:31a 32.6 0.0 0.00 1.0 13.0 1:23a SSW
9 39.1 50.7 3:19p 30.7 12:54a 25.9 0.0 0.00 2.4 21.0 12:49p SSW
10 40.6 55.6 3:15p 27.9 7:45a 24.4 0.0 0.00 0.2 9.0 12:01p S
11 47.7 64.7 1:52p 36.3 5:36a 17.3 0.0 0.00 1.0 22.0 12:41p SSW
12 52.0 60.2 2:15p 41.2 12:29a 13.0 0.0 0.05 2.5 26.0 10:52a S
13 39.9 43.5 11:19a 33.5 6:20p 25.1 0.0 0.00 1.1 14.0 11:33a WSW
14 34.2 38.8 11:19a 26.9 11:59p 30.8 0.0 0.00 1.2 17.0 12:19p NW
15 28.7 35.6 1:06p 22.9 7:14a 36.3 0.0 0.00 0.4 8.0 9:20p ENE
16 31.3 33.4 5:13p 28.5 12:01a 33.7 0.0 0.19 0.2 10.0 1:52a E
17 31.2 32.7 12:01a 29.7 11:55p 33.8 0.0 0.02 0.1 8.0 11:13a W
18 30.7 34.7 2:03p 28.1 3:20a 34.2 0.0 0.00 0.1 6.0 12:13a W
19 33.5 39.2 1:01p 27.6 2:19a 31.4 0.0 0.11 0.5 13.0 11:53p S
20 36.5 40.1 4:36p 32.9 5:08a 28.5 0.0 0.16 0.7 13.0 12:17a SSW
21 37.2 41.3 10:04p 33.4 6:14a 27.8 0.0 0.08 2.0 19.0 4:43p SSW
22 38.0 43.6 2:38p 28.4 11:58p 26.9 0.0 0.00 1.7 21.0 1:11a W
23 42.5 54.7 1:21p 27.2 2:09a 22.5 0.0 0.02 1.2 21.0 10:59p S
24 35.2 53.2 1:16a 18.0 11:45p 29.7 0.0 0.62 2.7 21.0 1:10a S
25 15.0 18.1 12:06a 12.1 11:57p 49.9 0.0 0.07 2.3 22.0 11:49p WSW
26 17.5 27.0 3:20p 11.7 12:10a 47.4 0.0 0.01 2.0 20.0 1:26a SSW
27 30.8 48.3 10:49p 13.3 12:36a 34.1 0.0 0.00 1.5 24.0 10:58p S
28 38.2 49.2 4:39a 31.0 11:38p 26.8 0.0 0.00 2.9 26.0 4:40a W
29 31.7 38.5 2:10p 22.1 8:09a 33.3 0.0 0.00 0.7 11.0 3:53a E
30 41.9 52.5 12:25p 32.2 3:29a 23.1 0.0 0.44 2.4 26.0 1:03p S
31 32.4 34.7 12:01a 30.1 8:19a 32.6 0.0 0.13 0.6 10.0 12:42a E
-------------------------------------------------------------------------------------
34.7 64.7 11 11.7 26 931.6 0.0 2.05 1.3 26.0 12 SSW
Max >= 90.0: 0
Max <= 32.0: 3
Min <= 32.0: 24
Min <= 0.0: 0
Max Rain: 0.62 ON 12/24/20
Days of Rain: 12 (>.01 in) 7 (>.1 in) 0 (>1 in)
Heat Base: 65.0 Cool Base: 65.0 Method: Integration
|