2024: Jan | Feb | Mar | Apr | May | Jun | Jul | Aug | Sep | Oct | Nov | Dec
2023: Jan | Feb | Mar | Apr | May | Jun | Jul | Aug | Sep | Oct | Nov | Dec
2022: Jan | Feb | Mar | Apr | May | Jun | Jul | Aug | Sep | Oct | Nov | Dec
2021: Jan | Feb | Mar | Apr | May | Jun | Jul | Aug | Sep | Oct | Nov | Dec
2020: Jan | Feb | Mar | Apr | May | Jun | Jul | Aug | Sep | Oct | Nov | Dec
2019: Jan | Feb | Mar | Apr | May | Jun | Jul | Aug | Sep | Oct | Nov | Dec
2018: Jan | Feb | Mar | Apr | May | Jun | Jul | Aug | Sep | Oct | Nov | Dec
2017: Jan | Feb | Mar | Apr | May | Jun | Jul | Aug | Sep | Oct | Nov | Dec
2016: Jan | Feb | Mar | Apr | May | Jun | Jul | Aug | Sep | Oct | Nov | Dec
2015: Jan | Feb | Mar | Apr | May | Jun | Jul | Aug | Sep | Oct | Nov | Dec
2014: Jan | Feb | Mar | Apr | May | Jun | Jul | Aug | Sep | Oct | Nov | Dec
2013: Jan | Feb | Mar | Apr | May | Jun | Jul | Aug | Sep | Oct | Nov | Dec
2012: Jan | Feb | Mar | Apr | May | Jun | Jul | Aug | Sep | Oct | Nov | Dec
2011: Jan | Feb | Mar | Apr | May | Jun | Jul | Aug | Sep | Oct | Nov | Dec
2010: Jan | Feb | Mar | Apr | May | Jun | Jul | Aug | Sep | Oct | Nov | Dec
2009: Jan | Feb | Mar | Apr | May | Jun | Jul | Aug | Sep | Oct | Nov | Dec
2008: Jan | Feb | Mar | Apr | May | Jun | Jul | Aug | Sep | Oct | Nov | Dec
2007: Jan | Feb | Mar | Apr | May | Jun | Jul | Aug | Sep | Oct | Nov | Dec
2006: Jan | Feb | Mar | Apr | May | Jun | Jul | Aug | Sep | Oct | Nov | Dec
2005: Jan | Feb | Mar | Apr | May | Jun | Jul | Aug | Sep | Oct | Nov | Dec
2004: Jan | Feb | Mar | Apr | May | Jun | Jul | Aug | Sep | Oct | Nov | Dec
2003: Jan | Feb | Mar | Apr | May | Jun | Jul | Aug | Sep | Oct | Nov | Dec
Report for 2021 04
MONTHLY CLIMATOLOGICAL SUMMARY for APR. 2021
NAME: Station1 CITY: Lancaster STATE: Ohio
ELEV: 958 ft LAT: 39° 45' 15" N LONG: 82° 34' 05" W
TEMPERATURE (°F), RAIN (in), WIND SPEED (mph)
HEAT COOL AVG
MEAN DEG DEG WIND DOM
DAY TEMP HIGH TIME LOW TIME DAYS DAYS RAIN SPEED HIGH TIME DIR
------------------------------------------------------------------------------------
1 32.6 38.3 12:01a 28.4 11:51p 32.4 0.0 0.00 4.0 22.0 1:40p NW
2 33.4 46.0 4:41p 20.6 7:05a 31.5 0.0 0.00 0.9 17.0 4:50p NW
3 43.4 60.7 5:20p 24.7 6:32a 21.6 0.0 0.00 1.4 19.0 10:39a SSW
4 57.2 72.8 4:49p 45.2 7:32a 9.1 1.3 0.00 0.6 17.0 1:12a WSW
5 57.8 76.7 3:56p 38.0 7:09a 10.2 3.0 0.00 0.5 20.0 3:20p SSW
6 65.5 78.6 4:03p 52.6 4:33a 4.2 4.7 0.00 0.6 18.0 12:24p WSW
7 67.3 83.4 1:48p 50.8 3:23a 4.8 7.1 0.00 0.1 10.0 1:58p WSW
8 63.4 78.5 12:09p 55.6 2:53a 3.9 2.3 0.48 0.7 28.0 2:37p SSW
9 63.0 76.5 5:48p 53.2 7:19a 4.8 2.8 0.08 0.6 27.0 6:59p S
10 61.9 76.7 1:55p 47.6 5:21a 6.1 3.0 0.59 0.8 19.0 2:10p S
11 54.2 60.1 12:01a 50.2 12:00m 10.8 0.0 0.02 1.9 21.0 9:43a SSW
12 52.9 58.9 4:42p 46.8 11:57p 12.0 0.0 0.00 1.3 17.0 2:11p WSW
13 54.3 67.6 4:35p 41.5 7:03a 10.9 0.3 0.00 0.5 13.0 3:55p WSW
14 53.9 63.7 5:32p 47.0 11:59p 11.1 0.0 0.00 0.7 13.0 3:10p SW
15 45.0 49.6 1:58p 41.1 7:31a 20.0 0.0 0.00 1.8 18.0 12:35p NW
16 45.2 58.3 5:50p 34.9 6:27a 19.8 0.0 0.00 0.8 13.0 4:20p NW
17 47.5 62.0 1:38p 34.1 6:29a 17.5 0.0 0.00 0.3 18.0 3:50p WSW
18 51.7 64.2 4:32p 38.8 7:05a 13.3 0.0 0.00 0.5 14.0 12:38p WSW
19 53.0 67.4 3:54p 35.3 4:23a 12.1 0.2 0.00 1.0 20.0 3:23p SW
20 50.7 66.3 4:09p 38.6 11:59p 14.3 0.0 0.00 1.4 19.0 6:47p NNW
21 36.4 44.1 5:30p 32.2 7:08a 28.5 0.0 0.21 2.0 20.0 3:46p NW
22 38.5 48.9 3:30p 28.7 6:41a 26.4 0.0 0.01 1.0 24.0 2:11p WSW
23 45.2 60.5 4:37p 29.3 6:51a 19.8 0.0 0.00 0.6 17.0 1:49p WSW
24 45.6 56.0 12:45p 35.3 6:17a 19.4 0.0 0.26 0.6 9.0 10:35a E
25 51.7 62.7 4:50p 40.6 12:00m 13.3 0.0 0.00 1.0 18.0 2:04p NW
26 52.2 69.6 4:46p 32.9 5:35a 13.6 0.8 0.00 0.4 9.0 6:34p E
27 69.7 83.6 4:15p 50.4 3:44a 3.0 7.7 0.00 2.7 27.0 10:09a SSW
28 72.1 80.9 3:35p 66.3 11:58p 0.0 7.1 0.00 1.3 19.0 8:09a SW
29 63.4 68.9 2:20p 54.4 11:56p 2.4 0.7 1.00 2.2 25.0 11:43a SSW
30 53.9 63.5 12:08p 46.0 12:00m 11.1 0.0 0.05 2.0 27.0 4:20p NW
-------------------------------------------------------------------------------------
52.8 83.6 27 20.6 2 407.9 41.0 2.70 1.1 28.0 8 SSW
Max >= 90.0: 0
Max <= 32.0: 0
Min <= 32.0: 5
Min <= 0.0: 0
Max Rain: 1.00 ON 04/29/21
Days of Rain: 8 (>.01 in) 5 (>.1 in) 0 (>1 in)
Heat Base: 65.0 Cool Base: 65.0 Method: Integration
|