2024: Jan | Feb | Mar | Apr | May | Jun | Jul | Aug | Sep | Oct | Nov | Dec
2023: Jan | Feb | Mar | Apr | May | Jun | Jul | Aug | Sep | Oct | Nov | Dec
2022: Jan | Feb | Mar | Apr | May | Jun | Jul | Aug | Sep | Oct | Nov | Dec
2021: Jan | Feb | Mar | Apr | May | Jun | Jul | Aug | Sep | Oct | Nov | Dec
2020: Jan | Feb | Mar | Apr | May | Jun | Jul | Aug | Sep | Oct | Nov | Dec
2019: Jan | Feb | Mar | Apr | May | Jun | Jul | Aug | Sep | Oct | Nov | Dec
2018: Jan | Feb | Mar | Apr | May | Jun | Jul | Aug | Sep | Oct | Nov | Dec
2017: Jan | Feb | Mar | Apr | May | Jun | Jul | Aug | Sep | Oct | Nov | Dec
2016: Jan | Feb | Mar | Apr | May | Jun | Jul | Aug | Sep | Oct | Nov | Dec
2015: Jan | Feb | Mar | Apr | May | Jun | Jul | Aug | Sep | Oct | Nov | Dec
2014: Jan | Feb | Mar | Apr | May | Jun | Jul | Aug | Sep | Oct | Nov | Dec
2013: Jan | Feb | Mar | Apr | May | Jun | Jul | Aug | Sep | Oct | Nov | Dec
2012: Jan | Feb | Mar | Apr | May | Jun | Jul | Aug | Sep | Oct | Nov | Dec
2011: Jan | Feb | Mar | Apr | May | Jun | Jul | Aug | Sep | Oct | Nov | Dec
2010: Jan | Feb | Mar | Apr | May | Jun | Jul | Aug | Sep | Oct | Nov | Dec
2009: Jan | Feb | Mar | Apr | May | Jun | Jul | Aug | Sep | Oct | Nov | Dec
2008: Jan | Feb | Mar | Apr | May | Jun | Jul | Aug | Sep | Oct | Nov | Dec
2007: Jan | Feb | Mar | Apr | May | Jun | Jul | Aug | Sep | Oct | Nov | Dec
2006: Jan | Feb | Mar | Apr | May | Jun | Jul | Aug | Sep | Oct | Nov | Dec
2005: Jan | Feb | Mar | Apr | May | Jun | Jul | Aug | Sep | Oct | Nov | Dec
2004: Jan | Feb | Mar | Apr | May | Jun | Jul | Aug | Sep | Oct | Nov | Dec
2003: Jan | Feb | Mar | Apr | May | Jun | Jul | Aug | Sep | Oct | Nov | Dec
Report for 2021 07
MONTHLY CLIMATOLOGICAL SUMMARY for JUL. 2021
NAME: Station1 CITY: Lancaster STATE: Ohio
ELEV: 958 ft LAT: 39° 45' 15" N LONG: 82° 34' 05" W
TEMPERATURE (°F), RAIN (in), WIND SPEED (mph)
HEAT COOL AVG
MEAN DEG DEG WIND DOM
DAY TEMP HIGH TIME LOW TIME DAYS DAYS RAIN SPEED HIGH TIME DIR
------------------------------------------------------------------------------------
1 70.1 75.8 6:06p 62.9 11:35p 0.1 5.2 1.02 0.1 10.0 8:13p WSW
2 66.6 75.6 3:25p 57.8 6:42a 1.6 3.2 0.01 1.6 18.0 5:26p NW
3 68.8 80.5 3:44p 54.2 5:21a 2.5 6.4 0.00 0.5 13.0 4:02p NW
4 75.7 89.7 5:07p 65.2 6:08a 0.0 10.7 0.00 0.4 12.0 11:08a NW
5 78.9 92.3 4:17p 65.2 6:01a 0.0 13.9 0.00 0.3 12.0 12:11p WSW
6 81.2 92.3 4:01p 70.3 6:42a 0.0 16.1 0.00 0.2 11.0 12:48p WSW
7 80.4 91.0 5:07p 70.1 6:21a 0.0 15.4 0.00 0.7 19.0 6:56p SSW
8 74.0 84.0 2:59p 69.6 4:09a 0.0 9.0 0.27 0.5 16.0 11:52a SSW
9 70.1 76.5 4:14p 65.2 11:53p 0.0 5.1 0.42 0.4 11.0 10:09a NW
10 68.4 76.3 4:06p 59.8 5:53a 0.9 4.3 0.00 0.4 12.0 2:20p E
11 72.3 77.7 3:58p 66.9 4:46a 0.0 7.3 0.75 0.6 13.0 11:18a SE
12 76.4 84.9 3:55p 70.9 2:21a 0.0 11.4 0.00 0.6 16.0 2:32p SSW
13 74.9 79.6 1:58p 71.3 6:59a 0.0 9.8 0.07 1.1 17.0 3:28p SSW
14 76.5 86.1 4:32p 69.1 6:14a 0.0 11.5 0.00 0.6 11.0 12:26p WSW
15 75.8 87.6 4:32p 65.3 5:49a 0.0 10.8 0.05 1.2 22.0 7:38p SSW
16 74.7 85.9 12:42p 68.9 6:00a 0.0 9.7 0.12 0.6 24.0 3:39p SSW
17 72.0 79.9 3:32p 63.4 11:56p 0.0 7.0 0.36 0.9 17.0 11:58a NNW
18 71.8 85.9 5:07p 59.3 6:20a 1.4 8.2 0.00 0.1 7.0 12:08p NNE
19 74.0 87.4 2:43p 61.0 6:36a 0.6 9.7 0.00 0.3 10.0 3:46p NNW
20 75.1 88.6 3:56p 62.4 6:00a 0.3 10.4 0.08 0.1 10.0 6:22p NW
21 70.0 79.4 4:41p 60.1 11:59p 0.3 5.2 0.01 1.1 14.0 1:37p NNW
22 68.0 81.8 3:28p 53.2 6:19a 3.3 6.3 0.00 0.2 11.0 11:57a NNE
23 70.2 82.2 12:13p 59.2 3:45a 1.6 6.8 0.00 0.1 7.0 3:45p NE
24 74.6 86.1 2:11p 63.4 2:38a 0.2 9.9 0.00 0.3 11.0 2:46p SSW
25 79.1 91.2 4:45p 70.9 4:43a 0.0 14.1 0.10 0.4 17.0 4:00a SSW
26 78.6 91.0 3:31p 66.8 11:59p 0.0 13.6 0.00 0.6 14.0 11:42a NW
27 75.4 92.1 3:45p 58.9 6:10a 1.2 11.6 0.00 0.2 8.0 12:48p NW
28 76.1 89.9 2:33p 61.8 6:24a 0.4 11.5 0.00 0.2 9.0 1:31p NW
29 73.9 88.0 2:47p 66.6 5:36a 0.0 8.9 0.93 0.6 20.0 4:25p WSW
30 74.1 82.4 4:49p 64.0 12:00m 0.0 9.0 0.00 1.0 16.0 1:25p NW
31 70.5 80.9 3:21p 62.4 6:33a 0.6 6.1 0.00 0.2 11.0 3:36p E
-------------------------------------------------------------------------------------
73.8 92.3 5 53.2 22 15.0 288.1 4.19 0.5 24.0 16 NW
Max >= 90.0: 6
Max <= 32.0: 0
Min <= 32.0: 0
Min <= 0.0: 0
Max Rain: 1.02 ON 07/01/21
Days of Rain: 11 (>.01 in) 7 (>.1 in) 1 (>1 in)
Heat Base: 65.0 Cool Base: 65.0 Method: Integration
|