2024: Jan | Feb | Mar | Apr | May | Jun | Jul | Aug | Sep | Oct | Nov | Dec
2023: Jan | Feb | Mar | Apr | May | Jun | Jul | Aug | Sep | Oct | Nov | Dec
2022: Jan | Feb | Mar | Apr | May | Jun | Jul | Aug | Sep | Oct | Nov | Dec
2021: Jan | Feb | Mar | Apr | May | Jun | Jul | Aug | Sep | Oct | Nov | Dec
2020: Jan | Feb | Mar | Apr | May | Jun | Jul | Aug | Sep | Oct | Nov | Dec
2019: Jan | Feb | Mar | Apr | May | Jun | Jul | Aug | Sep | Oct | Nov | Dec
2018: Jan | Feb | Mar | Apr | May | Jun | Jul | Aug | Sep | Oct | Nov | Dec
2017: Jan | Feb | Mar | Apr | May | Jun | Jul | Aug | Sep | Oct | Nov | Dec
2016: Jan | Feb | Mar | Apr | May | Jun | Jul | Aug | Sep | Oct | Nov | Dec
2015: Jan | Feb | Mar | Apr | May | Jun | Jul | Aug | Sep | Oct | Nov | Dec
2014: Jan | Feb | Mar | Apr | May | Jun | Jul | Aug | Sep | Oct | Nov | Dec
2013: Jan | Feb | Mar | Apr | May | Jun | Jul | Aug | Sep | Oct | Nov | Dec
2012: Jan | Feb | Mar | Apr | May | Jun | Jul | Aug | Sep | Oct | Nov | Dec
2011: Jan | Feb | Mar | Apr | May | Jun | Jul | Aug | Sep | Oct | Nov | Dec
2010: Jan | Feb | Mar | Apr | May | Jun | Jul | Aug | Sep | Oct | Nov | Dec
2009: Jan | Feb | Mar | Apr | May | Jun | Jul | Aug | Sep | Oct | Nov | Dec
2008: Jan | Feb | Mar | Apr | May | Jun | Jul | Aug | Sep | Oct | Nov | Dec
2007: Jan | Feb | Mar | Apr | May | Jun | Jul | Aug | Sep | Oct | Nov | Dec
2006: Jan | Feb | Mar | Apr | May | Jun | Jul | Aug | Sep | Oct | Nov | Dec
2005: Jan | Feb | Mar | Apr | May | Jun | Jul | Aug | Sep | Oct | Nov | Dec
2004: Jan | Feb | Mar | Apr | May | Jun | Jul | Aug | Sep | Oct | Nov | Dec
2003: Jan | Feb | Mar | Apr | May | Jun | Jul | Aug | Sep | Oct | Nov | Dec
Report for 2022 01
MONTHLY CLIMATOLOGICAL SUMMARY for JAN. 2022
NAME: Station1 CITY: Lancaster STATE: Ohio
ELEV: 958 ft LAT: 39° 45' 15" N LONG: 82° 34' 05" W
TEMPERATURE (°F), RAIN (in), WIND SPEED (mph)
HEAT COOL AVG
MEAN DEG DEG WIND DOM
DAY TEMP HIGH TIME LOW TIME DAYS DAYS RAIN SPEED HIGH TIME DIR
------------------------------------------------------------------------------------
1 54.6 59.9 12:49a 42.1 11:06p 10.3 0.0 1.27 0.5 21.0 1:44a SSW
2 34.9 42.2 12:01a 29.1 9:17p 30.1 0.0 0.05 2.3 17.0 2:43p NNW
3 27.2 33.5 2:09p 22.5 11:53p 37.7 0.0 0.00 1.8 19.0 5:41a N
4 31.2 42.2 3:01p 20.6 4:31a 33.8 0.0 0.00 1.0 18.0 10:27p S
5 40.6 49.2 2:03p 23.6 11:58p 24.4 0.0 0.00 4.8 33.0 9:46a SSW
6 19.4 23.6 12:01a 15.6 7:40a 45.6 0.0 0.06 0.8 14.0 12:13a W
7 15.0 18.0 2:51p 11.1 11:49p 50.0 0.0 0.00 1.4 17.0 12:28p WSW
8 23.7 38.3 3:42p 7.9 4:25a 41.3 0.0 0.06 1.2 16.0 6:08p ESE
9 36.7 43.6 10:51a 23.5 11:57p 28.3 0.0 0.50 2.2 22.0 7:12p NW
10 21.8 28.1 3:37p 16.5 11:57p 43.1 0.0 0.00 1.8 18.0 2:44p W
11 20.9 29.5 2:52p 12.1 7:24a 44.0 0.0 0.00 1.2 13.0 12:02a S
12 38.9 45.8 1:43p 28.8 12:01a 26.1 0.0 0.00 3.0 22.0 2:06a SSW
13 36.7 47.9 3:56p 29.8 3:58a 28.3 0.0 0.00 0.2 7.0 11:41p NNW
14 32.6 35.9 2:28p 27.5 11:50p 32.4 0.0 0.00 1.4 13.0 8:58p NNW
15 25.7 32.7 2:59p 19.5 11:39p 39.3 0.0 0.00 0.4 13.0 9:31a NNE
16 23.4 30.3 2:02p 16.4 6:08a 41.5 0.0 0.32 0.5 11.0 7:48p N
17 25.8 27.5 1:25p 21.9 8:13a 39.0 0.0 0.18 1.9 17.0 6:20a W
18 27.9 32.5 2:28p 24.4 5:49a 37.1 0.0 0.00 1.2 14.0 7:25p S
19 39.1 47.4 2:14p 27.5 12:30a 25.8 0.0 0.00 3.4 22.0 1:10p SSW
20 21.9 27.6 12:01a 15.6 10:55p 43.1 0.0 0.00 2.6 18.0 12:54a NNW
21 15.7 24.2 3:23p 8.4 11:55p 49.1 0.0 0.00 0.2 11.0 10:28a N
22 18.0 30.1 2:10p 3.0 7:26a 46.9 0.0 0.00 0.8 13.0 11:05a SSW
23 25.1 30.9 4:37p 18.1 11:18p 39.8 0.0 0.05 1.9 18.0 1:04p SSW
24 22.4 34.1 11:48p 7.7 6:26a 42.5 0.0 0.12 0.7 16.0 2:01p S
25 23.6 33.5 12:01a 11.6 11:55p 41.4 0.0 0.01 1.0 20.0 12:59a NW
26 10.5 21.9 2:34p 1.8 8:00a 54.5 0.0 0.00 0.2 7.0 9:55a W
27 17.9 33.1 3:07p -4.1 7:31a 47.0 0.0 0.00 0.7 14.0 1:22p SSW
28 25.3 31.8 10:58a 10.4 12:00m 39.7 0.0 0.05 2.0 17.0 2:34p NNW
29 10.6 21.0 3:20p 1.8 7:44a 54.4 0.0 0.00 1.1 11.0 3:16p WNW
30 21.1 35.5 2:51p 9.0 12:48a 43.9 0.0 0.00 0.2 8.0 6:16a NW
31 24.1 38.9 2:33p 11.2 8:09a 40.9 0.0 0.00 0.0 6.0 2:00p N
-------------------------------------------------------------------------------------
26.2 59.9 1 -4.1 27 1201.3 0.0 2.67 1.4 33.0 5 NNW
Max >= 90.0: 0
Max <= 32.0: 13
Min <= 32.0: 30
Min <= 0.0: 1
Max Rain: 1.27 ON 01/01/22
Days of Rain: 10 (>.01 in) 5 (>.1 in) 1 (>1 in)
Heat Base: 65.0 Cool Base: 65.0 Method: Integration
|