2024: Jan | Feb | Mar | Apr | May | Jun | Jul | Aug | Sep | Oct | Nov | Dec
2023: Jan | Feb | Mar | Apr | May | Jun | Jul | Aug | Sep | Oct | Nov | Dec
2022: Jan | Feb | Mar | Apr | May | Jun | Jul | Aug | Sep | Oct | Nov | Dec
2021: Jan | Feb | Mar | Apr | May | Jun | Jul | Aug | Sep | Oct | Nov | Dec
2020: Jan | Feb | Mar | Apr | May | Jun | Jul | Aug | Sep | Oct | Nov | Dec
2019: Jan | Feb | Mar | Apr | May | Jun | Jul | Aug | Sep | Oct | Nov | Dec
2018: Jan | Feb | Mar | Apr | May | Jun | Jul | Aug | Sep | Oct | Nov | Dec
2017: Jan | Feb | Mar | Apr | May | Jun | Jul | Aug | Sep | Oct | Nov | Dec
2016: Jan | Feb | Mar | Apr | May | Jun | Jul | Aug | Sep | Oct | Nov | Dec
2015: Jan | Feb | Mar | Apr | May | Jun | Jul | Aug | Sep | Oct | Nov | Dec
2014: Jan | Feb | Mar | Apr | May | Jun | Jul | Aug | Sep | Oct | Nov | Dec
2013: Jan | Feb | Mar | Apr | May | Jun | Jul | Aug | Sep | Oct | Nov | Dec
2012: Jan | Feb | Mar | Apr | May | Jun | Jul | Aug | Sep | Oct | Nov | Dec
2011: Jan | Feb | Mar | Apr | May | Jun | Jul | Aug | Sep | Oct | Nov | Dec
2010: Jan | Feb | Mar | Apr | May | Jun | Jul | Aug | Sep | Oct | Nov | Dec
2009: Jan | Feb | Mar | Apr | May | Jun | Jul | Aug | Sep | Oct | Nov | Dec
2008: Jan | Feb | Mar | Apr | May | Jun | Jul | Aug | Sep | Oct | Nov | Dec
2007: Jan | Feb | Mar | Apr | May | Jun | Jul | Aug | Sep | Oct | Nov | Dec
2006: Jan | Feb | Mar | Apr | May | Jun | Jul | Aug | Sep | Oct | Nov | Dec
2005: Jan | Feb | Mar | Apr | May | Jun | Jul | Aug | Sep | Oct | Nov | Dec
2004: Jan | Feb | Mar | Apr | May | Jun | Jul | Aug | Sep | Oct | Nov | Dec
2003: Jan | Feb | Mar | Apr | May | Jun | Jul | Aug | Sep | Oct | Nov | Dec
Report for 2022 03
MONTHLY CLIMATOLOGICAL SUMMARY for MAR. 2022
NAME: Station1 CITY: Lancaster STATE: Ohio
ELEV: 958 ft LAT: 39° 45' 15" N LONG: 82° 34' 05" W
TEMPERATURE (°F), RAIN (in), WIND SPEED (mph)
HEAT COOL AVG
MEAN DEG DEG WIND DOM
DAY TEMP HIGH TIME LOW TIME DAYS DAYS RAIN SPEED HIGH TIME DIR
------------------------------------------------------------------------------------
1 48.6 62.4 3:46p 31.0 12:07a 16.4 0.0 0.00 2.3 24.0 1:38p SSW
2 49.5 61.6 4:56p 33.5 7:12a 15.5 0.0 0.03 1.1 17.0 4:17p WSW
3 36.5 51.7 12:09a 26.7 11:55p 28.5 0.0 0.02 2.1 18.0 1:01a N
4 35.5 51.0 3:14p 21.6 6:53a 29.5 0.0 0.00 0.3 7.0 1:06p NE
5 57.8 77.6 3:57p 38.2 12:04a 10.6 3.4 0.00 2.4 25.0 4:18p SSW
6 64.6 69.8 12:35p 58.7 11:40p 1.7 1.3 0.17 4.8 29.0 11:37a SSW
7 50.7 63.2 5:57a 36.6 11:40p 14.2 0.0 0.71 3.6 36.0 5:06a S
8 37.6 43.6 4:06p 33.8 7:01a 27.3 0.0 0.00 0.4 14.0 12:32a NW
9 38.2 46.8 4:35p 30.9 11:53p 26.7 0.0 0.05 0.6 12.0 3:28p NW
10 39.2 53.5 3:09p 26.7 5:23a 25.7 0.0 0.00 0.5 11.0 12:45p NNW
11 38.6 56.9 1:17p 25.1 11:58p 26.3 0.0 0.15 1.9 21.0 7:06p NW
12 21.0 25.1 12:01a 15.9 11:59p 43.8 0.0 0.07 5.3 22.0 11:23a NW
13 27.9 42.6 6:16p 12.3 5:22a 35.5 0.0 0.00 2.6 25.0 12:56p S
14 45.5 63.1 4:24p 30.1 7:32a 19.5 0.0 0.00 1.4 21.0 11:01a SSW
15 50.0 67.6 4:26p 35.8 2:05a 15.1 0.2 0.00 0.8 17.0 3:47p SW
16 52.6 69.1 3:25p 35.8 8:01a 13.1 0.7 0.00 0.2 13.0 1:20p ESE
17 59.7 73.9 3:54p 49.4 7:47a 7.3 2.0 0.00 0.4 12.0 5:19p WSW
18 55.6 70.3 2:19p 41.2 6:18a 10.4 1.0 0.03 0.8 19.0 2:43p SE
19 51.4 59.5 4:47a 40.1 10:43p 13.6 0.0 0.21 3.9 26.0 12:42p SSW
20 45.0 57.0 5:30p 36.9 12:00m 19.1 0.0 0.06 1.9 20.0 1:36a W
21 52.5 71.5 4:53p 35.9 12:45a 13.7 1.2 0.00 0.5 16.0 10:29a WSW
22 52.4 62.6 4:47p 44.8 1:27a 12.6 0.0 0.00 1.1 14.0 10:39p E
23 59.4 70.9 4:18p 51.4 4:20a 6.0 0.5 0.29 2.8 21.0 11:38p ESE
24 49.4 57.8 5:13p 43.1 11:52p 15.6 0.0 0.00 2.2 24.0 6:05p SSW
25 42.1 45.7 11:10a 38.6 5:37a 22.9 0.0 0.01 2.6 26.0 4:47p SW
26 35.8 40.6 12:01a 31.2 11:51p 29.2 0.0 0.01 3.5 27.0 12:13p W
27 30.1 35.2 4:50p 25.3 9:13a 34.9 0.0 0.00 2.8 20.0 11:22a WNW
28 27.1 35.6 3:45p 19.1 7:26a 37.9 0.0 0.00 2.2 24.0 4:02p NW
29 33.4 45.1 5:08p 21.3 12:51a 31.6 0.0 0.01 0.8 11.0 10:17p E
30 59.8 79.9 4:18p 38.3 12:03a 10.6 5.4 0.00 2.8 30.0 5:36p S
31 54.8 73.3 12:03a 39.2 11:59p 11.3 1.1 0.19 4.6 30.0 3:18a WSW
-------------------------------------------------------------------------------------
45.2 79.9 30 12.3 13 626.1 16.8 2.01 2.0 36.0 7 SSW
Max >= 90.0: 0
Max <= 32.0: 1
Min <= 32.0: 13
Min <= 0.0: 0
Max Rain: 0.71 ON 03/07/22
Days of Rain: 12 (>.01 in) 6 (>.1 in) 0 (>1 in)
Heat Base: 65.0 Cool Base: 65.0 Method: Integration
|