2024: Jan | Feb | Mar | Apr | May | Jun | Jul | Aug | Sep | Oct | Nov | Dec
2023: Jan | Feb | Mar | Apr | May | Jun | Jul | Aug | Sep | Oct | Nov | Dec
2022: Jan | Feb | Mar | Apr | May | Jun | Jul | Aug | Sep | Oct | Nov | Dec
2021: Jan | Feb | Mar | Apr | May | Jun | Jul | Aug | Sep | Oct | Nov | Dec
2020: Jan | Feb | Mar | Apr | May | Jun | Jul | Aug | Sep | Oct | Nov | Dec
2019: Jan | Feb | Mar | Apr | May | Jun | Jul | Aug | Sep | Oct | Nov | Dec
2018: Jan | Feb | Mar | Apr | May | Jun | Jul | Aug | Sep | Oct | Nov | Dec
2017: Jan | Feb | Mar | Apr | May | Jun | Jul | Aug | Sep | Oct | Nov | Dec
2016: Jan | Feb | Mar | Apr | May | Jun | Jul | Aug | Sep | Oct | Nov | Dec
2015: Jan | Feb | Mar | Apr | May | Jun | Jul | Aug | Sep | Oct | Nov | Dec
2014: Jan | Feb | Mar | Apr | May | Jun | Jul | Aug | Sep | Oct | Nov | Dec
2013: Jan | Feb | Mar | Apr | May | Jun | Jul | Aug | Sep | Oct | Nov | Dec
2012: Jan | Feb | Mar | Apr | May | Jun | Jul | Aug | Sep | Oct | Nov | Dec
2011: Jan | Feb | Mar | Apr | May | Jun | Jul | Aug | Sep | Oct | Nov | Dec
2010: Jan | Feb | Mar | Apr | May | Jun | Jul | Aug | Sep | Oct | Nov | Dec
2009: Jan | Feb | Mar | Apr | May | Jun | Jul | Aug | Sep | Oct | Nov | Dec
2008: Jan | Feb | Mar | Apr | May | Jun | Jul | Aug | Sep | Oct | Nov | Dec
2007: Jan | Feb | Mar | Apr | May | Jun | Jul | Aug | Sep | Oct | Nov | Dec
2006: Jan | Feb | Mar | Apr | May | Jun | Jul | Aug | Sep | Oct | Nov | Dec
2005: Jan | Feb | Mar | Apr | May | Jun | Jul | Aug | Sep | Oct | Nov | Dec
2004: Jan | Feb | Mar | Apr | May | Jun | Jul | Aug | Sep | Oct | Nov | Dec
2003: Jan | Feb | Mar | Apr | May | Jun | Jul | Aug | Sep | Oct | Nov | Dec
Report for 2022 04
MONTHLY CLIMATOLOGICAL SUMMARY for APR. 2022
NAME: Station1 CITY: Lancaster STATE: Ohio
ELEV: 958 ft LAT: 39° 45' 15" N LONG: 82° 34' 05" W
TEMPERATURE (°F), RAIN (in), WIND SPEED (mph)
HEAT COOL AVG
MEAN DEG DEG WIND DOM
DAY TEMP HIGH TIME LOW TIME DAYS DAYS RAIN SPEED HIGH TIME DIR
------------------------------------------------------------------------------------
1 38.0 45.5 12:52p 32.4 11:55p 27.0 0.0 0.09 2.3 28.0 11:37a W
2 40.2 54.1 3:57p 25.3 7:05a 24.8 0.0 0.00 0.4 19.0 10:02p SSW
3 42.4 50.8 5:12p 35.2 11:53p 22.5 0.0 0.00 2.2 26.0 2:05a W
4 41.2 53.3 4:58p 31.3 3:36a 23.7 0.0 0.09 0.5 10.0 3:43p ESE
5 46.1 52.2 1:08p 35.9 6:46a 18.9 0.0 0.28 0.1 7.0 6:16p E
6 51.4 62.0 2:29p 40.8 7:36a 13.5 0.0 0.57 1.0 18.0 3:51p SE
7 47.3 57.5 12:05p 40.1 11:58p 17.7 0.0 0.06 1.7 28.0 5:07p WSW
8 41.9 49.8 4:44p 37.0 3:47a 23.1 0.0 0.07 1.3 24.0 6:51p SW
9 38.5 44.2 3:36p 34.9 6:06p 26.5 0.0 0.11 2.2 25.0 2:25p WSW
10 46.6 60.5 5:41p 35.2 7:09a 18.4 0.0 0.00 0.6 14.0 1:32p WSW
11 53.5 60.7 3:01p 45.2 3:24a 11.5 0.0 0.34 1.8 22.0 2:18p SSW
12 59.5 71.6 3:19p 48.9 6:59a 6.4 0.9 0.05 0.9 17.0 12:02a SSW
13 65.4 77.6 3:23p 60.5 6:42a 1.6 2.0 0.15 1.6 31.0 11:52a S
14 55.3 62.0 12:01a 45.2 9:51a 9.7 0.0 0.07 2.4 25.0 6:04a W
15 59.2 71.8 3:51p 42.6 6:55a 7.0 1.2 0.00 3.0 27.0 9:03a SSW
16 52.2 61.6 12:01a 40.6 12:00m 12.8 0.0 0.19 1.8 24.0 12:07a W
17 41.0 51.4 3:32p 30.0 6:51a 23.9 0.0 0.00 1.3 18.0 12:03a NNE
18 38.4 42.3 12:19p 35.9 1:31a 26.5 0.0 0.48 1.5 19.0 3:03p WSW
19 38.5 46.8 4:15p 33.1 6:19a 26.4 0.0 0.03 2.2 22.0 1:46p W
20 45.6 61.6 4:54p 25.6 6:58a 19.4 0.0 0.00 1.2 12.0 5:09p E
21 56.8 63.9 5:22p 50.1 6:18a 8.2 0.0 0.17 1.9 29.0 4:58a SW
22 59.5 75.4 5:32p 41.6 6:18a 8.0 2.4 0.00 0.4 10.0 4:09p E
23 68.7 87.2 4:37p 49.2 6:58a 4.2 7.9 0.00 0.8 19.0 11:26a SW
24 73.7 85.5 4:35p 57.3 2:12a 0.8 8.7 0.00 2.0 20.0 9:10a SSW
25 70.4 82.2 2:42p 55.4 11:39p 1.4 5.9 0.28 1.7 28.0 3:17p SSW
26 48.1 55.6 12:01a 36.3 11:28p 16.9 0.0 0.00 1.5 20.0 6:27p NW
27 44.2 55.1 4:58p 34.3 3:24a 20.8 0.0 0.00 1.9 21.0 3:38p NW
28 45.4 61.0 4:57p 30.9 4:22a 19.6 0.0 0.00 0.2 7.0 1:56a NNE
29 53.2 67.9 4:33p 41.3 6:29a 11.9 0.2 0.00 0.5 10.0 10:12a E
30 57.4 67.3 4:29p 49.1 9:48a 7.8 0.2 0.05 0.9 13.0 4:50p ESE
-------------------------------------------------------------------------------------
50.7 87.2 23 25.3 2 460.9 29.4 3.08 1.4 31.0 13 WSW
Max >= 90.0: 0
Max <= 32.0: 0
Min <= 32.0: 5
Min <= 0.0: 0
Max Rain: 0.57 ON 04/06/22
Days of Rain: 17 (>.01 in) 9 (>.1 in) 0 (>1 in)
Heat Base: 65.0 Cool Base: 65.0 Method: Integration
|