2024: Jan | Feb | Mar | Apr | May | Jun | Jul | Aug | Sep | Oct | Nov | Dec
2023: Jan | Feb | Mar | Apr | May | Jun | Jul | Aug | Sep | Oct | Nov | Dec
2022: Jan | Feb | Mar | Apr | May | Jun | Jul | Aug | Sep | Oct | Nov | Dec
2021: Jan | Feb | Mar | Apr | May | Jun | Jul | Aug | Sep | Oct | Nov | Dec
2020: Jan | Feb | Mar | Apr | May | Jun | Jul | Aug | Sep | Oct | Nov | Dec
2019: Jan | Feb | Mar | Apr | May | Jun | Jul | Aug | Sep | Oct | Nov | Dec
2018: Jan | Feb | Mar | Apr | May | Jun | Jul | Aug | Sep | Oct | Nov | Dec
2017: Jan | Feb | Mar | Apr | May | Jun | Jul | Aug | Sep | Oct | Nov | Dec
2016: Jan | Feb | Mar | Apr | May | Jun | Jul | Aug | Sep | Oct | Nov | Dec
2015: Jan | Feb | Mar | Apr | May | Jun | Jul | Aug | Sep | Oct | Nov | Dec
2014: Jan | Feb | Mar | Apr | May | Jun | Jul | Aug | Sep | Oct | Nov | Dec
2013: Jan | Feb | Mar | Apr | May | Jun | Jul | Aug | Sep | Oct | Nov | Dec
2012: Jan | Feb | Mar | Apr | May | Jun | Jul | Aug | Sep | Oct | Nov | Dec
2011: Jan | Feb | Mar | Apr | May | Jun | Jul | Aug | Sep | Oct | Nov | Dec
2010: Jan | Feb | Mar | Apr | May | Jun | Jul | Aug | Sep | Oct | Nov | Dec
2009: Jan | Feb | Mar | Apr | May | Jun | Jul | Aug | Sep | Oct | Nov | Dec
2008: Jan | Feb | Mar | Apr | May | Jun | Jul | Aug | Sep | Oct | Nov | Dec
2007: Jan | Feb | Mar | Apr | May | Jun | Jul | Aug | Sep | Oct | Nov | Dec
2006: Jan | Feb | Mar | Apr | May | Jun | Jul | Aug | Sep | Oct | Nov | Dec
2005: Jan | Feb | Mar | Apr | May | Jun | Jul | Aug | Sep | Oct | Nov | Dec
2004: Jan | Feb | Mar | Apr | May | Jun | Jul | Aug | Sep | Oct | Nov | Dec
2003: Jan | Feb | Mar | Apr | May | Jun | Jul | Aug | Sep | Oct | Nov | Dec
Report for 2022 09
MONTHLY CLIMATOLOGICAL SUMMARY for SEP. 2022
NAME: Station1 CITY: Lancaster STATE: Ohio
ELEV: 958 ft LAT: 39° 45' 15" N LONG: 82° 34' 05" W
TEMPERATURE (°F), RAIN (in), WIND SPEED (mph)
HEAT COOL AVG
MEAN DEG DEG WIND DOM
DAY TEMP HIGH TIME LOW TIME DAYS DAYS RAIN SPEED HIGH TIME DIR
------------------------------------------------------------------------------------
1 71.0 87.0 2:18p 56.3 7:11a 2.3 8.4 0.00 0.1 11.0 1:14p WSW
2 72.9 85.3 2:52p 61.5 6:43a 0.6 8.4 0.00 0.3 10.0 3:19p E
3 70.0 72.3 9:24a 67.6 6:39a 0.0 5.0 0.54 0.1 12.0 10:38a S
4 70.8 76.7 3:48p 67.4 3:33a 0.0 5.8 0.26 0.0 7.0 2:46p E
5 71.2 76.5 5:43p 68.6 11:42p 0.0 6.2 0.88 0.1 6.0 2:10p E
6 70.5 80.1 12:50p 64.8 5:02a 0.0 5.5 0.00 0.6 12.0 3:35p NNW
7 69.1 79.8 3:12p 60.4 6:34a 0.9 5.0 0.00 0.9 16.0 2:22p NW
8 67.7 83.0 4:35p 56.0 6:33a 2.8 5.5 0.00 0.1 10.0 12:03p NNE
9 70.1 83.8 4:23p 57.6 6:43a 2.1 7.3 0.00 0.2 8.0 11:14a E
10 68.5 76.8 2:00p 62.9 6:24a 0.3 3.8 0.00 0.6 9.0 11:04a E
11 68.9 75.6 5:37p 64.3 2:56a 0.1 4.0 0.31 0.1 10.0 3:47p SSW
12 67.2 74.6 4:39p 60.1 10:34p 0.6 2.9 0.01 0.8 14.0 9:36a WSW
13 61.2 68.3 4:50p 53.5 11:56p 4.1 0.3 0.00 0.5 16.0 10:37a SSW
14 62.6 79.0 3:19p 49.9 5:54a 5.8 3.4 0.00 0.1 9.0 2:24p WSW
15 66.6 83.4 4:56p 52.9 7:00a 4.0 5.6 0.00 0.1 7.0 1:36p NW
16 67.5 83.4 1:34p 54.8 7:28a 3.2 5.7 0.00 0.0 7.0 2:38p NNW
17 68.5 82.4 2:26p 55.9 7:19a 2.7 6.2 0.00 0.2 11.0 1:12p SSW
18 70.5 83.8 3:08p 58.7 4:21a 1.7 7.2 0.00 0.4 16.0 1:37p SSW
19 70.3 81.4 5:26p 62.7 3:33a 0.2 5.5 0.09 0.1 10.0 10:44a SSW
20 70.4 85.7 4:29p 56.6 7:20a 1.7 7.0 0.00 0.1 6.0 12:49p NNW
21 75.0 89.0 2:58p 61.0 2:04a 0.5 10.5 0.06 0.7 16.0 4:19p SSW
22 63.6 75.8 12:01a 48.6 11:02p 3.2 1.8 0.00 3.1 22.0 1:10p NW
23 55.3 68.9 4:40p 40.8 7:10a 10.1 0.4 0.00 0.3 11.0 1:32p NW
24 60.4 71.1 2:20p 53.5 8:29a 5.7 1.1 0.01 0.4 15.0 2:04p SSW
25 64.5 73.2 2:02p 57.3 12:21a 2.2 1.7 0.03 1.4 26.0 2:03p WSW
26 60.0 69.3 3:55p 52.6 12:00m 5.5 0.5 0.00 1.4 25.0 12:22p WSW
27 52.1 63.7 1:25p 44.3 7:33a 12.9 0.0 0.04 0.3 16.0 5:42p NW
28 49.8 59.0 12:36p 40.2 4:29a 15.1 0.0 0.00 0.3 11.0 3:47p NW
29 51.8 64.5 4:15p 42.3 1:15a 13.2 0.0 0.00 0.3 17.0 5:24p NNE
30 52.4 66.6 3:27p 40.3 5:37a 12.6 0.1 0.00 0.3 14.0 5:37p NNE
-------------------------------------------------------------------------------------
65.3 89.0 21 40.2 28 114.1 124.8 2.23 0.5 26.0 25 NW
Max >= 90.0: 0
Max <= 32.0: 0
Min <= 32.0: 0
Min <= 0.0: 0
Max Rain: 0.88 ON 09/05/22
Days of Rain: 8 (>.01 in) 4 (>.1 in) 0 (>1 in)
Heat Base: 65.0 Cool Base: 65.0 Method: Integration
|