2024: Jan | Feb | Mar | Apr | May | Jun | Jul | Aug | Sep | Oct | Nov | Dec
2023: Jan | Feb | Mar | Apr | May | Jun | Jul | Aug | Sep | Oct | Nov | Dec
2022: Jan | Feb | Mar | Apr | May | Jun | Jul | Aug | Sep | Oct | Nov | Dec
2021: Jan | Feb | Mar | Apr | May | Jun | Jul | Aug | Sep | Oct | Nov | Dec
2020: Jan | Feb | Mar | Apr | May | Jun | Jul | Aug | Sep | Oct | Nov | Dec
2019: Jan | Feb | Mar | Apr | May | Jun | Jul | Aug | Sep | Oct | Nov | Dec
2018: Jan | Feb | Mar | Apr | May | Jun | Jul | Aug | Sep | Oct | Nov | Dec
2017: Jan | Feb | Mar | Apr | May | Jun | Jul | Aug | Sep | Oct | Nov | Dec
2016: Jan | Feb | Mar | Apr | May | Jun | Jul | Aug | Sep | Oct | Nov | Dec
2015: Jan | Feb | Mar | Apr | May | Jun | Jul | Aug | Sep | Oct | Nov | Dec
2014: Jan | Feb | Mar | Apr | May | Jun | Jul | Aug | Sep | Oct | Nov | Dec
2013: Jan | Feb | Mar | Apr | May | Jun | Jul | Aug | Sep | Oct | Nov | Dec
2012: Jan | Feb | Mar | Apr | May | Jun | Jul | Aug | Sep | Oct | Nov | Dec
2011: Jan | Feb | Mar | Apr | May | Jun | Jul | Aug | Sep | Oct | Nov | Dec
2010: Jan | Feb | Mar | Apr | May | Jun | Jul | Aug | Sep | Oct | Nov | Dec
2009: Jan | Feb | Mar | Apr | May | Jun | Jul | Aug | Sep | Oct | Nov | Dec
2008: Jan | Feb | Mar | Apr | May | Jun | Jul | Aug | Sep | Oct | Nov | Dec
2007: Jan | Feb | Mar | Apr | May | Jun | Jul | Aug | Sep | Oct | Nov | Dec
2006: Jan | Feb | Mar | Apr | May | Jun | Jul | Aug | Sep | Oct | Nov | Dec
2005: Jan | Feb | Mar | Apr | May | Jun | Jul | Aug | Sep | Oct | Nov | Dec
2004: Jan | Feb | Mar | Apr | May | Jun | Jul | Aug | Sep | Oct | Nov | Dec
2003: Jan | Feb | Mar | Apr | May | Jun | Jul | Aug | Sep | Oct | Nov | Dec
Report for 2022 10
MONTHLY CLIMATOLOGICAL SUMMARY for OCT. 2022
NAME: Station1 CITY: Lancaster STATE: Ohio
ELEV: 958 ft LAT: 39° 45' 15" N LONG: 82° 34' 05" W
TEMPERATURE (°F), RAIN (in), WIND SPEED (mph)
HEAT COOL AVG
MEAN DEG DEG WIND DOM
DAY TEMP HIGH TIME LOW TIME DAYS DAYS RAIN SPEED HIGH TIME DIR
------------------------------------------------------------------------------------
1 55.1 61.0 3:46p 50.5 3:40a 9.9 0.0 0.04 1.0 18.0 2:45p NNW
2 59.1 70.4 2:21p 48.9 11:52p 6.4 0.6 0.00 1.7 19.0 12:10p NNW
3 53.4 69.1 3:29p 41.9 7:42a 12.2 0.6 0.00 0.4 16.0 1:19p NNE
4 53.5 72.0 3:30p 38.9 5:40a 12.5 1.0 0.00 0.5 14.0 1:04p NNW
5 55.4 76.0 3:24p 36.8 7:30a 12.3 2.7 0.00 0.2 8.0 12:18p NW
6 55.5 73.3 1:48p 42.6 7:32a 10.9 1.4 0.00 0.1 11.0 1:54p SSW
7 52.0 58.9 3:37p 41.6 11:58p 13.0 0.0 0.00 1.3 15.0 7:06p NW
8 43.9 58.7 3:45p 30.0 7:33a 21.1 0.0 0.00 0.4 17.0 1:40p NW
9 46.5 65.3 3:08p 30.4 7:16a 18.5 0.0 0.00 0.6 18.0 2:04p WSW
10 52.4 73.0 4:11p 34.9 4:54a 14.0 1.5 0.00 0.4 14.0 2:25p WSW
11 54.4 73.5 3:14p 38.5 7:29a 12.4 1.8 0.00 0.2 12.0 3:32p SE
12 58.8 74.4 3:44p 44.2 1:52a 7.7 1.5 0.15 1.1 25.0 5:52p SE
13 56.1 62.9 12:53a 48.2 8:22a 8.9 0.0 0.32 1.2 22.0 2:59p WSW
14 49.4 64.3 2:46p 35.5 7:25a 15.6 0.0 0.00 0.9 26.0 3:06p SW
15 52.6 61.8 4:54p 39.5 11:51p 12.4 0.0 0.00 0.9 24.0 10:02a WSW
16 52.8 69.9 4:01p 36.6 2:27a 12.8 0.6 0.00 0.7 19.0 4:17p SSW
17 45.8 56.2 12:01a 39.1 11:51p 19.2 0.0 0.00 1.6 25.0 4:26p WSW
18 39.2 44.8 1:08p 35.2 11:11p 25.7 0.0 0.08 1.5 24.0 8:01p WSW
19 39.1 45.8 5:13p 32.1 10:17p 25.9 0.0 0.09 1.7 21.0 2:15a WSW
20 42.7 54.4 2:10p 33.2 7:04a 22.3 0.0 0.00 1.4 24.0 12:44p SSW
21 49.6 68.8 2:58p 33.5 5:16a 15.8 0.5 0.00 0.8 21.0 2:08p S
22 56.6 76.5 4:17p 38.5 4:29a 10.9 2.4 0.00 0.2 14.0 12:39p S
23 59.1 77.2 3:12p 44.1 7:48a 9.2 3.2 0.00 0.1 13.0 4:48p SE
24 63.2 74.9 4:24p 47.7 12:18a 1.4 0.8 0.00 0.0 5.0 4:24p SSE
25 60.3 75.8 3:24p 45.7 6:03a 7.3 2.6 0.00 0.4 17.0 3:35p ESE
26 53.5 61.5 1:00a 47.4 11:51p 11.5 0.0 0.13 1.2 22.0 12:28p WSW
27 48.3 59.2 3:42p 40.9 11:24p 16.6 0.0 0.00 0.6 10.0 1:38a NNE
28 47.7 66.1 4:02p 37.6 5:09a 17.3 0.0 0.00 0.3 8.0 4:56p E
29 49.4 69.1 3:56p 32.1 8:06a 16.0 0.5 0.00 0.2 8.0 1:54p E
30 50.9 64.2 5:47p 37.0 6:34a 14.1 0.0 0.01 0.0 6.0 12:42p SSW
31 61.4 69.1 1:06p 56.0 3:07a 4.0 0.5 0.03 1.1 18.0 1:10p SSW
-------------------------------------------------------------------------------------
52.2 77.2 23 30.0 8 417.8 22.2 0.85 0.7 26.0 14 WSW
Max >= 90.0: 0
Max <= 32.0: 0
Min <= 32.0: 2
Min <= 0.0: 0
Max Rain: 0.32 ON 10/13/22
Days of Rain: 7 (>.01 in) 3 (>.1 in) 0 (>1 in)
Heat Base: 65.0 Cool Base: 65.0 Method: Integration
|